216.106.186.108 - - [09/Sep/2026:08:20:32 -0600] "GET /wp-admin/index.php HTTP/1.1" 302 - "https://nrfwomencouncil.org/wp-login.php" "Mozilla/5.0 (X11; Linux x86_64) AppleWebKit/537.36 (KHTML, like Gecko) Chrome/121.0.0.0 Safari/537.36"
34.35.153.171 - - [09/Sep/2026:08:20:33 -0600] "GET /public_html/phpinfo.php HTTP/1.1" 404 38097 "-" "Mozilla/5.0 (Windows NT 10.0; Win64; x64) AppleWebKit/537.36 (KHTML, like Gecko) Chrome/131.0.0.0 Safari/537.36"
216.106.186.108 - - [09/Sep/2026:08:20:34 -0600] "GET /wp-login.php?redirect_to=https%3A%2F%2Fnrfwomencouncil.org%2Fwp-admin%2Findex.php&reauth=1 HTTP/1.1" 200 8479 "https://nrfwomencouncil.org/wp-login.php" "Mozilla/5.0 (X11; Linux x86_64) AppleWebKit/537.36 (KHTML, like Gecko) Chrome/121.0.0.0 Safari/537.36"
34.35.153.171 - - [09/Sep/2026:08:20:35 -0600] "GET /site/phpinfo.php HTTP/1.1" 404 38097 "-" "Mozilla/5.0 (Windows NT 10.0; Win64; x64) AppleWebKit/537.36 (KHTML, like Gecko) Chrome/131.0.0.0 Safari/537.36"
216.106.186.108 - - [09/Sep/2026:08:20:35 -0600] "POST /wp-login.php HTTP/1.1" 200 8737 "https://nrfwomencouncil.org/wp-login.php" "Mozilla/5.0 (X11; Ubuntu; Linux x86_64) AppleWebKit/537.36 (KHTML, like Gecko) Chrome/118.0.0.0 Safari/537.36"
216.106.186.108 - - [09/Sep/2026:08:20:37 -0600] "GET /wp-admin/index.php HTTP/1.1" 302 - "https://nrfwomencouncil.org/wp-login.php" "Mozilla/5.0 (Windows NT 10.0; Win64; x64) AppleWebKit/537.36 (KHTML, like Gecko) Chrome/118.0.0.0 Safari/537.36"
34.35.153.171 - - [09/Sep/2026:08:20:38 -0600] "GET /docs/phpinfo.php HTTP/1.1" 404 38097 "-" "Mozilla/5.0 (Windows NT 10.0; Win64; x64) AppleWebKit/537.36 (KHTML, like Gecko) Chrome/131.0.0.0 Safari/537.36"
216.106.186.108 - - [09/Sep/2026:08:20:39 -0600] "GET /wp-login.php?redirect_to=https%3A%2F%2Fnrfwomencouncil.org%2Fwp-admin%2Findex.php&reauth=1 HTTP/1.1" 200 8479 "https://nrfwomencouncil.org/wp-login.php" "Mozilla/5.0 (Windows NT 10.0; Win64; x64) AppleWebKit/537.36 (KHTML, like Gecko) Chrome/118.0.0.0 Safari/537.36"
34.35.153.171 - - [09/Sep/2026:08:20:40 -0600] "GET /wp-admin/phpinfo.php HTTP/1.1" 404 38097 "-" "Mozilla/5.0 (Windows NT 10.0; Win64; x64) AppleWebKit/537.36 (KHTML, like Gecko) Chrome/131.0.0.0 Safari/537.36"
216.106.186.108 - - [09/Sep/2026:08:20:41 -0600] "POST /wp-login.php HTTP/1.1" 200 8736 "https://nrfwomencouncil.org/wp-login.php" "Mozilla/5.0 (Windows NT 10.0; Win64; x64; rv:120.0) Gecko/20100101 Firefox/120.0"
216.106.186.108 - - [09/Sep/2026:08:20:42 -0600] "GET /wp-admin/index.php HTTP/1.1" 302 - "https://nrfwomencouncil.org/wp-login.php" "Mozilla/5.0 (X11; Ubuntu; Linux x86_64) AppleWebKit/537.36 (KHTML, like Gecko) Chrome/120.0.0.0 Safari/537.36"
34.35.153.171 - - [09/Sep/2026:08:20:43 -0600] "GET /administrator/phpinfo.php HTTP/1.1" 404 38097 "-" "Mozilla/5.0 (Windows NT 10.0; Win64; x64) AppleWebKit/537.36 (KHTML, like Gecko) Chrome/131.0.0.0 Safari/537.36"
216.106.186.108 - - [09/Sep/2026:08:20:44 -0600] "GET /wp-login.php?redirect_to=https%3A%2F%2Fnrfwomencouncil.org%2Fwp-admin%2Findex.php&reauth=1 HTTP/1.1" 200 8479 "https://nrfwomencouncil.org/wp-login.php" "Mozilla/5.0 (X11; Ubuntu; Linux x86_64) AppleWebKit/537.36 (KHTML, like Gecko) Chrome/120.0.0.0 Safari/537.36"
34.35.153.171 - - [09/Sep/2026:08:20:45 -0600] "GET /core/phpinfo.php HTTP/1.1" 404 38097 "-" "Mozilla/5.0 (Windows NT 10.0; Win64; x64) AppleWebKit/537.36 (KHTML, like Gecko) Chrome/131.0.0.0 Safari/537.36"
216.106.186.108 - - [09/Sep/2026:08:20:45 -0600] "POST /wp-login.php HTTP/1.1" 200 8743 "https://nrfwomencouncil.org/wp-login.php" "Mozilla/5.0 (Macintosh; Intel Mac OS X 10_15_7) AppleWebKit/537.36 (KHTML, like Gecko) Chrome/120.0.0.0 Safari/537.36"
216.106.186.108 - - [09/Sep/2026:08:20:47 -0600] "GET /wp-admin/index.php HTTP/1.1" 302 - "https://nrfwomencouncil.org/wp-login.php" "Mozilla/5.0 (X11; Linux x86_64) AppleWebKit/537.36 (KHTML, like Gecko) Chrome/121.0.0.0 Safari/537.36"
34.35.153.171 - - [09/Sep/2026:08:20:48 -0600] "GET /includes/phpinfo.php HTTP/1.1" 404 38097 "-" "Mozilla/5.0 (Windows NT 10.0; Win64; x64) AppleWebKit/537.36 (KHTML, like Gecko) Chrome/131.0.0.0 Safari/537.36"
216.106.186.108 - - [09/Sep/2026:08:20:49 -0600] "GET /wp-login.php?redirect_to=https%3A%2F%2Fnrfwomencouncil.org%2Fwp-admin%2Findex.php&reauth=1 HTTP/1.1" 200 8479 "https://nrfwomencouncil.org/wp-login.php" "Mozilla/5.0 (X11; Linux x86_64) AppleWebKit/537.36 (KHTML, like Gecko) Chrome/121.0.0.0 Safari/537.36"
216.106.186.108 - - [09/Sep/2026:08:20:50 -0600] "POST /wp-login.php HTTP/1.1" 200 8740 "https://nrfwomencouncil.org/wp-login.php" "Mozilla/5.0 (Macintosh; Intel Mac OS X 13_6_1) AppleWebKit/605.1.15 (KHTML, like Gecko) Version/17.2 Safari/605.1.15"
34.35.153.171 - - [09/Sep/2026:08:20:51 -0600] "GET /service-account.json HTTP/1.1" 404 38097 "-" "Mozilla/5.0 (Windows NT 10.0; Win64; x64) AppleWebKit/537.36 (KHTML, like Gecko) Chrome/131.0.0.0 Safari/537.36"
216.106.186.108 - - [09/Sep/2026:08:20:52 -0600] "GET /wp-admin/index.php HTTP/1.1" 302 - "https://nrfwomencouncil.org/wp-login.php" "Mozilla/5.0 (Macintosh; Intel Mac OS X 10_15_7) AppleWebKit/537.36 (KHTML, like Gecko) Chrome/118.0.0.0 Safari/537.36"
216.106.186.108 - - [09/Sep/2026:08:20:53 -0600] "GET /wp-login.php?redirect_to=https%3A%2F%2Fnrfwomencouncil.org%2Fwp-admin%2Findex.php&reauth=1 HTTP/1.1" 200 8479 "https://nrfwomencouncil.org/wp-login.php" "Mozilla/5.0 (Macintosh; Intel Mac OS X 10_15_7) AppleWebKit/537.36 (KHTML, like Gecko) Chrome/118.0.0.0 Safari/537.36"
34.35.153.171 - - [09/Sep/2026:08:20:53 -0600] "GET /sa.json HTTP/1.1" 404 38097 "-" "Mozilla/5.0 (Windows NT 10.0; Win64; x64) AppleWebKit/537.36 (KHTML, like Gecko) Chrome/131.0.0.0 Safari/537.36"
216.106.186.108 - - [09/Sep/2026:08:20:55 -0600] "POST /wp-login.php HTTP/1.1" 200 8735 "https://nrfwomencouncil.org/wp-login.php" "Mozilla/5.0 (Macintosh; Intel Mac OS X 13_6_1) AppleWebKit/605.1.15 (KHTML, like Gecko) Version/17.2 Safari/605.1.15"
216.106.186.108 - - [09/Sep/2026:08:20:56 -0600] "GET /wp-admin/index.php HTTP/1.1" 302 - "https://nrfwomencouncil.org/wp-login.php" "Mozilla/5.0 (Windows NT 11.0; Win64; x64) AppleWebKit/537.36 (KHTML, like Gecko) Chrome/121.0.0.0 Safari/537.36"
34.35.153.171 - - [09/Sep/2026:08:20:56 -0600] "GET /gcp-key.json HTTP/1.1" 404 38097 "-" "Mozilla/5.0 (Windows NT 10.0; Win64; x64) AppleWebKit/537.36 (KHTML, like Gecko) Chrome/131.0.0.0 Safari/537.36"
162.240.68.55 - - [09/Sep/2026:08:20:58 -0600] "POST /wp-cron.php?doing_wp_cron=1788963658.3320229053497314453125 HTTP/1.1" 200 - "-" "WordPress/7.1; https://nrfwomencouncil.org"
216.106.186.108 - - [09/Sep/2026:08:20:58 -0600] "GET /wp-login.php?redirect_to=https%3A%2F%2Fnrfwomencouncil.org%2Fwp-admin%2Findex.php&reauth=1 HTTP/1.1" 200 8479 "https://nrfwomencouncil.org/wp-login.php" "Mozilla/5.0 (Windows NT 11.0; Win64; x64) AppleWebKit/537.36 (KHTML, like Gecko) Chrome/121.0.0.0 Safari/537.36"
34.35.153.171 - - [09/Sep/2026:08:20:59 -0600] "GET /gcp-credentials.json HTTP/1.1" 404 38097 "-" "Mozilla/5.0 (Windows NT 10.0; Win64; x64) AppleWebKit/537.36 (KHTML, like Gecko) Chrome/131.0.0.0 Safari/537.36"
216.106.186.108 - - [09/Sep/2026:08:21:01 -0600] "POST /wp-login.php HTTP/1.1" 200 8735 "https://nrfwomencouncil.org/wp-login.php" "Mozilla/5.0 (Macintosh; Intel Mac OS X 13_6_1) AppleWebKit/605.1.15 (KHTML, like Gecko) Version/17.2 Safari/605.1.15"
216.106.186.108 - - [09/Sep/2026:08:21:02 -0600] "GET /wp-admin/index.php HTTP/1.1" 302 - "https://nrfwomencouncil.org/wp-login.php" "Mozilla/5.0 (Macintosh; Intel Mac OS X 13_6_1; rv:118.0) Gecko/20100101 Firefox/118.0"
34.35.153.171 - - [09/Sep/2026:08:21:02 -0600] "GET /gcp-sa.json HTTP/1.1" 404 38097 "-" "Mozilla/5.0 (Windows NT 10.0; Win64; x64) AppleWebKit/537.36 (KHTML, like Gecko) Chrome/131.0.0.0 Safari/537.36"
216.106.186.108 - - [09/Sep/2026:08:21:04 -0600] "GET /wp-login.php?redirect_to=https%3A%2F%2Fnrfwomencouncil.org%2Fwp-admin%2Findex.php&reauth=1 HTTP/1.1" 200 8479 "https://nrfwomencouncil.org/wp-login.php" "Mozilla/5.0 (Macintosh; Intel Mac OS X 13_6_1; rv:118.0) Gecko/20100101 Firefox/118.0"
34.35.153.171 - - [09/Sep/2026:08:21:05 -0600] "GET /credentials.json HTTP/1.1" 404 38097 "-" "Mozilla/5.0 (Windows NT 10.0; Win64; x64) AppleWebKit/537.36 (KHTML, like Gecko) Chrome/131.0.0.0 Safari/537.36"
216.106.186.108 - - [09/Sep/2026:08:21:06 -0600] "POST /wp-login.php HTTP/1.1" 200 8739 "https://nrfwomencouncil.org/wp-login.php" "Mozilla/5.0 (Macintosh; Intel Mac OS X 13_6_1; rv:118.0) Gecko/20100101 Firefox/118.0"
34.35.153.171 - - [09/Sep/2026:08:21:07 -0600] "GET /google-credentials.json HTTP/1.1" 404 38097 "-" "Mozilla/5.0 (Windows NT 10.0; Win64; x64) AppleWebKit/537.36 (KHTML, like Gecko) Chrome/131.0.0.0 Safari/537.36"
216.106.186.108 - - [09/Sep/2026:08:21:08 -0600] "GET /wp-admin/index.php HTTP/1.1" 302 - "https://nrfwomencouncil.org/wp-login.php" "Mozilla/5.0 (Windows NT 11.0; Win64; x64; rv:118.0) Gecko/20100101 Firefox/118.0"
216.106.186.108 - - [09/Sep/2026:08:21:09 -0600] "GET /wp-login.php?redirect_to=https%3A%2F%2Fnrfwomencouncil.org%2Fwp-admin%2Findex.php&reauth=1 HTTP/1.1" 200 8479 "https://nrfwomencouncil.org/wp-login.php" "Mozilla/5.0 (Windows NT 11.0; Win64; x64; rv:118.0) Gecko/20100101 Firefox/118.0"
34.35.153.171 - - [09/Sep/2026:08:21:09 -0600] "GET /google-key.json HTTP/1.1" 404 38097 "-" "Mozilla/5.0 (Windows NT 10.0; Win64; x64) AppleWebKit/537.36 (KHTML, like Gecko) Chrome/131.0.0.0 Safari/537.36"
216.106.186.108 - - [09/Sep/2026:08:21:11 -0600] "POST /wp-login.php HTTP/1.1" 200 8737 "https://nrfwomencouncil.org/wp-login.php" "Mozilla/5.0 (Windows NT 11.0; Win64; x64) AppleWebKit/537.36 (KHTML, like Gecko) Chrome/118.0.0.0 Safari/537.36"
216.106.186.108 - - [09/Sep/2026:08:21:12 -0600] "GET /wp-admin/index.php HTTP/1.1" 302 - "https://nrfwomencouncil.org/wp-login.php" "Mozilla/5.0 (Macintosh; Intel Mac OS X 10_15_7) AppleWebKit/537.36 (KHTML, like Gecko) Chrome/121.0.0.0 Safari/537.36"
34.35.153.171 - - [09/Sep/2026:08:21:12 -0600] "GET /.config/gcloud/application_default_credentials.json HTTP/1.1" 404 38097 "-" "Mozilla/5.0 (Windows NT 10.0; Win64; x64) AppleWebKit/537.36 (KHTML, like Gecko) Chrome/131.0.0.0 Safari/537.36"
216.106.186.108 - - [09/Sep/2026:08:21:14 -0600] "GET /wp-login.php?redirect_to=https%3A%2F%2Fnrfwomencouncil.org%2Fwp-admin%2Findex.php&reauth=1 HTTP/1.1" 200 8479 "https://nrfwomencouncil.org/wp-login.php" "Mozilla/5.0 (Macintosh; Intel Mac OS X 10_15_7) AppleWebKit/537.36 (KHTML, like Gecko) Chrome/121.0.0.0 Safari/537.36"
34.35.153.171 - - [09/Sep/2026:08:21:15 -0600] "GET /application_default_credentials.json HTTP/1.1" 404 38097 "-" "Mozilla/5.0 (Windows NT 10.0; Win64; x64) AppleWebKit/537.36 (KHTML, like Gecko) Chrome/131.0.0.0 Safari/537.36"
216.106.186.108 - - [09/Sep/2026:08:21:15 -0600] "POST /wp-login.php HTTP/1.1" 200 8743 "https://nrfwomencouncil.org/wp-login.php" "Mozilla/5.0 (Macintosh; Intel Mac OS X 10_15_7) AppleWebKit/605.1.15 (KHTML, like Gecko) Version/16.6 Safari/605.1.15"
216.106.186.108 - - [09/Sep/2026:08:21:17 -0600] "GET /wp-admin/index.php HTTP/1.1" 302 - "https://nrfwomencouncil.org/wp-login.php" "Mozilla/5.0 (Macintosh; Intel Mac OS X 13_6_1) AppleWebKit/537.36 (KHTML, like Gecko) Chrome/119.0.0.0 Safari/537.36"
34.35.153.171 - - [09/Sep/2026:08:21:17 -0600] "GET /key.json HTTP/1.1" 404 38097 "-" "Mozilla/5.0 (Windows NT 10.0; Win64; x64) AppleWebKit/537.36 (KHTML, like Gecko) Chrome/131.0.0.0 Safari/537.36"
216.106.186.108 - - [09/Sep/2026:08:21:18 -0600] "GET /wp-login.php?redirect_to=https%3A%2F%2Fnrfwomencouncil.org%2Fwp-admin%2Findex.php&reauth=1 HTTP/1.1" 200 8479 "https://nrfwomencouncil.org/wp-login.php" "Mozilla/5.0 (Macintosh; Intel Mac OS X 13_6_1) AppleWebKit/537.36 (KHTML, like Gecko) Chrome/119.0.0.0 Safari/537.36"
34.35.153.171 - - [09/Sep/2026:08:21:19 -0600] "GET /keyfile.json HTTP/1.1" 404 38097 "-" "Mozilla/5.0 (Windows NT 10.0; Win64; x64) AppleWebKit/537.36 (KHTML, like Gecko) Chrome/131.0.0.0 Safari/537.36"
216.106.186.108 - - [09/Sep/2026:08:21:20 -0600] "POST /wp-login.php HTTP/1.1" 200 8734 "https://nrfwomencouncil.org/wp-login.php" "Mozilla/5.0 (Macintosh; Intel Mac OS X 10_15_7) AppleWebKit/605.1.15 (KHTML, like Gecko) Version/17.0 Safari/605.1.15"
216.106.186.108 - - [09/Sep/2026:08:21:22 -0600] "GET /wp-admin/index.php HTTP/1.1" 302 - "https://nrfwomencouncil.org/wp-login.php" "Mozilla/5.0 (X11; Ubuntu; Linux x86_64) AppleWebKit/537.36 (KHTML, like Gecko) Chrome/120.0.0.0 Safari/537.36"
34.35.153.171 - - [09/Sep/2026:08:21:21 -0600] "GET /firebase-adminsdk.json HTTP/1.1" 404 38097 "-" "Mozilla/5.0 (Windows NT 10.0; Win64; x64) AppleWebKit/537.36 (KHTML, like Gecko) Chrome/131.0.0.0 Safari/537.36"
216.106.186.108 - - [09/Sep/2026:08:21:23 -0600] "GET /wp-login.php?redirect_to=https%3A%2F%2Fnrfwomencouncil.org%2Fwp-admin%2Findex.php&reauth=1 HTTP/1.1" 200 8479 "https://nrfwomencouncil.org/wp-login.php" "Mozilla/5.0 (X11; Ubuntu; Linux x86_64) AppleWebKit/537.36 (KHTML, like Gecko) Chrome/120.0.0.0 Safari/537.36"
34.35.153.171 - - [09/Sep/2026:08:21:24 -0600] "GET /firebase-key.json HTTP/1.1" 404 38097 "-" "Mozilla/5.0 (Windows NT 10.0; Win64; x64) AppleWebKit/537.36 (KHTML, like Gecko) Chrome/131.0.0.0 Safari/537.36"
216.106.186.108 - - [09/Sep/2026:08:21:25 -0600] "POST /wp-login.php HTTP/1.1" 200 8735 "https://nrfwomencouncil.org/wp-login.php" "Mozilla/5.0 (Macintosh; Intel Mac OS X 13_6_1) AppleWebKit/605.1.15 (KHTML, like Gecko) Version/16.6 Safari/605.1.15"
216.106.186.108 - - [09/Sep/2026:08:21:26 -0600] "GET /wp-admin/index.php HTTP/1.1" 302 - "https://nrfwomencouncil.org/wp-login.php" "Mozilla/5.0 (Macintosh; Intel Mac OS X 10_15_7; rv:121.0) Gecko/20100101 Firefox/121.0"
216.106.186.108 - - [09/Sep/2026:08:21:28 -0600] "GET /wp-login.php?redirect_to=https%3A%2F%2Fnrfwomencouncil.org%2Fwp-admin%2Findex.php&reauth=1 HTTP/1.1" 200 8479 "https://nrfwomencouncil.org/wp-login.php" "Mozilla/5.0 (Macintosh; Intel Mac OS X 10_15_7; rv:121.0) Gecko/20100101 Firefox/121.0"
34.35.153.171 - - [09/Sep/2026:08:21:27 -0600] "GET / HTTP/1.1" 200 63079 "-" "Mozilla/5.0 (Macintosh; Intel Mac OS X 10_15_7) AppleWebKit/537.36 (KHTML, like Gecko) Chrome/131.0.0.0 Safari/537.36"
216.106.186.108 - - [09/Sep/2026:08:21:29 -0600] "POST /wp-login.php HTTP/1.1" 200 8616 "https://nrfwomencouncil.org/wp-login.php" "Mozilla/5.0 (X11; Linux x86_64) AppleWebKit/537.36 (KHTML, like Gecko) Chrome/121.0.0.0 Safari/537.36"
216.106.186.108 - - [09/Sep/2026:08:21:31 -0600] "GET /wp-admin/index.php HTTP/1.1" 302 - "https://nrfwomencouncil.org/wp-login.php" "Mozilla/5.0 (Macintosh; Intel Mac OS X 13_6_1) AppleWebKit/537.36 (KHTML, like Gecko) Chrome/118.0.0.0 Safari/537.36"
216.106.186.108 - - [09/Sep/2026:08:21:32 -0600] "GET /wp-login.php?redirect_to=https%3A%2F%2Fnrfwomencouncil.org%2Fwp-admin%2Findex.php&reauth=1 HTTP/1.1" 200 8479 "https://nrfwomencouncil.org/wp-login.php" "Mozilla/5.0 (Macintosh; Intel Mac OS X 13_6_1) AppleWebKit/537.36 (KHTML, like Gecko) Chrome/118.0.0.0 Safari/537.36"
216.106.186.108 - - [09/Sep/2026:08:21:33 -0600] "POST /wp-login.php HTTP/1.1" 200 8731 "https://nrfwomencouncil.org/wp-login.php" "Mozilla/5.0 (Windows NT 10.0; Win64; x64; rv:121.0) Gecko/20100101 Firefox/121.0"
216.106.186.108 - - [09/Sep/2026:08:21:34 -0600] "GET /wp-admin/index.php HTTP/1.1" 302 - "https://nrfwomencouncil.org/wp-login.php" "Mozilla/5.0 (Macintosh; Intel Mac OS X 10_15_7) AppleWebKit/537.36 (KHTML, like Gecko) Chrome/120.0.0.0 Safari/537.36"
216.106.186.108 - - [09/Sep/2026:08:21:36 -0600] "GET /wp-login.php?redirect_to=https%3A%2F%2Fnrfwomencouncil.org%2Fwp-admin%2Findex.php&reauth=1 HTTP/1.1" 200 8479 "https://nrfwomencouncil.org/wp-login.php" "Mozilla/5.0 (Macintosh; Intel Mac OS X 10_15_7) AppleWebKit/537.36 (KHTML, like Gecko) Chrome/120.0.0.0 Safari/537.36"
216.106.186.108 - - [09/Sep/2026:08:21:37 -0600] "POST /wp-login.php HTTP/1.1" 200 8733 "https://nrfwomencouncil.org/wp-login.php" "Mozilla/5.0 (Windows NT 11.0; Win64; x64; rv:118.0) Gecko/20100101 Firefox/118.0"
216.106.186.108 - - [09/Sep/2026:08:21:39 -0600] "GET /wp-admin/index.php HTTP/1.1" 302 - "https://nrfwomencouncil.org/wp-login.php" "Mozilla/5.0 (Macintosh; Intel Mac OS X 10_15_7) AppleWebKit/605.1.15 (KHTML, like Gecko) Version/16.6 Safari/605.1.15"
216.106.186.108 - - [09/Sep/2026:08:21:40 -0600] "GET /wp-login.php?redirect_to=https%3A%2F%2Fnrfwomencouncil.org%2Fwp-admin%2Findex.php&reauth=1 HTTP/1.1" 200 8479 "https://nrfwomencouncil.org/wp-login.php" "Mozilla/5.0 (Macintosh; Intel Mac OS X 10_15_7) AppleWebKit/605.1.15 (KHTML, like Gecko) Version/16.6 Safari/605.1.15"
216.106.186.108 - - [09/Sep/2026:08:21:41 -0600] "POST /wp-login.php HTTP/1.1" 200 8734 "https://nrfwomencouncil.org/wp-login.php" "Mozilla/5.0 (Macintosh; Intel Mac OS X 10_15_7) AppleWebKit/537.36 (KHTML, like Gecko) Chrome/120.0.0.0 Safari/537.36"
216.106.186.108 - - [09/Sep/2026:08:21:43 -0600] "GET /wp-admin/index.php HTTP/1.1" 302 - "https://nrfwomencouncil.org/wp-login.php" "Mozilla/5.0 (Macintosh; Intel Mac OS X 13_6_1) AppleWebKit/537.36 (KHTML, like Gecko) Chrome/121.0.0.0 Safari/537.36"
216.106.186.108 - - [09/Sep/2026:08:21:44 -0600] "GET /wp-login.php?redirect_to=https%3A%2F%2Fnrfwomencouncil.org%2Fwp-admin%2Findex.php&reauth=1 HTTP/1.1" 200 8479 "https://nrfwomencouncil.org/wp-login.php" "Mozilla/5.0 (Macintosh; Intel Mac OS X 13_6_1) AppleWebKit/537.36 (KHTML, like Gecko) Chrome/121.0.0.0 Safari/537.36"
216.106.186.108 - - [09/Sep/2026:08:21:45 -0600] "POST /wp-login.php HTTP/1.1" 200 8616 "https://nrfwomencouncil.org/wp-login.php" "Mozilla/5.0 (Windows NT 11.0; Win64; x64; rv:118.0) Gecko/20100101 Firefox/118.0"
216.106.186.108 - - [09/Sep/2026:08:21:47 -0600] "GET /wp-admin/index.php HTTP/1.1" 302 - "https://nrfwomencouncil.org/wp-login.php" "Mozilla/5.0 (Windows NT 11.0; Win64; x64) AppleWebKit/537.36 (KHTML, like Gecko) Chrome/121.0.0.0 Safari/537.36"
216.106.186.108 - - [09/Sep/2026:08:21:48 -0600] "GET /wp-login.php?redirect_to=https%3A%2F%2Fnrfwomencouncil.org%2Fwp-admin%2Findex.php&reauth=1 HTTP/1.1" 200 8479 "https://nrfwomencouncil.org/wp-login.php" "Mozilla/5.0 (Windows NT 11.0; Win64; x64) AppleWebKit/537.36 (KHTML, like Gecko) Chrome/121.0.0.0 Safari/537.36"
216.106.186.108 - - [09/Sep/2026:08:21:50 -0600] "POST /wp-login.php HTTP/1.1" 200 8616 "https://nrfwomencouncil.org/wp-login.php" "Mozilla/5.0 (Macintosh; Intel Mac OS X 13_6_1) AppleWebKit/605.1.15 (KHTML, like Gecko) Version/17.0 Safari/605.1.15"
216.106.186.108 - - [09/Sep/2026:08:21:52 -0600] "GET /wp-admin/index.php HTTP/1.1" 302 - "https://nrfwomencouncil.org/wp-login.php" "Mozilla/5.0 (Macintosh; Intel Mac OS X 10_15_7) AppleWebKit/605.1.15 (KHTML, like Gecko) Version/17.0 Safari/605.1.15"
216.106.186.108 - - [09/Sep/2026:08:21:54 -0600] "GET /wp-login.php?redirect_to=https%3A%2F%2Fnrfwomencouncil.org%2Fwp-admin%2Findex.php&reauth=1 HTTP/1.1" 200 8479 "https://nrfwomencouncil.org/wp-login.php" "Mozilla/5.0 (Macintosh; Intel Mac OS X 10_15_7) AppleWebKit/605.1.15 (KHTML, like Gecko) Version/17.0 Safari/605.1.15"
216.106.186.108 - - [09/Sep/2026:08:21:56 -0600] "POST /wp-login.php HTTP/1.1" 200 8740 "https://nrfwomencouncil.org/wp-login.php" "Mozilla/5.0 (X11; Linux x86_64) AppleWebKit/537.36 (KHTML, like Gecko) Chrome/118.0.0.0 Safari/537.36"
162.240.68.55 - - [09/Sep/2026:08:21:57 -0600] "POST /wp-cron.php?doing_wp_cron=1788963717.1998319625854492187500 HTTP/1.1" 200 - "-" "WordPress/7.1; https://nrfwomencouncil.org"
216.106.186.108 - - [09/Sep/2026:08:21:58 -0600] "GET /wp-admin/index.php HTTP/1.1" 302 - "https://nrfwomencouncil.org/wp-login.php" "Mozilla/5.0 (X11; Ubuntu; Linux x86_64) AppleWebKit/537.36 (KHTML, like Gecko) Chrome/118.0.0.0 Safari/537.36"
216.106.186.108 - - [09/Sep/2026:08:22:00 -0600] "GET /wp-login.php?redirect_to=https%3A%2F%2Fnrfwomencouncil.org%2Fwp-admin%2Findex.php&reauth=1 HTTP/1.1" 200 8479 "https://nrfwomencouncil.org/wp-login.php" "Mozilla/5.0 (X11; Ubuntu; Linux x86_64) AppleWebKit/537.36 (KHTML, like Gecko) Chrome/118.0.0.0 Safari/537.36"
216.106.186.108 - - [09/Sep/2026:08:22:01 -0600] "POST /wp-login.php HTTP/1.1" 200 8775 "https://nrfwomencouncil.org/wp-login.php" "Mozilla/5.0 (Macintosh; Intel Mac OS X 10_15_7) AppleWebKit/537.36 (KHTML, like Gecko) Chrome/118.0.0.0 Safari/537.36"
216.106.186.108 - - [09/Sep/2026:08:22:02 -0600] "GET /wp-admin/index.php HTTP/1.1" 302 - "https://nrfwomencouncil.org/wp-login.php" "Mozilla/5.0 (Macintosh; Intel Mac OS X 13_6_1) AppleWebKit/605.1.15 (KHTML, like Gecko) Version/16.6 Safari/605.1.15"
216.106.186.108 - - [09/Sep/2026:08:22:04 -0600] "GET /wp-login.php?redirect_to=https%3A%2F%2Fnrfwomencouncil.org%2Fwp-admin%2Findex.php&reauth=1 HTTP/1.1" 200 8479 "https://nrfwomencouncil.org/wp-login.php" "Mozilla/5.0 (Macintosh; Intel Mac OS X 13_6_1) AppleWebKit/605.1.15 (KHTML, like Gecko) Version/16.6 Safari/605.1.15"
216.106.186.108 - - [09/Sep/2026:08:22:05 -0600] "POST /wp-login.php HTTP/1.1" 200 8775 "https://nrfwomencouncil.org/wp-login.php" "Mozilla/5.0 (Windows NT 10.0; Win64; x64; rv:120.0) Gecko/20100101 Firefox/120.0"
216.106.186.108 - - [09/Sep/2026:08:22:06 -0600] "GET /wp-admin/index.php HTTP/1.1" 302 - "https://nrfwomencouncil.org/wp-login.php" "Mozilla/5.0 (Macintosh; Intel Mac OS X 10_15_7) AppleWebKit/537.36 (KHTML, like Gecko) Chrome/118.0.0.0 Safari/537.36"
216.106.186.108 - - [09/Sep/2026:08:22:08 -0600] "GET /wp-login.php?redirect_to=https%3A%2F%2Fnrfwomencouncil.org%2Fwp-admin%2Findex.php&reauth=1 HTTP/1.1" 200 8479 "https://nrfwomencouncil.org/wp-login.php" "Mozilla/5.0 (Macintosh; Intel Mac OS X 10_15_7) AppleWebKit/537.36 (KHTML, like Gecko) Chrome/118.0.0.0 Safari/537.36"
216.106.186.108 - - [09/Sep/2026:08:22:08 -0600] "POST /wp-login.php HTTP/1.1" 200 8773 "https://nrfwomencouncil.org/wp-login.php" "Mozilla/5.0 (Macintosh; Intel Mac OS X 10_15_7; rv:118.0) Gecko/20100101 Firefox/118.0"
216.106.186.108 - - [09/Sep/2026:08:22:10 -0600] "GET /wp-admin/index.php HTTP/1.1" 302 - "https://nrfwomencouncil.org/wp-login.php" "Mozilla/5.0 (Windows NT 10.0; Win64; x64; rv:121.0) Gecko/20100101 Firefox/121.0"
216.106.186.108 - - [09/Sep/2026:08:22:11 -0600] "GET /wp-login.php?redirect_to=https%3A%2F%2Fnrfwomencouncil.org%2Fwp-admin%2Findex.php&reauth=1 HTTP/1.1" 200 8479 "https://nrfwomencouncil.org/wp-login.php" "Mozilla/5.0 (Windows NT 10.0; Win64; x64; rv:121.0) Gecko/20100101 Firefox/121.0"
216.106.186.108 - - [09/Sep/2026:08:22:12 -0600] "POST /wp-login.php HTTP/1.1" 200 8773 "https://nrfwomencouncil.org/wp-login.php" "Mozilla/5.0 (Macintosh; Intel Mac OS X 10_15_7) AppleWebKit/537.36 (KHTML, like Gecko) Chrome/120.0.0.0 Safari/537.36"
216.106.186.108 - - [09/Sep/2026:08:22:14 -0600] "GET /wp-admin/index.php HTTP/1.1" 302 - "https://nrfwomencouncil.org/wp-login.php" "Mozilla/5.0 (X11; Ubuntu; Linux x86_64) AppleWebKit/537.36 (KHTML, like Gecko) Chrome/119.0.0.0 Safari/537.36"
216.106.186.108 - - [09/Sep/2026:08:22:15 -0600] "GET /wp-login.php?redirect_to=https%3A%2F%2Fnrfwomencouncil.org%2Fwp-admin%2Findex.php&reauth=1 HTTP/1.1" 200 8479 "https://nrfwomencouncil.org/wp-login.php" "Mozilla/5.0 (X11; Ubuntu; Linux x86_64) AppleWebKit/537.36 (KHTML, like Gecko) Chrome/119.0.0.0 Safari/537.36"
216.106.186.108 - - [09/Sep/2026:08:22:16 -0600] "POST /wp-login.php HTTP/1.1" 200 8773 "https://nrfwomencouncil.org/wp-login.php" "Mozilla/5.0 (Macintosh; Intel Mac OS X 13_6_1; rv:121.0) Gecko/20100101 Firefox/121.0"
216.106.186.108 - - [09/Sep/2026:08:22:17 -0600] "GET /wp-admin/index.php HTTP/1.1" 302 - "https://nrfwomencouncil.org/wp-login.php" "Mozilla/5.0 (Windows NT 11.0; Win64; x64; rv:121.0) Gecko/20100101 Firefox/121.0"
216.106.186.108 - - [09/Sep/2026:08:22:19 -0600] "GET /wp-login.php?redirect_to=https%3A%2F%2Fnrfwomencouncil.org%2Fwp-admin%2Findex.php&reauth=1 HTTP/1.1" 200 8479 "https://nrfwomencouncil.org/wp-login.php" "Mozilla/5.0 (Windows NT 11.0; Win64; x64; rv:121.0) Gecko/20100101 Firefox/121.0"
216.106.186.108 - - [09/Sep/2026:08:22:20 -0600] "POST /wp-login.php HTTP/1.1" 200 8773 "https://nrfwomencouncil.org/wp-login.php" "Mozilla/5.0 (Macintosh; Intel Mac OS X 10_15_7) AppleWebKit/537.36 (KHTML, like Gecko) Chrome/119.0.0.0 Safari/537.36"
216.106.186.108 - - [09/Sep/2026:08:22:22 -0600] "GET /wp-admin/index.php HTTP/1.1" 302 - "https://nrfwomencouncil.org/wp-login.php" "Mozilla/5.0 (X11; Ubuntu; Linux x86_64) AppleWebKit/537.36 (KHTML, like Gecko) Chrome/121.0.0.0 Safari/537.36"
216.106.186.108 - - [09/Sep/2026:08:22:23 -0600] "GET /wp-login.php?redirect_to=https%3A%2F%2Fnrfwomencouncil.org%2Fwp-admin%2Findex.php&reauth=1 HTTP/1.1" 200 8479 "https://nrfwomencouncil.org/wp-login.php" "Mozilla/5.0 (X11; Ubuntu; Linux x86_64) AppleWebKit/537.36 (KHTML, like Gecko) Chrome/121.0.0.0 Safari/537.36"
216.106.186.108 - - [09/Sep/2026:08:22:24 -0600] "POST /wp-login.php HTTP/1.1" 200 8773 "https://nrfwomencouncil.org/wp-login.php" "Mozilla/5.0 (Macintosh; Intel Mac OS X 13_6_1; rv:120.0) Gecko/20100101 Firefox/120.0"
216.106.186.108 - - [09/Sep/2026:08:22:25 -0600] "GET /wp-admin/index.php HTTP/1.1" 302 - "https://nrfwomencouncil.org/wp-login.php" "Mozilla/5.0 (Windows NT 11.0; Win64; x64; rv:120.0) Gecko/20100101 Firefox/120.0"
216.106.186.108 - - [09/Sep/2026:08:22:26 -0600] "GET /wp-login.php?redirect_to=https%3A%2F%2Fnrfwomencouncil.org%2Fwp-admin%2Findex.php&reauth=1 HTTP/1.1" 200 8479 "https://nrfwomencouncil.org/wp-login.php" "Mozilla/5.0 (Windows NT 11.0; Win64; x64; rv:120.0) Gecko/20100101 Firefox/120.0"
216.106.186.108 - - [09/Sep/2026:08:22:28 -0600] "POST /wp-login.php HTTP/1.1" 200 8773 "https://nrfwomencouncil.org/wp-login.php" "Mozilla/5.0 (Macintosh; Intel Mac OS X 13_6_1; rv:120.0) Gecko/20100101 Firefox/120.0"
216.106.186.108 - - [09/Sep/2026:08:22:29 -0600] "GET /wp-admin/index.php HTTP/1.1" 302 - "https://nrfwomencouncil.org/wp-login.php" "Mozilla/5.0 (Macintosh; Intel Mac OS X 10_15_7) AppleWebKit/605.1.15 (KHTML, like Gecko) Version/17.0 Safari/605.1.15"
216.106.186.108 - - [09/Sep/2026:08:22:30 -0600] "GET /wp-login.php?redirect_to=https%3A%2F%2Fnrfwomencouncil.org%2Fwp-admin%2Findex.php&reauth=1 HTTP/1.1" 200 8479 "https://nrfwomencouncil.org/wp-login.php" "Mozilla/5.0 (Macintosh; Intel Mac OS X 10_15_7) AppleWebKit/605.1.15 (KHTML, like Gecko) Version/17.0 Safari/605.1.15"
216.106.186.108 - - [09/Sep/2026:08:22:31 -0600] "POST /wp-login.php HTTP/1.1" 200 8773 "https://nrfwomencouncil.org/wp-login.php" "Mozilla/5.0 (Macintosh; Intel Mac OS X 10_15_7; rv:119.0) Gecko/20100101 Firefox/119.0"
216.106.186.108 - - [09/Sep/2026:08:22:32 -0600] "GET /wp-admin/index.php HTTP/1.1" 302 - "https://nrfwomencouncil.org/wp-login.php" "Mozilla/5.0 (Macintosh; Intel Mac OS X 10_15_7; rv:119.0) Gecko/20100101 Firefox/119.0"
216.106.186.108 - - [09/Sep/2026:08:22:34 -0600] "GET /wp-login.php?redirect_to=https%3A%2F%2Fnrfwomencouncil.org%2Fwp-admin%2Findex.php&reauth=1 HTTP/1.1" 200 8479 "https://nrfwomencouncil.org/wp-login.php" "Mozilla/5.0 (Macintosh; Intel Mac OS X 10_15_7; rv:119.0) Gecko/20100101 Firefox/119.0"
216.106.186.108 - - [09/Sep/2026:08:22:35 -0600] "POST /wp-login.php HTTP/1.1" 200 8773 "https://nrfwomencouncil.org/wp-login.php" "Mozilla/5.0 (Macintosh; Intel Mac OS X 13_6_1) AppleWebKit/605.1.15 (KHTML, like Gecko) Version/17.1 Safari/605.1.15"
216.106.186.108 - - [09/Sep/2026:08:22:36 -0600] "GET /wp-admin/index.php HTTP/1.1" 302 - "https://nrfwomencouncil.org/wp-login.php" "Mozilla/5.0 (X11; Ubuntu; Linux x86_64) AppleWebKit/537.36 (KHTML, like Gecko) Chrome/119.0.0.0 Safari/537.36"
216.106.186.108 - - [09/Sep/2026:08:22:37 -0600] "GET /wp-login.php?redirect_to=https%3A%2F%2Fnrfwomencouncil.org%2Fwp-admin%2Findex.php&reauth=1 HTTP/1.1" 200 8479 "https://nrfwomencouncil.org/wp-login.php" "Mozilla/5.0 (X11; Ubuntu; Linux x86_64) AppleWebKit/537.36 (KHTML, like Gecko) Chrome/119.0.0.0 Safari/537.36"
216.106.186.108 - - [09/Sep/2026:08:22:38 -0600] "POST /wp-login.php HTTP/1.1" 200 8773 "https://nrfwomencouncil.org/wp-login.php" "Mozilla/5.0 (Macintosh; Intel Mac OS X 13_6_1) AppleWebKit/605.1.15 (KHTML, like Gecko) Version/17.2 Safari/605.1.15"
216.106.186.108 - - [09/Sep/2026:08:22:40 -0600] "GET /wp-admin/index.php HTTP/1.1" 302 - "https://nrfwomencouncil.org/wp-login.php" "Mozilla/5.0 (Macintosh; Intel Mac OS X 10_15_7) AppleWebKit/605.1.15 (KHTML, like Gecko) Version/17.2 Safari/605.1.15"
216.106.186.108 - - [09/Sep/2026:08:22:41 -0600] "GET /wp-login.php?redirect_to=https%3A%2F%2Fnrfwomencouncil.org%2Fwp-admin%2Findex.php&reauth=1 HTTP/1.1" 200 8479 "https://nrfwomencouncil.org/wp-login.php" "Mozilla/5.0 (Macintosh; Intel Mac OS X 10_15_7) AppleWebKit/605.1.15 (KHTML, like Gecko) Version/17.2 Safari/605.1.15"
216.106.186.108 - - [09/Sep/2026:08:22:42 -0600] "POST /wp-login.php HTTP/1.1" 200 8773 "https://nrfwomencouncil.org/wp-login.php" "Mozilla/5.0 (X11; Ubuntu; Linux x86_64) AppleWebKit/537.36 (KHTML, like Gecko) Chrome/121.0.0.0 Safari/537.36"
216.106.186.108 - - [09/Sep/2026:08:22:43 -0600] "GET /wp-admin/index.php HTTP/1.1" 302 - "https://nrfwomencouncil.org/wp-login.php" "Mozilla/5.0 (Windows NT 11.0; Win64; x64) AppleWebKit/537.36 (KHTML, like Gecko) Chrome/121.0.0.0 Safari/537.36"
216.106.186.108 - - [09/Sep/2026:08:22:45 -0600] "GET /wp-login.php?redirect_to=https%3A%2F%2Fnrfwomencouncil.org%2Fwp-admin%2Findex.php&reauth=1 HTTP/1.1" 200 8479 "https://nrfwomencouncil.org/wp-login.php" "Mozilla/5.0 (Windows NT 11.0; Win64; x64) AppleWebKit/537.36 (KHTML, like Gecko) Chrome/121.0.0.0 Safari/537.36"
216.106.186.108 - - [09/Sep/2026:08:22:46 -0600] "POST /wp-login.php HTTP/1.1" 200 8775 "https://nrfwomencouncil.org/wp-login.php" "Mozilla/5.0 (X11; Ubuntu; Linux x86_64) AppleWebKit/537.36 (KHTML, like Gecko) Chrome/119.0.0.0 Safari/537.36"
216.106.186.108 - - [09/Sep/2026:08:22:48 -0600] "GET /wp-admin/index.php HTTP/1.1" 302 - "https://nrfwomencouncil.org/wp-login.php" "Mozilla/5.0 (X11; Ubuntu; Linux x86_64) AppleWebKit/537.36 (KHTML, like Gecko) Chrome/120.0.0.0 Safari/537.36"
216.106.186.108 - - [09/Sep/2026:08:22:49 -0600] "GET /wp-login.php?redirect_to=https%3A%2F%2Fnrfwomencouncil.org%2Fwp-admin%2Findex.php&reauth=1 HTTP/1.1" 200 8479 "https://nrfwomencouncil.org/wp-login.php" "Mozilla/5.0 (X11; Ubuntu; Linux x86_64) AppleWebKit/537.36 (KHTML, like Gecko) Chrome/120.0.0.0 Safari/537.36"
216.106.186.108 - - [09/Sep/2026:08:22:50 -0600] "POST /wp-login.php HTTP/1.1" 200 8775 "https://nrfwomencouncil.org/wp-login.php" "Mozilla/5.0 (Macintosh; Intel Mac OS X 13_6_1) AppleWebKit/605.1.15 (KHTML, like Gecko) Version/17.2 Safari/605.1.15"
216.106.186.108 - - [09/Sep/2026:08:22:51 -0600] "GET /wp-admin/index.php HTTP/1.1" 302 - "https://nrfwomencouncil.org/wp-login.php" "Mozilla/5.0 (Macintosh; Intel Mac OS X 10_15_7) AppleWebKit/537.36 (KHTML, like Gecko) Chrome/119.0.0.0 Safari/537.36"
216.106.186.108 - - [09/Sep/2026:08:22:53 -0600] "GET /wp-login.php?redirect_to=https%3A%2F%2Fnrfwomencouncil.org%2Fwp-admin%2Findex.php&reauth=1 HTTP/1.1" 200 8479 "https://nrfwomencouncil.org/wp-login.php" "Mozilla/5.0 (Macintosh; Intel Mac OS X 10_15_7) AppleWebKit/537.36 (KHTML, like Gecko) Chrome/119.0.0.0 Safari/537.36"
216.106.186.108 - - [09/Sep/2026:08:22:54 -0600] "POST /wp-login.php HTTP/1.1" 200 8775 "https://nrfwomencouncil.org/wp-login.php" "Mozilla/5.0 (Windows NT 10.0; Win64; x64) AppleWebKit/537.36 (KHTML, like Gecko) Chrome/119.0.0.0 Safari/537.36"
162.240.68.55 - - [09/Sep/2026:08:22:57 -0600] "POST /wp-cron.php?doing_wp_cron=1788963777.0426049232482910156250 HTTP/1.1" 200 - "-" "WordPress/7.1; https://nrfwomencouncil.org"
216.106.186.108 - - [09/Sep/2026:08:22:55 -0600] "GET /wp-admin/index.php HTTP/1.1" 302 - "https://nrfwomencouncil.org/wp-login.php" "Mozilla/5.0 (Macintosh; Intel Mac OS X 10_15_7) AppleWebKit/537.36 (KHTML, like Gecko) Chrome/118.0.0.0 Safari/537.36"
216.106.186.108 - - [09/Sep/2026:08:22:58 -0600] "GET /wp-login.php?redirect_to=https%3A%2F%2Fnrfwomencouncil.org%2Fwp-admin%2Findex.php&reauth=1 HTTP/1.1" 200 8479 "https://nrfwomencouncil.org/wp-login.php" "Mozilla/5.0 (Macintosh; Intel Mac OS X 10_15_7) AppleWebKit/537.36 (KHTML, like Gecko) Chrome/118.0.0.0 Safari/537.36"
216.106.186.108 - - [09/Sep/2026:08:22:59 -0600] "POST /wp-login.php HTTP/1.1" 200 8775 "https://nrfwomencouncil.org/wp-login.php" "Mozilla/5.0 (Windows NT 10.0; Win64; x64; rv:119.0) Gecko/20100101 Firefox/119.0"
216.106.186.108 - - [09/Sep/2026:08:23:01 -0600] "GET /wp-admin/index.php HTTP/1.1" 302 - "https://nrfwomencouncil.org/wp-login.php" "Mozilla/5.0 (Macintosh; Intel Mac OS X 13_6_1) AppleWebKit/537.36 (KHTML, like Gecko) Chrome/119.0.0.0 Safari/537.36"
216.106.186.108 - - [09/Sep/2026:08:23:02 -0600] "GET /wp-login.php?redirect_to=https%3A%2F%2Fnrfwomencouncil.org%2Fwp-admin%2Findex.php&reauth=1 HTTP/1.1" 200 8479 "https://nrfwomencouncil.org/wp-login.php" "Mozilla/5.0 (Macintosh; Intel Mac OS X 13_6_1) AppleWebKit/537.36 (KHTML, like Gecko) Chrome/119.0.0.0 Safari/537.36"
216.106.186.108 - - [09/Sep/2026:08:23:04 -0600] "POST /wp-login.php HTTP/1.1" 200 8775 "https://nrfwomencouncil.org/wp-login.php" "Mozilla/5.0 (Macintosh; Intel Mac OS X 13_6_1) AppleWebKit/537.36 (KHTML, like Gecko) Chrome/118.0.0.0 Safari/537.36"
216.106.186.108 - - [09/Sep/2026:08:23:05 -0600] "GET /wp-admin/index.php HTTP/1.1" 302 - "https://nrfwomencouncil.org/wp-login.php" "Mozilla/5.0 (Macintosh; Intel Mac OS X 10_15_7) AppleWebKit/537.36 (KHTML, like Gecko) Chrome/120.0.0.0 Safari/537.36"
216.106.186.108 - - [09/Sep/2026:08:23:06 -0600] "GET /wp-login.php?redirect_to=https%3A%2F%2Fnrfwomencouncil.org%2Fwp-admin%2Findex.php&reauth=1 HTTP/1.1" 200 8479 "https://nrfwomencouncil.org/wp-login.php" "Mozilla/5.0 (Macintosh; Intel Mac OS X 10_15_7) AppleWebKit/537.36 (KHTML, like Gecko) Chrome/120.0.0.0 Safari/537.36"
216.106.186.108 - - [09/Sep/2026:08:23:08 -0600] "POST /wp-login.php HTTP/1.1" 200 8775 "https://nrfwomencouncil.org/wp-login.php" "Mozilla/5.0 (Windows NT 11.0; Win64; x64) AppleWebKit/537.36 (KHTML, like Gecko) Chrome/120.0.0.0 Safari/537.36"
216.106.186.108 - - [09/Sep/2026:08:23:09 -0600] "GET /wp-admin/index.php HTTP/1.1" 302 - "https://nrfwomencouncil.org/wp-login.php" "Mozilla/5.0 (Macintosh; Intel Mac OS X 10_15_7; rv:119.0) Gecko/20100101 Firefox/119.0"
216.106.186.108 - - [09/Sep/2026:08:23:11 -0600] "GET /wp-login.php?redirect_to=https%3A%2F%2Fnrfwomencouncil.org%2Fwp-admin%2Findex.php&reauth=1 HTTP/1.1" 200 8479 "https://nrfwomencouncil.org/wp-login.php" "Mozilla/5.0 (Macintosh; Intel Mac OS X 10_15_7; rv:119.0) Gecko/20100101 Firefox/119.0"
216.106.186.108 - - [09/Sep/2026:08:23:12 -0600] "POST /wp-login.php HTTP/1.1" 200 8742 "https://nrfwomencouncil.org/wp-login.php" "Mozilla/5.0 (Macintosh; Intel Mac OS X 10_15_7) AppleWebKit/605.1.15 (KHTML, like Gecko) Version/16.6 Safari/605.1.15"
216.106.186.108 - - [09/Sep/2026:08:23:13 -0600] "GET /wp-admin/index.php HTTP/1.1" 302 - "https://nrfwomencouncil.org/wp-login.php" "Mozilla/5.0 (Macintosh; Intel Mac OS X 13_6_1; rv:119.0) Gecko/20100101 Firefox/119.0"
216.106.186.108 - - [09/Sep/2026:08:23:15 -0600] "GET /wp-login.php?redirect_to=https%3A%2F%2Fnrfwomencouncil.org%2Fwp-admin%2Findex.php&reauth=1 HTTP/1.1" 200 8479 "https://nrfwomencouncil.org/wp-login.php" "Mozilla/5.0 (Macintosh; Intel Mac OS X 13_6_1; rv:119.0) Gecko/20100101 Firefox/119.0"
216.106.186.108 - - [09/Sep/2026:08:23:16 -0600] "POST /wp-login.php HTTP/1.1" 200 8742 "https://nrfwomencouncil.org/wp-login.php" "Mozilla/5.0 (Windows NT 11.0; Win64; x64; rv:121.0) Gecko/20100101 Firefox/121.0"
216.106.186.108 - - [09/Sep/2026:08:23:17 -0600] "GET /wp-admin/index.php HTTP/1.1" 302 - "https://nrfwomencouncil.org/wp-login.php" "Mozilla/5.0 (Windows NT 10.0; Win64; x64; rv:118.0) Gecko/20100101 Firefox/118.0"
216.106.186.108 - - [09/Sep/2026:08:23:18 -0600] "GET /wp-login.php?redirect_to=https%3A%2F%2Fnrfwomencouncil.org%2Fwp-admin%2Findex.php&reauth=1 HTTP/1.1" 200 8479 "https://nrfwomencouncil.org/wp-login.php" "Mozilla/5.0 (Windows NT 10.0; Win64; x64; rv:118.0) Gecko/20100101 Firefox/118.0"
216.106.186.108 - - [09/Sep/2026:08:23:19 -0600] "GET /wp-login.php HTTP/1.1" 200 8361 "https://t.co/" "Mozilla/5.0 (X11; Ubuntu; Linux x86_64) AppleWebKit/537.36 (KHTML, like Gecko) Chrome/121.0.0.0 Safari/537.36"
216.106.186.108 - - [09/Sep/2026:08:23:21 -0600] "GET /?author=1 HTTP/1.1" 404 38154 "https://www.facebook.com/" "Mozilla/5.0 (Windows NT 11.0; Win64; x64) AppleWebKit/537.36 (KHTML, like Gecko) Chrome/118.0.0.0 Safari/537.36"
216.106.186.108 - - [09/Sep/2026:08:23:22 -0600] "GET /?author=2 HTTP/1.1" 404 38154 "https://www.google.com/search?q=wordpress" "Mozilla/5.0 (Macintosh; Intel Mac OS X 10_15_7) AppleWebKit/605.1.15 (KHTML, like Gecko) Version/16.6 Safari/605.1.15"
216.106.186.108 - - [09/Sep/2026:08:23:24 -0600] "GET /?author=3 HTTP/1.1" 404 38154 "https://t.co/" "Mozilla/5.0 (X11; Ubuntu; Linux x86_64) AppleWebKit/537.36 (KHTML, like Gecko) Chrome/121.0.0.0 Safari/537.36"
216.106.186.108 - - [09/Sep/2026:08:23:25 -0600] "GET /?author=4 HTTP/1.1" 200 42451 "-" "Mozilla/5.0 (Macintosh; Intel Mac OS X 10_15_7) AppleWebKit/605.1.15 (KHTML, like Gecko) Version/17.0 Safari/605.1.15"
216.106.186.108 - - [09/Sep/2026:08:23:26 -0600] "GET /?author=5 HTTP/1.1" 200 38899 "https://wordpress.org/" "Mozilla/5.0 (Windows NT 10.0; Win64; x64) AppleWebKit/537.36 (KHTML, like Gecko) Chrome/118.0.0.0 Safari/537.36"
216.106.186.108 - - [09/Sep/2026:08:23:28 -0600] "GET /wp-json/wp/v2/users HTTP/1.1" 200 1461 "https://t.co/" "Mozilla/5.0 (Windows NT 10.0; Win64; x64) AppleWebKit/537.36 (KHTML, like Gecko) Chrome/121.0.0.0 Safari/537.36"
216.106.186.108 - - [09/Sep/2026:08:23:29 -0600] "POST /wp-login.php HTTP/1.1" 200 8748 "https://website-75ac19b5.ariapress.org/wp-login.php" "Mozilla/5.0 (Macintosh; Intel Mac OS X 10_15_7; rv:121.0) Gecko/20100101 Firefox/121.0"
216.106.186.108 - - [09/Sep/2026:08:23:30 -0600] "GET /wp-admin/index.php HTTP/1.1" 302 - "https://website-75ac19b5.ariapress.org/wp-login.php" "Mozilla/5.0 (Macintosh; Intel Mac OS X 10_15_7) AppleWebKit/605.1.15 (KHTML, like Gecko) Version/17.1 Safari/605.1.15"
216.106.186.108 - - [09/Sep/2026:08:23:32 -0600] "GET /wp-login.php?redirect_to=https%3A%2F%2Fwebsite-75ac19b5.ariapress.org%2Fwp-admin%2Findex.php&reauth=1 HTTP/1.1" 200 8501 "https://website-75ac19b5.ariapress.org/wp-login.php" "Mozilla/5.0 (Macintosh; Intel Mac OS X 10_15_7) AppleWebKit/605.1.15 (KHTML, like Gecko) Version/17.1 Safari/605.1.15"
216.106.186.108 - - [09/Sep/2026:08:23:33 -0600] "POST /wp-login.php HTTP/1.1" 200 8742 "https://website-75ac19b5.ariapress.org/wp-login.php" "Mozilla/5.0 (Macintosh; Intel Mac OS X 13_6_1; rv:118.0) Gecko/20100101 Firefox/118.0"
216.106.186.108 - - [09/Sep/2026:08:23:35 -0600] "GET /wp-admin/index.php HTTP/1.1" 302 - "https://website-75ac19b5.ariapress.org/wp-login.php" "Mozilla/5.0 (Windows NT 11.0; Win64; x64) AppleWebKit/537.36 (KHTML, like Gecko) Chrome/120.0.0.0 Safari/537.36"
216.106.186.108 - - [09/Sep/2026:08:23:36 -0600] "GET /wp-login.php?redirect_to=https%3A%2F%2Fwebsite-75ac19b5.ariapress.org%2Fwp-admin%2Findex.php&reauth=1 HTTP/1.1" 200 8501 "https://website-75ac19b5.ariapress.org/wp-login.php" "Mozilla/5.0 (Windows NT 11.0; Win64; x64) AppleWebKit/537.36 (KHTML, like Gecko) Chrome/120.0.0.0 Safari/537.36"
216.106.186.108 - - [09/Sep/2026:08:23:38 -0600] "POST /wp-login.php HTTP/1.1" 200 8743 "https://website-75ac19b5.ariapress.org/wp-login.php" "Mozilla/5.0 (Windows NT 10.0; Win64; x64) AppleWebKit/537.36 (KHTML, like Gecko) Chrome/119.0.0.0 Safari/537.36"
216.106.186.108 - - [09/Sep/2026:08:23:39 -0600] "GET /wp-admin/index.php HTTP/1.1" 302 - "https://website-75ac19b5.ariapress.org/wp-login.php" "Mozilla/5.0 (Windows NT 11.0; Win64; x64) AppleWebKit/537.36 (KHTML, like Gecko) Chrome/120.0.0.0 Safari/537.36"
216.106.186.108 - - [09/Sep/2026:08:23:40 -0600] "GET /wp-login.php?redirect_to=https%3A%2F%2Fwebsite-75ac19b5.ariapress.org%2Fwp-admin%2Findex.php&reauth=1 HTTP/1.1" 200 8501 "https://website-75ac19b5.ariapress.org/wp-login.php" "Mozilla/5.0 (Windows NT 11.0; Win64; x64) AppleWebKit/537.36 (KHTML, like Gecko) Chrome/120.0.0.0 Safari/537.36"
216.106.186.108 - - [09/Sep/2026:08:23:42 -0600] "POST /wp-login.php HTTP/1.1" 200 8744 "https://website-75ac19b5.ariapress.org/wp-login.php" "Mozilla/5.0 (X11; Linux x86_64) AppleWebKit/537.36 (KHTML, like Gecko) Chrome/118.0.0.0 Safari/537.36"
216.106.186.108 - - [09/Sep/2026:08:23:43 -0600] "GET /wp-admin/index.php HTTP/1.1" 302 - "https://website-75ac19b5.ariapress.org/wp-login.php" "Mozilla/5.0 (X11; Linux x86_64) AppleWebKit/537.36 (KHTML, like Gecko) Chrome/118.0.0.0 Safari/537.36"
216.106.186.108 - - [09/Sep/2026:08:23:45 -0600] "GET /wp-login.php?redirect_to=https%3A%2F%2Fwebsite-75ac19b5.ariapress.org%2Fwp-admin%2Findex.php&reauth=1 HTTP/1.1" 200 8501 "https://website-75ac19b5.ariapress.org/wp-login.php" "Mozilla/5.0 (X11; Linux x86_64) AppleWebKit/537.36 (KHTML, like Gecko) Chrome/118.0.0.0 Safari/537.36"
216.106.186.108 - - [09/Sep/2026:08:23:46 -0600] "POST /wp-login.php HTTP/1.1" 200 8746 "https://website-75ac19b5.ariapress.org/wp-login.php" "Mozilla/5.0 (Windows NT 11.0; Win64; x64; rv:119.0) Gecko/20100101 Firefox/119.0"
216.106.186.108 - - [09/Sep/2026:08:23:47 -0600] "GET /wp-admin/index.php HTTP/1.1" 302 - "https://website-75ac19b5.ariapress.org/wp-login.php" "Mozilla/5.0 (Macintosh; Intel Mac OS X 10_15_7) AppleWebKit/605.1.15 (KHTML, like Gecko) Version/17.1 Safari/605.1.15"
216.106.186.108 - - [09/Sep/2026:08:23:48 -0600] "GET /wp-login.php?redirect_to=https%3A%2F%2Fwebsite-75ac19b5.ariapress.org%2Fwp-admin%2Findex.php&reauth=1 HTTP/1.1" 200 8501 "https://website-75ac19b5.ariapress.org/wp-login.php" "Mozilla/5.0 (Macintosh; Intel Mac OS X 10_15_7) AppleWebKit/605.1.15 (KHTML, like Gecko) Version/17.1 Safari/605.1.15"
216.106.186.108 - - [09/Sep/2026:08:23:50 -0600] "POST /wp-login.php HTTP/1.1" 200 8749 "https://website-75ac19b5.ariapress.org/wp-login.php" "Mozilla/5.0 (Windows NT 10.0; Win64; x64) AppleWebKit/537.36 (KHTML, like Gecko) Chrome/120.0.0.0 Safari/537.36"
216.106.186.108 - - [09/Sep/2026:08:23:51 -0600] "GET /wp-admin/index.php HTTP/1.1" 302 - "https://website-75ac19b5.ariapress.org/wp-login.php" "Mozilla/5.0 (Macintosh; Intel Mac OS X 10_15_7) AppleWebKit/605.1.15 (KHTML, like Gecko) Version/17.2 Safari/605.1.15"
216.106.186.108 - - [09/Sep/2026:08:23:52 -0600] "GET /wp-login.php?redirect_to=https%3A%2F%2Fwebsite-75ac19b5.ariapress.org%2Fwp-admin%2Findex.php&reauth=1 HTTP/1.1" 200 8501 "https://website-75ac19b5.ariapress.org/wp-login.php" "Mozilla/5.0 (Macintosh; Intel Mac OS X 10_15_7) AppleWebKit/605.1.15 (KHTML, like Gecko) Version/17.2 Safari/605.1.15"
216.106.186.108 - - [09/Sep/2026:08:23:53 -0600] "POST /wp-login.php HTTP/1.1" 200 8746 "https://website-75ac19b5.ariapress.org/wp-login.php" "Mozilla/5.0 (X11; Ubuntu; Linux x86_64) AppleWebKit/537.36 (KHTML, like Gecko) Chrome/118.0.0.0 Safari/537.36"
216.106.186.108 - - [09/Sep/2026:08:23:54 -0600] "GET /wp-admin/index.php HTTP/1.1" 302 - "https://website-75ac19b5.ariapress.org/wp-login.php" "Mozilla/5.0 (Windows NT 10.0; Win64; x64) AppleWebKit/537.36 (KHTML, like Gecko) Chrome/121.0.0.0 Safari/537.36"
216.106.186.108 - - [09/Sep/2026:08:23:56 -0600] "GET /wp-login.php?redirect_to=https%3A%2F%2Fwebsite-75ac19b5.ariapress.org%2Fwp-admin%2Findex.php&reauth=1 HTTP/1.1" 200 8501 "https://website-75ac19b5.ariapress.org/wp-login.php" "Mozilla/5.0 (Windows NT 10.0; Win64; x64) AppleWebKit/537.36 (KHTML, like Gecko) Chrome/121.0.0.0 Safari/537.36"
162.240.68.55 - - [09/Sep/2026:08:23:57 -0600] "POST /wp-cron.php?doing_wp_cron=1788963837.1616210937500000000000 HTTP/1.1" 200 - "-" "WordPress/7.1; https://nrfwomencouncil.org"
216.106.186.108 - - [09/Sep/2026:08:23:58 -0600] "POST /wp-login.php HTTP/1.1" 200 8746 "https://website-75ac19b5.ariapress.org/wp-login.php" "Mozilla/5.0 (Macintosh; Intel Mac OS X 13_6_1; rv:121.0) Gecko/20100101 Firefox/121.0"
216.106.186.108 - - [09/Sep/2026:08:23:59 -0600] "GET /wp-admin/index.php HTTP/1.1" 302 - "https://website-75ac19b5.ariapress.org/wp-login.php" "Mozilla/5.0 (Macintosh; Intel Mac OS X 10_15_7) AppleWebKit/537.36 (KHTML, like Gecko) Chrome/120.0.0.0 Safari/537.36"
216.106.186.108 - - [09/Sep/2026:08:24:01 -0600] "GET /wp-login.php?redirect_to=https%3A%2F%2Fwebsite-75ac19b5.ariapress.org%2Fwp-admin%2Findex.php&reauth=1 HTTP/1.1" 200 8501 "https://website-75ac19b5.ariapress.org/wp-login.php" "Mozilla/5.0 (Macintosh; Intel Mac OS X 10_15_7) AppleWebKit/537.36 (KHTML, like Gecko) Chrome/120.0.0.0 Safari/537.36"
216.106.186.108 - - [09/Sep/2026:08:24:02 -0600] "POST /wp-login.php HTTP/1.1" 200 8745 "https://website-75ac19b5.ariapress.org/wp-login.php" "Mozilla/5.0 (Macintosh; Intel Mac OS X 13_6_1) AppleWebKit/605.1.15 (KHTML, like Gecko) Version/17.0 Safari/605.1.15"
216.106.186.108 - - [09/Sep/2026:08:24:04 -0600] "GET /wp-admin/index.php HTTP/1.1" 302 - "https://website-75ac19b5.ariapress.org/wp-login.php" "Mozilla/5.0 (X11; Ubuntu; Linux x86_64) AppleWebKit/537.36 (KHTML, like Gecko) Chrome/119.0.0.0 Safari/537.36"
216.106.186.108 - - [09/Sep/2026:08:24:05 -0600] "GET /wp-login.php?redirect_to=https%3A%2F%2Fwebsite-75ac19b5.ariapress.org%2Fwp-admin%2Findex.php&reauth=1 HTTP/1.1" 200 8501 "https://website-75ac19b5.ariapress.org/wp-login.php" "Mozilla/5.0 (X11; Ubuntu; Linux x86_64) AppleWebKit/537.36 (KHTML, like Gecko) Chrome/119.0.0.0 Safari/537.36"
216.106.186.108 - - [09/Sep/2026:08:24:07 -0600] "POST /wp-login.php HTTP/1.1" 200 8743 "https://website-75ac19b5.ariapress.org/wp-login.php" "Mozilla/5.0 (Windows NT 11.0; Win64; x64) AppleWebKit/537.36 (KHTML, like Gecko) Chrome/120.0.0.0 Safari/537.36"
216.106.186.108 - - [09/Sep/2026:08:24:08 -0600] "GET /wp-admin/index.php HTTP/1.1" 302 - "https://website-75ac19b5.ariapress.org/wp-login.php" "Mozilla/5.0 (Macintosh; Intel Mac OS X 10_15_7) AppleWebKit/605.1.15 (KHTML, like Gecko) Version/17.2 Safari/605.1.15"
216.106.186.108 - - [09/Sep/2026:08:24:09 -0600] "GET /wp-login.php?redirect_to=https%3A%2F%2Fwebsite-75ac19b5.ariapress.org%2Fwp-admin%2Findex.php&reauth=1 HTTP/1.1" 200 8501 "https://website-75ac19b5.ariapress.org/wp-login.php" "Mozilla/5.0 (Macintosh; Intel Mac OS X 10_15_7) AppleWebKit/605.1.15 (KHTML, like Gecko) Version/17.2 Safari/605.1.15"
216.106.186.108 - - [09/Sep/2026:08:24:11 -0600] "POST /wp-login.php HTTP/1.1" 200 8749 "https://website-75ac19b5.ariapress.org/wp-login.php" "Mozilla/5.0 (Windows NT 10.0; Win64; x64) AppleWebKit/537.36 (KHTML, like Gecko) Chrome/121.0.0.0 Safari/537.36"
216.106.186.108 - - [09/Sep/2026:08:24:12 -0600] "GET /wp-admin/index.php HTTP/1.1" 302 - "https://website-75ac19b5.ariapress.org/wp-login.php" "Mozilla/5.0 (Windows NT 10.0; Win64; x64; rv:121.0) Gecko/20100101 Firefox/121.0"
216.106.186.108 - - [09/Sep/2026:08:24:13 -0600] "GET /wp-login.php?redirect_to=https%3A%2F%2Fwebsite-75ac19b5.ariapress.org%2Fwp-admin%2Findex.php&reauth=1 HTTP/1.1" 200 8501 "https://website-75ac19b5.ariapress.org/wp-login.php" "Mozilla/5.0 (Windows NT 10.0; Win64; x64; rv:121.0) Gecko/20100101 Firefox/121.0"
216.106.186.108 - - [09/Sep/2026:08:24:14 -0600] "POST /wp-login.php HTTP/1.1" 200 8746 "https://website-75ac19b5.ariapress.org/wp-login.php" "Mozilla/5.0 (X11; Linux x86_64) AppleWebKit/537.36 (KHTML, like Gecko) Chrome/119.0.0.0 Safari/537.36"
216.106.186.108 - - [09/Sep/2026:08:24:15 -0600] "GET /wp-admin/index.php HTTP/1.1" 302 - "https://website-75ac19b5.ariapress.org/wp-login.php" "Mozilla/5.0 (Macintosh; Intel Mac OS X 13_6_1) AppleWebKit/537.36 (KHTML, like Gecko) Chrome/119.0.0.0 Safari/537.36"
216.106.186.108 - - [09/Sep/2026:08:24:16 -0600] "GET /wp-login.php?redirect_to=https%3A%2F%2Fwebsite-75ac19b5.ariapress.org%2Fwp-admin%2Findex.php&reauth=1 HTTP/1.1" 200 8501 "https://website-75ac19b5.ariapress.org/wp-login.php" "Mozilla/5.0 (Macintosh; Intel Mac OS X 13_6_1) AppleWebKit/537.36 (KHTML, like Gecko) Chrome/119.0.0.0 Safari/537.36"
216.106.186.108 - - [09/Sep/2026:08:24:17 -0600] "POST /wp-login.php HTTP/1.1" 200 8746 "https://website-75ac19b5.ariapress.org/wp-login.php" "Mozilla/5.0 (Windows NT 11.0; Win64; x64; rv:120.0) Gecko/20100101 Firefox/120.0"
216.106.186.108 - - [09/Sep/2026:08:24:19 -0600] "GET /wp-admin/index.php HTTP/1.1" 302 - "https://website-75ac19b5.ariapress.org/wp-login.php" "Mozilla/5.0 (X11; Linux x86_64) AppleWebKit/537.36 (KHTML, like Gecko) Chrome/121.0.0.0 Safari/537.36"
216.106.186.108 - - [09/Sep/2026:08:24:20 -0600] "GET /wp-login.php?redirect_to=https%3A%2F%2Fwebsite-75ac19b5.ariapress.org%2Fwp-admin%2Findex.php&reauth=1 HTTP/1.1" 200 8501 "https://website-75ac19b5.ariapress.org/wp-login.php" "Mozilla/5.0 (X11; Linux x86_64) AppleWebKit/537.36 (KHTML, like Gecko) Chrome/121.0.0.0 Safari/537.36"
216.106.186.108 - - [09/Sep/2026:08:24:22 -0600] "POST /wp-login.php HTTP/1.1" 200 8741 "https://website-75ac19b5.ariapress.org/wp-login.php" "Mozilla/5.0 (Macintosh; Intel Mac OS X 13_6_1) AppleWebKit/537.36 (KHTML, like Gecko) Chrome/118.0.0.0 Safari/537.36"
216.106.186.108 - - [09/Sep/2026:08:24:23 -0600] "GET /wp-admin/index.php HTTP/1.1" 302 - "https://website-75ac19b5.ariapress.org/wp-login.php" "Mozilla/5.0 (X11; Linux x86_64) AppleWebKit/537.36 (KHTML, like Gecko) Chrome/121.0.0.0 Safari/537.36"
216.106.186.108 - - [09/Sep/2026:08:24:24 -0600] "GET /wp-login.php?redirect_to=https%3A%2F%2Fwebsite-75ac19b5.ariapress.org%2Fwp-admin%2Findex.php&reauth=1 HTTP/1.1" 200 8501 "https://website-75ac19b5.ariapress.org/wp-login.php" "Mozilla/5.0 (X11; Linux x86_64) AppleWebKit/537.36 (KHTML, like Gecko) Chrome/121.0.0.0 Safari/537.36"
216.106.186.108 - - [09/Sep/2026:08:24:26 -0600] "POST /wp-login.php HTTP/1.1" 200 8750 "https://website-75ac19b5.ariapress.org/wp-login.php" "Mozilla/5.0 (Windows NT 10.0; Win64; x64) AppleWebKit/537.36 (KHTML, like Gecko) Chrome/119.0.0.0 Safari/537.36"
216.106.186.108 - - [09/Sep/2026:08:24:28 -0600] "GET /wp-admin/index.php HTTP/1.1" 302 - "https://website-75ac19b5.ariapress.org/wp-login.php" "Mozilla/5.0 (Macintosh; Intel Mac OS X 13_6_1) AppleWebKit/605.1.15 (KHTML, like Gecko) Version/16.6 Safari/605.1.15"
