35.245.119.115 - - [09/Sep/2026:08:09:10 -0600] "POST //xmlrpc.php HTTP/1.1" 200 401 "-" "Mozilla/5.0 (Windows NT 10.0; Win64; x64) AppleWebKit/537.36 (KHTML, like Gecko) Chrome/78.0.3904.108 Safari/537.36"
35.245.119.115 - - [09/Sep/2026:08:09:12 -0600] "POST //xmlrpc.php HTTP/1.1" 200 401 "-" "Mozilla/5.0 (Windows NT 10.0; Win64; x64) AppleWebKit/537.36 (KHTML, like Gecko) Chrome/78.0.3904.108 Safari/537.36"
35.245.119.115 - - [09/Sep/2026:08:09:13 -0600] "POST //xmlrpc.php HTTP/1.1" 200 401 "-" "Mozilla/5.0 (Windows NT 10.0; Win64; x64) AppleWebKit/537.36 (KHTML, like Gecko) Chrome/78.0.3904.108 Safari/537.36"
35.245.119.115 - - [09/Sep/2026:08:09:15 -0600] "POST //xmlrpc.php HTTP/1.1" 200 401 "-" "Mozilla/5.0 (Windows NT 10.0; Win64; x64) AppleWebKit/537.36 (KHTML, like Gecko) Chrome/78.0.3904.108 Safari/537.36"
35.245.119.115 - - [09/Sep/2026:08:09:17 -0600] "POST //xmlrpc.php HTTP/1.1" 200 401 "-" "Mozilla/5.0 (Windows NT 10.0; Win64; x64) AppleWebKit/537.36 (KHTML, like Gecko) Chrome/78.0.3904.108 Safari/537.36"
35.245.119.115 - - [09/Sep/2026:08:09:18 -0600] "POST //xmlrpc.php HTTP/1.1" 200 401 "-" "Mozilla/5.0 (Windows NT 10.0; Win64; x64) AppleWebKit/537.36 (KHTML, like Gecko) Chrome/78.0.3904.108 Safari/537.36"
35.245.119.115 - - [09/Sep/2026:08:09:20 -0600] "POST //xmlrpc.php HTTP/1.1" 200 401 "-" "Mozilla/5.0 (Windows NT 10.0; Win64; x64) AppleWebKit/537.36 (KHTML, like Gecko) Chrome/78.0.3904.108 Safari/537.36"
35.245.119.115 - - [09/Sep/2026:08:09:21 -0600] "POST //xmlrpc.php HTTP/1.1" 200 401 "-" "Mozilla/5.0 (Windows NT 10.0; Win64; x64) AppleWebKit/537.36 (KHTML, like Gecko) Chrome/78.0.3904.108 Safari/537.36"
35.245.119.115 - - [09/Sep/2026:08:09:24 -0600] "POST //xmlrpc.php HTTP/1.1" 200 401 "-" "Mozilla/5.0 (Windows NT 10.0; Win64; x64) AppleWebKit/537.36 (KHTML, like Gecko) Chrome/78.0.3904.108 Safari/537.36"
35.245.119.115 - - [09/Sep/2026:08:09:25 -0600] "POST //xmlrpc.php HTTP/1.1" 200 401 "-" "Mozilla/5.0 (Windows NT 10.0; Win64; x64) AppleWebKit/537.36 (KHTML, like Gecko) Chrome/78.0.3904.108 Safari/537.36"
35.245.119.115 - - [09/Sep/2026:08:09:27 -0600] "POST //xmlrpc.php HTTP/1.1" 200 401 "-" "Mozilla/5.0 (Windows NT 10.0; Win64; x64) AppleWebKit/537.36 (KHTML, like Gecko) Chrome/78.0.3904.108 Safari/537.36"
35.245.119.115 - - [09/Sep/2026:08:09:29 -0600] "POST //xmlrpc.php HTTP/1.1" 200 401 "-" "Mozilla/5.0 (Windows NT 10.0; Win64; x64) AppleWebKit/537.36 (KHTML, like Gecko) Chrome/78.0.3904.108 Safari/537.36"
35.245.119.115 - - [09/Sep/2026:08:09:31 -0600] "POST //xmlrpc.php HTTP/1.1" 200 401 "-" "Mozilla/5.0 (Windows NT 10.0; Win64; x64) AppleWebKit/537.36 (KHTML, like Gecko) Chrome/78.0.3904.108 Safari/537.36"
35.245.119.115 - - [09/Sep/2026:08:09:32 -0600] "POST //xmlrpc.php HTTP/1.1" 200 401 "-" "Mozilla/5.0 (Windows NT 10.0; Win64; x64) AppleWebKit/537.36 (KHTML, like Gecko) Chrome/78.0.3904.108 Safari/537.36"
35.245.119.115 - - [09/Sep/2026:08:09:34 -0600] "POST //xmlrpc.php HTTP/1.1" 200 401 "-" "Mozilla/5.0 (Windows NT 10.0; Win64; x64) AppleWebKit/537.36 (KHTML, like Gecko) Chrome/78.0.3904.108 Safari/537.36"
35.245.119.115 - - [09/Sep/2026:08:09:35 -0600] "POST //xmlrpc.php HTTP/1.1" 200 401 "-" "Mozilla/5.0 (Windows NT 10.0; Win64; x64) AppleWebKit/537.36 (KHTML, like Gecko) Chrome/78.0.3904.108 Safari/537.36"
35.245.119.115 - - [09/Sep/2026:08:09:37 -0600] "POST //xmlrpc.php HTTP/1.1" 200 401 "-" "Mozilla/5.0 (Windows NT 10.0; Win64; x64) AppleWebKit/537.36 (KHTML, like Gecko) Chrome/78.0.3904.108 Safari/537.36"
162.240.68.55 - - [09/Sep/2026:08:10:55 -0600] "POST /wp-cron.php?doing_wp_cron=1788963055.2584240436553955078125 HTTP/1.1" 200 - "-" "WordPress/7.1; https://nrfwomencouncil.org"
34.35.153.171 - - [09/Sep/2026:08:10:53 -0600] "GET / HTTP/1.1" 200 63079 "-" "Mozilla/5.0 (Windows NT 10.0; Win64; x64) AppleWebKit/537.36 (KHTML, like Gecko) Chrome/131.0.0.0 Safari/537.36"
34.35.153.171 - - [09/Sep/2026:08:10:56 -0600] "POST / HTTP/1.1" 200 63079 "-" "Mozilla/5.0 (Windows NT 10.0; Win64; x64) AppleWebKit/537.36 (KHTML, like Gecko) Chrome/131.0.0.0 Safari/537.36"
162.240.68.55 - - [09/Sep/2026:08:10:58 -0600] "POST /wp-cron.php?doing_wp_cron=1788963058.3418450355529785156250 HTTP/1.1" 200 - "-" "WordPress/7.1; https://nrfwomencouncil.org"
34.35.153.171 - - [09/Sep/2026:08:10:59 -0600] "POST / HTTP/1.1" 200 63079 "-" "Mozilla/5.0 (Windows NT 10.0; Win64; x64) AppleWebKit/537.36 (KHTML, like Gecko) Chrome/131.0.0.0 Safari/537.36"
34.35.153.171 - - [09/Sep/2026:08:11:02 -0600] "POST / HTTP/1.1" 200 63079 "-" "Mozilla/5.0 (Windows NT 10.0; Win64; x64) AppleWebKit/537.36 (KHTML, like Gecko) Chrome/131.0.0.0 Safari/537.36"
34.35.153.171 - - [09/Sep/2026:08:11:04 -0600] "GET /.git/config HTTP/1.1" 404 38097 "-" "Mozilla/5.0 (Windows NT 10.0; Win64; x64) AppleWebKit/537.36 (KHTML, like Gecko) Chrome/131.0.0.0 Safari/537.36"
34.35.153.171 - - [09/Sep/2026:08:11:06 -0600] "POST / HTTP/1.1" 200 63079 "-" "Mozilla/5.0 (Windows NT 10.0; Win64; x64) AppleWebKit/537.36 (KHTML, like Gecko) Chrome/131.0.0.0 Safari/537.36"
34.35.153.171 - - [09/Sep/2026:08:11:08 -0600] "GET /.env HTTP/1.1" 404 38097 "-" "Mozilla/5.0 (Windows NT 10.0; Win64; x64) AppleWebKit/537.36 (KHTML, like Gecko) Chrome/131.0.0.0 Safari/537.36"
34.35.153.171 - - [09/Sep/2026:08:11:11 -0600] "GET /.env.local HTTP/1.1" 404 38097 "-" "Mozilla/5.0 (Windows NT 10.0; Win64; x64) AppleWebKit/537.36 (KHTML, like Gecko) Chrome/131.0.0.0 Safari/537.36"
34.35.153.171 - - [09/Sep/2026:08:11:13 -0600] "GET /.env.production HTTP/1.1" 404 38097 "-" "Mozilla/5.0 (Windows NT 10.0; Win64; x64) AppleWebKit/537.36 (KHTML, like Gecko) Chrome/131.0.0.0 Safari/537.36"
34.35.153.171 - - [09/Sep/2026:08:11:15 -0600] "GET /.env.staging HTTP/1.1" 404 38097 "-" "Mozilla/5.0 (Windows NT 10.0; Win64; x64) AppleWebKit/537.36 (KHTML, like Gecko) Chrome/131.0.0.0 Safari/537.36"
34.35.153.171 - - [09/Sep/2026:08:11:17 -0600] "GET /.env.development HTTP/1.1" 404 38097 "-" "Mozilla/5.0 (Windows NT 10.0; Win64; x64) AppleWebKit/537.36 (KHTML, like Gecko) Chrome/131.0.0.0 Safari/537.36"
34.35.153.171 - - [09/Sep/2026:08:11:18 -0600] "GET /.env.test HTTP/1.1" 404 38097 "-" "Mozilla/5.0 (Windows NT 10.0; Win64; x64) AppleWebKit/537.36 (KHTML, like Gecko) Chrome/131.0.0.0 Safari/537.36"
34.35.153.171 - - [09/Sep/2026:08:11:20 -0600] "GET /.env.remote HTTP/1.1" 404 38097 "-" "Mozilla/5.0 (Windows NT 10.0; Win64; x64) AppleWebKit/537.36 (KHTML, like Gecko) Chrome/131.0.0.0 Safari/537.36"
34.35.153.171 - - [09/Sep/2026:08:11:22 -0600] "GET /.env.bak HTTP/1.1" 404 38097 "-" "Mozilla/5.0 (Windows NT 10.0; Win64; x64) AppleWebKit/537.36 (KHTML, like Gecko) Chrome/131.0.0.0 Safari/537.36"
34.35.153.171 - - [09/Sep/2026:08:11:24 -0600] "GET /.env.backup HTTP/1.1" 404 38097 "-" "Mozilla/5.0 (Windows NT 10.0; Win64; x64) AppleWebKit/537.36 (KHTML, like Gecko) Chrome/131.0.0.0 Safari/537.36"
34.35.153.171 - - [09/Sep/2026:08:11:26 -0600] "GET /.env.save HTTP/1.1" 404 38097 "-" "Mozilla/5.0 (Windows NT 10.0; Win64; x64) AppleWebKit/537.36 (KHTML, like Gecko) Chrome/131.0.0.0 Safari/537.36"
34.35.153.171 - - [09/Sep/2026:08:11:28 -0600] "GET /.env.old HTTP/1.1" 404 38097 "-" "Mozilla/5.0 (Windows NT 10.0; Win64; x64) AppleWebKit/537.36 (KHTML, like Gecko) Chrome/131.0.0.0 Safari/537.36"
34.35.153.171 - - [09/Sep/2026:08:11:31 -0600] "GET /.env.sample HTTP/1.1" 404 38097 "-" "Mozilla/5.0 (Windows NT 10.0; Win64; x64) AppleWebKit/537.36 (KHTML, like Gecko) Chrome/131.0.0.0 Safari/537.36"
34.35.153.171 - - [09/Sep/2026:08:11:33 -0600] "GET /.env.example HTTP/1.1" 404 38097 "-" "Mozilla/5.0 (Windows NT 10.0; Win64; x64) AppleWebKit/537.36 (KHTML, like Gecko) Chrome/131.0.0.0 Safari/537.36"
34.35.153.171 - - [09/Sep/2026:08:11:35 -0600] "GET /.env.dev HTTP/1.1" 404 38097 "-" "Mozilla/5.0 (Windows NT 10.0; Win64; x64) AppleWebKit/537.36 (KHTML, like Gecko) Chrome/131.0.0.0 Safari/537.36"
34.35.153.171 - - [09/Sep/2026:08:11:36 -0600] "GET /.env.prod HTTP/1.1" 404 38097 "-" "Mozilla/5.0 (Windows NT 10.0; Win64; x64) AppleWebKit/537.36 (KHTML, like Gecko) Chrome/131.0.0.0 Safari/537.36"
34.35.153.171 - - [09/Sep/2026:08:11:39 -0600] "GET /.env.stage HTTP/1.1" 404 38097 "-" "Mozilla/5.0 (Windows NT 10.0; Win64; x64) AppleWebKit/537.36 (KHTML, like Gecko) Chrome/131.0.0.0 Safari/537.36"
34.35.153.171 - - [09/Sep/2026:08:11:41 -0600] "GET /.env.ci HTTP/1.1" 404 38097 "-" "Mozilla/5.0 (Windows NT 10.0; Win64; x64) AppleWebKit/537.36 (KHTML, like Gecko) Chrome/131.0.0.0 Safari/537.36"
34.35.153.171 - - [09/Sep/2026:08:11:43 -0600] "GET /.env.docker HTTP/1.1" 404 38097 "-" "Mozilla/5.0 (Windows NT 10.0; Win64; x64) AppleWebKit/537.36 (KHTML, like Gecko) Chrome/131.0.0.0 Safari/537.36"
34.35.153.171 - - [09/Sep/2026:08:11:45 -0600] "GET /.env.live HTTP/1.1" 404 38097 "-" "Mozilla/5.0 (Windows NT 10.0; Win64; x64) AppleWebKit/537.36 (KHTML, like Gecko) Chrome/131.0.0.0 Safari/537.36"
34.35.153.171 - - [09/Sep/2026:08:11:47 -0600] "GET /.env.preprod HTTP/1.1" 404 38097 "-" "Mozilla/5.0 (Windows NT 10.0; Win64; x64) AppleWebKit/537.36 (KHTML, like Gecko) Chrome/131.0.0.0 Safari/537.36"
34.35.153.171 - - [09/Sep/2026:08:11:49 -0600] "GET /.env.uat HTTP/1.1" 404 38097 "-" "Mozilla/5.0 (Windows NT 10.0; Win64; x64) AppleWebKit/537.36 (KHTML, like Gecko) Chrome/131.0.0.0 Safari/537.36"
34.35.153.171 - - [09/Sep/2026:08:11:51 -0600] "GET /.env.dist HTTP/1.1" 404 38097 "-" "Mozilla/5.0 (Windows NT 10.0; Win64; x64) AppleWebKit/537.36 (KHTML, like Gecko) Chrome/131.0.0.0 Safari/537.36"
34.35.153.171 - - [09/Sep/2026:08:11:52 -0600] "GET /.env.swp HTTP/1.1" 404 38097 "-" "Mozilla/5.0 (Windows NT 10.0; Win64; x64) AppleWebKit/537.36 (KHTML, like Gecko) Chrome/131.0.0.0 Safari/537.36"
34.35.153.171 - - [09/Sep/2026:08:11:54 -0600] "GET /.env~ HTTP/1.1" 404 38097 "-" "Mozilla/5.0 (Windows NT 10.0; Win64; x64) AppleWebKit/537.36 (KHTML, like Gecko) Chrome/131.0.0.0 Safari/537.36"
34.35.153.171 - - [09/Sep/2026:08:11:57 -0600] "GET /.env1 HTTP/1.1" 404 38097 "-" "Mozilla/5.0 (Windows NT 10.0; Win64; x64) AppleWebKit/537.36 (KHTML, like Gecko) Chrome/131.0.0.0 Safari/537.36"
162.240.68.55 - - [09/Sep/2026:08:11:59 -0600] "POST /wp-cron.php?doing_wp_cron=1788963119.0894649028778076171875 HTTP/1.1" 200 - "-" "WordPress/7.1; https://nrfwomencouncil.org"
34.35.153.171 - - [09/Sep/2026:08:12:00 -0600] "GET /.env2 HTTP/1.1" 404 38097 "-" "Mozilla/5.0 (Windows NT 10.0; Win64; x64) AppleWebKit/537.36 (KHTML, like Gecko) Chrome/131.0.0.0 Safari/537.36"
34.35.153.171 - - [09/Sep/2026:08:12:03 -0600] "GET /.env_copy HTTP/1.1" 404 38097 "-" "Mozilla/5.0 (Windows NT 10.0; Win64; x64) AppleWebKit/537.36 (KHTML, like Gecko) Chrome/131.0.0.0 Safari/537.36"
34.35.153.171 - - [09/Sep/2026:08:12:05 -0600] "GET /.env.txt HTTP/1.1" 404 38097 "-" "Mozilla/5.0 (Windows NT 10.0; Win64; x64) AppleWebKit/537.36 (KHTML, like Gecko) Chrome/131.0.0.0 Safari/537.36"
34.35.153.171 - - [09/Sep/2026:08:12:07 -0600] "GET /.env.json HTTP/1.1" 404 38097 "-" "Mozilla/5.0 (Windows NT 10.0; Win64; x64) AppleWebKit/537.36 (KHTML, like Gecko) Chrome/131.0.0.0 Safari/537.36"
34.35.153.171 - - [09/Sep/2026:08:12:09 -0600] "GET /.env.yaml HTTP/1.1" 404 38097 "-" "Mozilla/5.0 (Windows NT 10.0; Win64; x64) AppleWebKit/537.36 (KHTML, like Gecko) Chrome/131.0.0.0 Safari/537.36"
34.35.153.171 - - [09/Sep/2026:08:12:12 -0600] "GET /.env.yml HTTP/1.1" 404 38097 "-" "Mozilla/5.0 (Windows NT 10.0; Win64; x64) AppleWebKit/537.36 (KHTML, like Gecko) Chrome/131.0.0.0 Safari/537.36"
34.35.153.171 - - [09/Sep/2026:08:12:13 -0600] "GET /app/.env HTTP/1.1" 404 38097 "-" "Mozilla/5.0 (Windows NT 10.0; Win64; x64) AppleWebKit/537.36 (KHTML, like Gecko) Chrome/131.0.0.0 Safari/537.36"
34.35.153.171 - - [09/Sep/2026:08:12:16 -0600] "GET /apps/.env HTTP/1.1" 404 38097 "-" "Mozilla/5.0 (Windows NT 10.0; Win64; x64) AppleWebKit/537.36 (KHTML, like Gecko) Chrome/131.0.0.0 Safari/537.36"
34.35.153.171 - - [09/Sep/2026:08:12:18 -0600] "GET /api/.env HTTP/1.1" 404 38097 "-" "Mozilla/5.0 (Windows NT 10.0; Win64; x64) AppleWebKit/537.36 (KHTML, like Gecko) Chrome/131.0.0.0 Safari/537.36"
34.35.153.171 - - [09/Sep/2026:08:12:20 -0600] "GET /web/.env HTTP/1.1" 404 38097 "-" "Mozilla/5.0 (Windows NT 10.0; Win64; x64) AppleWebKit/537.36 (KHTML, like Gecko) Chrome/131.0.0.0 Safari/537.36"
34.35.153.171 - - [09/Sep/2026:08:12:22 -0600] "GET /site/.env HTTP/1.1" 404 38097 "-" "Mozilla/5.0 (Windows NT 10.0; Win64; x64) AppleWebKit/537.36 (KHTML, like Gecko) Chrome/131.0.0.0 Safari/537.36"
34.35.153.171 - - [09/Sep/2026:08:12:24 -0600] "GET /public/.env HTTP/1.1" 404 38097 "-" "Mozilla/5.0 (Windows NT 10.0; Win64; x64) AppleWebKit/537.36 (KHTML, like Gecko) Chrome/131.0.0.0 Safari/537.36"
34.35.153.171 - - [09/Sep/2026:08:12:25 -0600] "GET /admin/.env HTTP/1.1" 404 38097 "-" "Mozilla/5.0 (Windows NT 10.0; Win64; x64) AppleWebKit/537.36 (KHTML, like Gecko) Chrome/131.0.0.0 Safari/537.36"
34.35.153.171 - - [09/Sep/2026:08:12:27 -0600] "GET /backend/.env HTTP/1.1" 404 38097 "-" "Mozilla/5.0 (Windows NT 10.0; Win64; x64) AppleWebKit/537.36 (KHTML, like Gecko) Chrome/131.0.0.0 Safari/537.36"
34.35.153.171 - - [09/Sep/2026:08:12:29 -0600] "GET /server/.env HTTP/1.1" 404 38097 "-" "Mozilla/5.0 (Windows NT 10.0; Win64; x64) AppleWebKit/537.36 (KHTML, like Gecko) Chrome/131.0.0.0 Safari/537.36"
34.35.153.171 - - [09/Sep/2026:08:12:31 -0600] "GET /frontend/.env HTTP/1.1" 404 38097 "-" "Mozilla/5.0 (Windows NT 10.0; Win64; x64) AppleWebKit/537.36 (KHTML, like Gecko) Chrome/131.0.0.0 Safari/537.36"
34.35.153.171 - - [09/Sep/2026:08:12:33 -0600] "GET /src/.env HTTP/1.1" 404 38097 "-" "Mozilla/5.0 (Windows NT 10.0; Win64; x64) AppleWebKit/537.36 (KHTML, like Gecko) Chrome/131.0.0.0 Safari/537.36"
34.35.153.171 - - [09/Sep/2026:08:12:35 -0600] "GET /core/.env HTTP/1.1" 404 38097 "-" "Mozilla/5.0 (Windows NT 10.0; Win64; x64) AppleWebKit/537.36 (KHTML, like Gecko) Chrome/131.0.0.0 Safari/537.36"
34.35.153.171 - - [09/Sep/2026:08:12:37 -0600] "GET /core/app/.env HTTP/1.1" 404 38097 "-" "Mozilla/5.0 (Windows NT 10.0; Win64; x64) AppleWebKit/537.36 (KHTML, like Gecko) Chrome/131.0.0.0 Safari/537.36"
34.35.153.171 - - [09/Sep/2026:08:12:39 -0600] "GET /config/.env HTTP/1.1" 404 38097 "-" "Mozilla/5.0 (Windows NT 10.0; Win64; x64) AppleWebKit/537.36 (KHTML, like Gecko) Chrome/131.0.0.0 Safari/537.36"
34.35.153.171 - - [09/Sep/2026:08:12:41 -0600] "GET /private/.env HTTP/1.1" 404 38097 "-" "Mozilla/5.0 (Windows NT 10.0; Win64; x64) AppleWebKit/537.36 (KHTML, like Gecko) Chrome/131.0.0.0 Safari/537.36"
34.35.153.171 - - [09/Sep/2026:08:12:43 -0600] "GET /application/.env HTTP/1.1" 404 38097 "-" "Mozilla/5.0 (Windows NT 10.0; Win64; x64) AppleWebKit/537.36 (KHTML, like Gecko) Chrome/131.0.0.0 Safari/537.36"
34.35.153.171 - - [09/Sep/2026:08:12:45 -0600] "GET /bootstrap/.env HTTP/1.1" 404 38097 "-" "Mozilla/5.0 (Windows NT 10.0; Win64; x64) AppleWebKit/537.36 (KHTML, like Gecko) Chrome/131.0.0.0 Safari/537.36"
34.35.153.171 - - [09/Sep/2026:08:12:47 -0600] "GET /database/.env HTTP/1.1" 404 38097 "-" "Mozilla/5.0 (Windows NT 10.0; Win64; x64) AppleWebKit/537.36 (KHTML, like Gecko) Chrome/131.0.0.0 Safari/537.36"
34.35.153.171 - - [09/Sep/2026:08:12:48 -0600] "GET /storage/.env HTTP/1.1" 404 38097 "-" "Mozilla/5.0 (Windows NT 10.0; Win64; x64) AppleWebKit/537.36 (KHTML, like Gecko) Chrome/131.0.0.0 Safari/537.36"
34.35.153.171 - - [09/Sep/2026:08:12:50 -0600] "GET /var/www/.env HTTP/1.1" 404 38097 "-" "Mozilla/5.0 (Windows NT 10.0; Win64; x64) AppleWebKit/537.36 (KHTML, like Gecko) Chrome/131.0.0.0 Safari/537.36"
34.35.153.171 - - [09/Sep/2026:08:12:52 -0600] "GET /var/www/html/.env HTTP/1.1" 404 38097 "-" "Mozilla/5.0 (Windows NT 10.0; Win64; x64) AppleWebKit/537.36 (KHTML, like Gecko) Chrome/131.0.0.0 Safari/537.36"
34.35.153.171 - - [09/Sep/2026:08:12:54 -0600] "GET /current/.env HTTP/1.1" 404 38097 "-" "Mozilla/5.0 (Windows NT 10.0; Win64; x64) AppleWebKit/537.36 (KHTML, like Gecko) Chrome/131.0.0.0 Safari/537.36"
34.35.153.171 - - [09/Sep/2026:08:12:56 -0600] "GET /release/.env HTTP/1.1" 404 38097 "-" "Mozilla/5.0 (Windows NT 10.0; Win64; x64) AppleWebKit/537.36 (KHTML, like Gecko) Chrome/131.0.0.0 Safari/537.36"
162.240.68.55 - - [09/Sep/2026:08:12:58 -0600] "POST /wp-cron.php?doing_wp_cron=1788963178.1027660369873046875000 HTTP/1.1" 200 - "-" "WordPress/7.1; https://nrfwomencouncil.org"
34.35.153.171 - - [09/Sep/2026:08:12:59 -0600] "GET /releases/.env HTTP/1.1" 404 38097 "-" "Mozilla/5.0 (Windows NT 10.0; Win64; x64) AppleWebKit/537.36 (KHTML, like Gecko) Chrome/131.0.0.0 Safari/537.36"
34.35.153.171 - - [09/Sep/2026:08:13:01 -0600] "GET /shared/.env HTTP/1.1" 404 38097 "-" "Mozilla/5.0 (Windows NT 10.0; Win64; x64) AppleWebKit/537.36 (KHTML, like Gecko) Chrome/131.0.0.0 Safari/537.36"
34.35.153.171 - - [09/Sep/2026:08:13:03 -0600] "GET /deploy/.env HTTP/1.1" 404 38097 "-" "Mozilla/5.0 (Windows NT 10.0; Win64; x64) AppleWebKit/537.36 (KHTML, like Gecko) Chrome/131.0.0.0 Safari/537.36"
34.35.153.171 - - [09/Sep/2026:08:13:06 -0600] "GET /build/.env HTTP/1.1" 404 38097 "-" "Mozilla/5.0 (Windows NT 10.0; Win64; x64) AppleWebKit/537.36 (KHTML, like Gecko) Chrome/131.0.0.0 Safari/537.36"
34.35.153.171 - - [09/Sep/2026:08:13:08 -0600] "GET /dist/.env HTTP/1.1" 404 38097 "-" "Mozilla/5.0 (Windows NT 10.0; Win64; x64) AppleWebKit/537.36 (KHTML, like Gecko) Chrome/131.0.0.0 Safari/537.36"
34.35.153.171 - - [09/Sep/2026:08:13:10 -0600] "GET /public_html/.env HTTP/1.1" 404 38097 "-" "Mozilla/5.0 (Windows NT 10.0; Win64; x64) AppleWebKit/537.36 (KHTML, like Gecko) Chrome/131.0.0.0 Safari/537.36"
34.35.153.171 - - [09/Sep/2026:08:13:12 -0600] "GET /htdocs/.env HTTP/1.1" 404 38097 "-" "Mozilla/5.0 (Windows NT 10.0; Win64; x64) AppleWebKit/537.36 (KHTML, like Gecko) Chrome/131.0.0.0 Safari/537.36"
34.35.153.171 - - [09/Sep/2026:08:13:14 -0600] "GET /www/.env HTTP/1.1" 404 38097 "-" "Mozilla/5.0 (Windows NT 10.0; Win64; x64) AppleWebKit/537.36 (KHTML, like Gecko) Chrome/131.0.0.0 Safari/537.36"
34.35.153.171 - - [09/Sep/2026:08:13:16 -0600] "GET /html/.env HTTP/1.1" 404 38097 "-" "Mozilla/5.0 (Windows NT 10.0; Win64; x64) AppleWebKit/537.36 (KHTML, like Gecko) Chrome/131.0.0.0 Safari/537.36"
34.35.153.171 - - [09/Sep/2026:08:13:18 -0600] "GET /live/.env HTTP/1.1" 404 38097 "-" "Mozilla/5.0 (Windows NT 10.0; Win64; x64) AppleWebKit/537.36 (KHTML, like Gecko) Chrome/131.0.0.0 Safari/537.36"
34.35.153.171 - - [09/Sep/2026:08:13:20 -0600] "GET /prod/.env HTTP/1.1" 404 38097 "-" "Mozilla/5.0 (Windows NT 10.0; Win64; x64) AppleWebKit/537.36 (KHTML, like Gecko) Chrome/131.0.0.0 Safari/537.36"
34.35.153.171 - - [09/Sep/2026:08:13:22 -0600] "GET /dev/.env HTTP/1.1" 404 38097 "-" "Mozilla/5.0 (Windows NT 10.0; Win64; x64) AppleWebKit/537.36 (KHTML, like Gecko) Chrome/131.0.0.0 Safari/537.36"
34.35.153.171 - - [09/Sep/2026:08:13:25 -0600] "GET /staging/.env HTTP/1.1" 404 38097 "-" "Mozilla/5.0 (Windows NT 10.0; Win64; x64) AppleWebKit/537.36 (KHTML, like Gecko) Chrome/131.0.0.0 Safari/537.36"
34.35.153.171 - - [09/Sep/2026:08:13:27 -0600] "GET /opt/.env HTTP/1.1" 404 38097 "-" "Mozilla/5.0 (Windows NT 10.0; Win64; x64) AppleWebKit/537.36 (KHTML, like Gecko) Chrome/131.0.0.0 Safari/537.36"
34.35.153.171 - - [09/Sep/2026:08:13:29 -0600] "GET /laravel/.env HTTP/1.1" 404 38097 "-" "Mozilla/5.0 (Windows NT 10.0; Win64; x64) AppleWebKit/537.36 (KHTML, like Gecko) Chrome/131.0.0.0 Safari/537.36"
34.35.153.171 - - [09/Sep/2026:08:13:31 -0600] "GET /symfony/.env HTTP/1.1" 404 38097 "-" "Mozilla/5.0 (Windows NT 10.0; Win64; x64) AppleWebKit/537.36 (KHTML, like Gecko) Chrome/131.0.0.0 Safari/537.36"
34.35.153.171 - - [09/Sep/2026:08:13:33 -0600] "GET /wordpress/.env HTTP/1.1" 404 38097 "-" "Mozilla/5.0 (Windows NT 10.0; Win64; x64) AppleWebKit/537.36 (KHTML, like Gecko) Chrome/131.0.0.0 Safari/537.36"
34.35.153.171 - - [09/Sep/2026:08:13:35 -0600] "GET /wp/.env HTTP/1.1" 404 38097 "-" "Mozilla/5.0 (Windows NT 10.0; Win64; x64) AppleWebKit/537.36 (KHTML, like Gecko) Chrome/131.0.0.0 Safari/537.36"
34.35.153.171 - - [09/Sep/2026:08:13:38 -0600] "GET /cms/.env HTTP/1.1" 404 38097 "-" "Mozilla/5.0 (Windows NT 10.0; Win64; x64) AppleWebKit/537.36 (KHTML, like Gecko) Chrome/131.0.0.0 Safari/537.36"
34.35.153.171 - - [09/Sep/2026:08:13:40 -0600] "GET /drupal/.env HTTP/1.1" 404 38097 "-" "Mozilla/5.0 (Windows NT 10.0; Win64; x64) AppleWebKit/537.36 (KHTML, like Gecko) Chrome/131.0.0.0 Safari/537.36"
34.35.153.171 - - [09/Sep/2026:08:13:42 -0600] "GET /joomla/.env HTTP/1.1" 404 38097 "-" "Mozilla/5.0 (Windows NT 10.0; Win64; x64) AppleWebKit/537.36 (KHTML, like Gecko) Chrome/131.0.0.0 Safari/537.36"
34.35.153.171 - - [09/Sep/2026:08:13:44 -0600] "GET /magento/.env HTTP/1.1" 404 38097 "-" "Mozilla/5.0 (Windows NT 10.0; Win64; x64) AppleWebKit/537.36 (KHTML, like Gecko) Chrome/131.0.0.0 Safari/537.36"
34.35.153.171 - - [09/Sep/2026:08:13:46 -0600] "GET /shopify/.env HTTP/1.1" 404 38097 "-" "Mozilla/5.0 (Windows NT 10.0; Win64; x64) AppleWebKit/537.36 (KHTML, like Gecko) Chrome/131.0.0.0 Safari/537.36"
34.35.153.171 - - [09/Sep/2026:08:13:48 -0600] "GET /prestashop/.env HTTP/1.1" 404 38097 "-" "Mozilla/5.0 (Windows NT 10.0; Win64; x64) AppleWebKit/537.36 (KHTML, like Gecko) Chrome/131.0.0.0 Safari/537.36"
34.35.153.171 - - [09/Sep/2026:08:13:50 -0600] "GET /codeigniter/.env HTTP/1.1" 404 38097 "-" "Mozilla/5.0 (Windows NT 10.0; Win64; x64) AppleWebKit/537.36 (KHTML, like Gecko) Chrome/131.0.0.0 Safari/537.36"
34.35.153.171 - - [09/Sep/2026:08:13:52 -0600] "GET /cakephp/.env HTTP/1.1" 404 38097 "-" "Mozilla/5.0 (Windows NT 10.0; Win64; x64) AppleWebKit/537.36 (KHTML, like Gecko) Chrome/131.0.0.0 Safari/537.36"
34.35.153.171 - - [09/Sep/2026:08:13:53 -0600] "GET /zend/.env HTTP/1.1" 404 38097 "-" "Mozilla/5.0 (Windows NT 10.0; Win64; x64) AppleWebKit/537.36 (KHTML, like Gecko) Chrome/131.0.0.0 Safari/537.36"
34.35.153.171 - - [09/Sep/2026:08:13:55 -0600] "GET /yii/.env HTTP/1.1" 404 38097 "-" "Mozilla/5.0 (Windows NT 10.0; Win64; x64) AppleWebKit/537.36 (KHTML, like Gecko) Chrome/131.0.0.0 Safari/537.36"
34.35.153.171 - - [09/Sep/2026:08:13:57 -0600] "GET /laravel5/.env HTTP/1.1" 404 38097 "-" "Mozilla/5.0 (Windows NT 10.0; Win64; x64) AppleWebKit/537.36 (KHTML, like Gecko) Chrome/131.0.0.0 Safari/537.36"
162.240.68.55 - - [09/Sep/2026:08:13:58 -0600] "POST /wp-cron.php?doing_wp_cron=1788963238.7783479690551757812500 HTTP/1.1" 200 - "-" "WordPress/7.1; https://nrfwomencouncil.org"
34.35.153.171 - - [09/Sep/2026:08:14:00 -0600] "GET /v1/.env HTTP/1.1" 404 38097 "-" "Mozilla/5.0 (Windows NT 10.0; Win64; x64) AppleWebKit/537.36 (KHTML, like Gecko) Chrome/131.0.0.0 Safari/537.36"
34.35.153.171 - - [09/Sep/2026:08:14:02 -0600] "GET /v2/.env HTTP/1.1" 404 38097 "-" "Mozilla/5.0 (Windows NT 10.0; Win64; x64) AppleWebKit/537.36 (KHTML, like Gecko) Chrome/131.0.0.0 Safari/537.36"
34.35.153.171 - - [09/Sep/2026:08:14:04 -0600] "GET /v3/.env HTTP/1.1" 404 38097 "-" "Mozilla/5.0 (Windows NT 10.0; Win64; x64) AppleWebKit/537.36 (KHTML, like Gecko) Chrome/131.0.0.0 Safari/537.36"
34.35.153.171 - - [09/Sep/2026:08:14:06 -0600] "GET /api/v1/.env HTTP/1.1" 404 38097 "-" "Mozilla/5.0 (Windows NT 10.0; Win64; x64) AppleWebKit/537.36 (KHTML, like Gecko) Chrome/131.0.0.0 Safari/537.36"
51.68.163.208 - - [09/Sep/2026:08:14:07 -0600] "GET /blog-verify HTTP/1.1" 404 38154 "-" "Mozilla/5.0 (Windows NT 10.0; Win64; x64) AppleWebKit/537.36 (KHTML, like Gecko) Chrome/147.0.0.0 Safari/537.36"
34.35.153.171 - - [09/Sep/2026:08:14:08 -0600] "GET /api/v2/.env HTTP/1.1" 404 38097 "-" "Mozilla/5.0 (Windows NT 10.0; Win64; x64) AppleWebKit/537.36 (KHTML, like Gecko) Chrome/131.0.0.0 Safari/537.36"
34.35.153.171 - - [09/Sep/2026:08:14:10 -0600] "GET /rest/.env HTTP/1.1" 404 38097 "-" "Mozilla/5.0 (Windows NT 10.0; Win64; x64) AppleWebKit/537.36 (KHTML, like Gecko) Chrome/131.0.0.0 Safari/537.36"
34.35.153.171 - - [09/Sep/2026:08:14:12 -0600] "GET /graphql/.env HTTP/1.1" 404 38097 "-" "Mozilla/5.0 (Windows NT 10.0; Win64; x64) AppleWebKit/537.36 (KHTML, like Gecko) Chrome/131.0.0.0 Safari/537.36"
34.35.153.171 - - [09/Sep/2026:08:14:15 -0600] "GET /gateway/.env HTTP/1.1" 404 38097 "-" "Mozilla/5.0 (Windows NT 10.0; Win64; x64) AppleWebKit/537.36 (KHTML, like Gecko) Chrome/131.0.0.0 Safari/537.36"
34.35.153.171 - - [09/Sep/2026:08:14:16 -0600] "GET /microservice/.env HTTP/1.1" 404 38097 "-" "Mozilla/5.0 (Windows NT 10.0; Win64; x64) AppleWebKit/537.36 (KHTML, like Gecko) Chrome/131.0.0.0 Safari/537.36"
34.35.153.171 - - [09/Sep/2026:08:14:18 -0600] "GET /service/.env HTTP/1.1" 404 38097 "-" "Mozilla/5.0 (Windows NT 10.0; Win64; x64) AppleWebKit/537.36 (KHTML, like Gecko) Chrome/131.0.0.0 Safari/537.36"
34.35.153.171 - - [09/Sep/2026:08:14:20 -0600] "GET /api/v3/.env HTTP/1.1" 404 38097 "-" "Mozilla/5.0 (Windows NT 10.0; Win64; x64) AppleWebKit/537.36 (KHTML, like Gecko) Chrome/131.0.0.0 Safari/537.36"
34.35.153.171 - - [09/Sep/2026:08:14:22 -0600] "GET /api/dev/.env HTTP/1.1" 404 38097 "-" "Mozilla/5.0 (Windows NT 10.0; Win64; x64) AppleWebKit/537.36 (KHTML, like Gecko) Chrome/131.0.0.0 Safari/537.36"
34.35.153.171 - - [09/Sep/2026:08:14:25 -0600] "GET /api/staging/.env HTTP/1.1" 404 38097 "-" "Mozilla/5.0 (Windows NT 10.0; Win64; x64) AppleWebKit/537.36 (KHTML, like Gecko) Chrome/131.0.0.0 Safari/537.36"
34.35.153.171 - - [09/Sep/2026:08:14:27 -0600] "GET /vendor/.env HTTP/1.1" 404 38097 "-" "Mozilla/5.0 (Windows NT 10.0; Win64; x64) AppleWebKit/537.36 (KHTML, like Gecko) Chrome/131.0.0.0 Safari/537.36"
34.35.153.171 - - [09/Sep/2026:08:14:29 -0600] "GET /lib/.env HTTP/1.1" 404 38097 "-" "Mozilla/5.0 (Windows NT 10.0; Win64; x64) AppleWebKit/537.36 (KHTML, like Gecko) Chrome/131.0.0.0 Safari/537.36"
34.35.153.171 - - [09/Sep/2026:08:14:31 -0600] "GET /resources/.env HTTP/1.1" 404 38097 "-" "Mozilla/5.0 (Windows NT 10.0; Win64; x64) AppleWebKit/537.36 (KHTML, like Gecko) Chrome/131.0.0.0 Safari/537.36"
34.35.153.171 - - [09/Sep/2026:08:14:33 -0600] "GET /assets/.env HTTP/1.1" 404 38097 "-" "Mozilla/5.0 (Windows NT 10.0; Win64; x64) AppleWebKit/537.36 (KHTML, like Gecko) Chrome/131.0.0.0 Safari/537.36"
34.35.153.171 - - [09/Sep/2026:08:14:35 -0600] "GET /uploads/.env HTTP/1.1" 404 38097 "-" "Mozilla/5.0 (Windows NT 10.0; Win64; x64) AppleWebKit/537.36 (KHTML, like Gecko) Chrome/131.0.0.0 Safari/537.36"
34.35.153.171 - - [09/Sep/2026:08:14:37 -0600] "GET /internal/.env HTTP/1.1" 404 38097 "-" "Mozilla/5.0 (Windows NT 10.0; Win64; x64) AppleWebKit/537.36 (KHTML, like Gecko) Chrome/131.0.0.0 Safari/537.36"
34.35.153.171 - - [09/Sep/2026:08:14:39 -0600] "GET /tools/.env HTTP/1.1" 404 38097 "-" "Mozilla/5.0 (Windows NT 10.0; Win64; x64) AppleWebKit/537.36 (KHTML, like Gecko) Chrome/131.0.0.0 Safari/537.36"
34.35.153.171 - - [09/Sep/2026:08:14:42 -0600] "GET /scripts/.env HTTP/1.1" 404 38097 "-" "Mozilla/5.0 (Windows NT 10.0; Win64; x64) AppleWebKit/537.36 (KHTML, like Gecko) Chrome/131.0.0.0 Safari/537.36"
34.35.153.171 - - [09/Sep/2026:08:14:44 -0600] "GET /bin/.env HTTP/1.1" 404 38097 "-" "Mozilla/5.0 (Windows NT 10.0; Win64; x64) AppleWebKit/537.36 (KHTML, like Gecko) Chrome/131.0.0.0 Safari/537.36"
34.35.153.171 - - [09/Sep/2026:08:14:46 -0600] "GET /sbin/.env HTTP/1.1" 404 38097 "-" "Mozilla/5.0 (Windows NT 10.0; Win64; x64) AppleWebKit/537.36 (KHTML, like Gecko) Chrome/131.0.0.0 Safari/537.36"
34.35.153.171 - - [09/Sep/2026:08:14:47 -0600] "GET /local/.env HTTP/1.1" 404 38097 "-" "Mozilla/5.0 (Windows NT 10.0; Win64; x64) AppleWebKit/537.36 (KHTML, like Gecko) Chrome/131.0.0.0 Safari/537.36"
34.35.153.171 - - [09/Sep/2026:08:14:49 -0600] "GET /portal/.env HTTP/1.1" 404 38097 "-" "Mozilla/5.0 (Windows NT 10.0; Win64; x64) AppleWebKit/537.36 (KHTML, like Gecko) Chrome/131.0.0.0 Safari/537.36"
34.35.153.171 - - [09/Sep/2026:08:14:51 -0600] "GET /dashboard/.env HTTP/1.1" 404 38097 "-" "Mozilla/5.0 (Windows NT 10.0; Win64; x64) AppleWebKit/537.36 (KHTML, like Gecko) Chrome/131.0.0.0 Safari/537.36"
34.35.153.171 - - [09/Sep/2026:08:14:53 -0600] "GET /panel/.env HTTP/1.1" 404 38097 "-" "Mozilla/5.0 (Windows NT 10.0; Win64; x64) AppleWebKit/537.36 (KHTML, like Gecko) Chrome/131.0.0.0 Safari/537.36"
34.35.153.171 - - [09/Sep/2026:08:14:55 -0600] "GET /crm/.env HTTP/1.1" 404 38097 "-" "Mozilla/5.0 (Windows NT 10.0; Win64; x64) AppleWebKit/537.36 (KHTML, like Gecko) Chrome/131.0.0.0 Safari/537.36"
34.35.153.171 - - [09/Sep/2026:08:14:57 -0600] "GET /erp/.env HTTP/1.1" 404 38097 "-" "Mozilla/5.0 (Windows NT 10.0; Win64; x64) AppleWebKit/537.36 (KHTML, like Gecko) Chrome/131.0.0.0 Safari/537.36"
162.240.68.55 - - [09/Sep/2026:08:14:58 -0600] "POST /wp-cron.php?doing_wp_cron=1788963298.5627748966217041015625 HTTP/1.1" 200 - "-" "WordPress/7.1; https://nrfwomencouncil.org"
34.35.153.171 - - [09/Sep/2026:08:14:59 -0600] "GET /shop/.env HTTP/1.1" 404 38097 "-" "Mozilla/5.0 (Windows NT 10.0; Win64; x64) AppleWebKit/537.36 (KHTML, like Gecko) Chrome/131.0.0.0 Safari/537.36"
34.35.153.171 - - [09/Sep/2026:08:15:02 -0600] "GET /store/.env HTTP/1.1" 404 38097 "-" "Mozilla/5.0 (Windows NT 10.0; Win64; x64) AppleWebKit/537.36 (KHTML, like Gecko) Chrome/131.0.0.0 Safari/537.36"
34.35.153.171 - - [09/Sep/2026:08:15:04 -0600] "GET /saas/.env HTTP/1.1" 404 38097 "-" "Mozilla/5.0 (Windows NT 10.0; Win64; x64) AppleWebKit/537.36 (KHTML, like Gecko) Chrome/131.0.0.0 Safari/537.36"
34.35.153.171 - - [09/Sep/2026:08:15:06 -0600] "GET /client/.env HTTP/1.1" 404 38097 "-" "Mozilla/5.0 (Windows NT 10.0; Win64; x64) AppleWebKit/537.36 (KHTML, like Gecko) Chrome/131.0.0.0 Safari/537.36"
34.35.153.171 - - [09/Sep/2026:08:15:08 -0600] "GET /project/.env HTTP/1.1" 404 38097 "-" "Mozilla/5.0 (Windows NT 10.0; Win64; x64) AppleWebKit/537.36 (KHTML, like Gecko) Chrome/131.0.0.0 Safari/537.36"
34.35.153.171 - - [09/Sep/2026:08:15:10 -0600] "GET /admin-panel/.env HTTP/1.1" 404 38097 "-" "Mozilla/5.0 (Windows NT 10.0; Win64; x64) AppleWebKit/537.36 (KHTML, like Gecko) Chrome/131.0.0.0 Safari/537.36"
34.35.153.171 - - [09/Sep/2026:08:15:12 -0600] "GET /control-panel/.env HTTP/1.1" 404 38097 "-" "Mozilla/5.0 (Windows NT 10.0; Win64; x64) AppleWebKit/537.36 (KHTML, like Gecko) Chrome/131.0.0.0 Safari/537.36"
34.35.153.171 - - [09/Sep/2026:08:15:13 -0600] "GET /user-panel/.env HTTP/1.1" 404 38097 "-" "Mozilla/5.0 (Windows NT 10.0; Win64; x64) AppleWebKit/537.36 (KHTML, like Gecko) Chrome/131.0.0.0 Safari/537.36"
216.106.186.108 - - [09/Sep/2026:08:15:15 -0600] "GET /wp-login.php HTTP/1.1" 200 8361 "" "Mozilla/5.0 (Windows NT 10.0; Win64; x64; rv:121.0) Gecko/20100101 Firefox/121.0"
34.35.153.171 - - [09/Sep/2026:08:15:15 -0600] "GET /node/.env HTTP/1.1" 404 38097 "-" "Mozilla/5.0 (Windows NT 10.0; Win64; x64) AppleWebKit/537.36 (KHTML, like Gecko) Chrome/131.0.0.0 Safari/537.36"
216.106.186.108 - - [09/Sep/2026:08:15:16 -0600] "GET /?author=1 HTTP/1.1" 404 38097 "https://t.co/" "Mozilla/5.0 (X11; Ubuntu; Linux x86_64) AppleWebKit/537.36 (KHTML, like Gecko) Chrome/118.0.0.0 Safari/537.36"
216.106.186.108 - - [09/Sep/2026:08:15:18 -0600] "GET /?author=2 HTTP/1.1" 404 38097 "-" "Mozilla/5.0 (Macintosh; Intel Mac OS X 10_15_7) AppleWebKit/537.36 (KHTML, like Gecko) Chrome/121.0.0.0 Safari/537.36"
34.35.153.171 - - [09/Sep/2026:08:15:18 -0600] "GET /express/.env HTTP/1.1" 404 38097 "-" "Mozilla/5.0 (Windows NT 10.0; Win64; x64) AppleWebKit/537.36 (KHTML, like Gecko) Chrome/131.0.0.0 Safari/537.36"
216.106.186.108 - - [09/Sep/2026:08:15:20 -0600] "GET /?author=3 HTTP/1.1" 404 38097 "https://www.bing.com/" "Mozilla/5.0 (Macintosh; Intel Mac OS X 10_15_7) AppleWebKit/605.1.15 (KHTML, like Gecko) Version/16.6 Safari/605.1.15"
34.35.153.171 - - [09/Sep/2026:08:15:20 -0600] "GET /next/.env HTTP/1.1" 404 38097 "-" "Mozilla/5.0 (Windows NT 10.0; Win64; x64) AppleWebKit/537.36 (KHTML, like Gecko) Chrome/131.0.0.0 Safari/537.36"
216.106.186.108 - - [09/Sep/2026:08:15:22 -0600] "GET /?author=4 HTTP/1.1" 301 - "" "Mozilla/5.0 (Macintosh; Intel Mac OS X 10_15_7; rv:120.0) Gecko/20100101 Firefox/120.0"
34.35.153.171 - - [09/Sep/2026:08:15:24 -0600] "GET /nuxt/.env HTTP/1.1" 404 38097 "-" "Mozilla/5.0 (Windows NT 10.0; Win64; x64) AppleWebKit/537.36 (KHTML, like Gecko) Chrome/131.0.0.0 Safari/537.36"
216.106.186.108 - - [09/Sep/2026:08:15:25 -0600] "GET /author/kawa/ HTTP/1.1" 200 42394 "" "Mozilla/5.0 (Macintosh; Intel Mac OS X 10_15_7; rv:120.0) Gecko/20100101 Firefox/120.0"
34.35.153.171 - - [09/Sep/2026:08:15:26 -0600] "GET /nest/.env HTTP/1.1" 404 38097 "-" "Mozilla/5.0 (Windows NT 10.0; Win64; x64) AppleWebKit/537.36 (KHTML, like Gecko) Chrome/131.0.0.0 Safari/537.36"
216.106.186.108 - - [09/Sep/2026:08:15:27 -0600] "GET /?author=5 HTTP/1.1" 200 38842 "https://www.bing.com/" "Mozilla/5.0 (Macintosh; Intel Mac OS X 13_6_1; rv:119.0) Gecko/20100101 Firefox/119.0"
34.35.153.171 - - [09/Sep/2026:08:15:28 -0600] "GET /react/.env HTTP/1.1" 404 38097 "-" "Mozilla/5.0 (Windows NT 10.0; Win64; x64) AppleWebKit/537.36 (KHTML, like Gecko) Chrome/131.0.0.0 Safari/537.36"
216.106.186.108 - - [09/Sep/2026:08:15:28 -0600] "GET /wp-json/wp/v2/users HTTP/1.1" 200 1461 "-" "Mozilla/5.0 (Macintosh; Intel Mac OS X 10_15_7) AppleWebKit/605.1.15 (KHTML, like Gecko) Version/16.6 Safari/605.1.15"
216.106.186.108 - - [09/Sep/2026:08:15:31 -0600] "POST /wp-login.php HTTP/1.1" 200 8737 "https://nrfwomencouncil.org/wp-login.php" "Mozilla/5.0 (Windows NT 11.0; Win64; x64) AppleWebKit/537.36 (KHTML, like Gecko) Chrome/121.0.0.0 Safari/537.36"
34.35.153.171 - - [09/Sep/2026:08:15:31 -0600] "GET /vue/.env HTTP/1.1" 404 38097 "-" "Mozilla/5.0 (Windows NT 10.0; Win64; x64) AppleWebKit/537.36 (KHTML, like Gecko) Chrome/131.0.0.0 Safari/537.36"
216.106.186.108 - - [09/Sep/2026:08:15:33 -0600] "GET /wp-admin/index.php HTTP/1.1" 302 - "https://nrfwomencouncil.org/wp-login.php" "Mozilla/5.0 (Windows NT 11.0; Win64; x64) AppleWebKit/537.36 (KHTML, like Gecko) Chrome/121.0.0.0 Safari/537.36"
34.35.153.171 - - [09/Sep/2026:08:15:33 -0600] "GET /angular/.env HTTP/1.1" 404 38097 "-" "Mozilla/5.0 (Windows NT 10.0; Win64; x64) AppleWebKit/537.36 (KHTML, like Gecko) Chrome/131.0.0.0 Safari/537.36"
216.106.186.108 - - [09/Sep/2026:08:15:34 -0600] "GET /wp-login.php?redirect_to=https%3A%2F%2Fnrfwomencouncil.org%2Fwp-admin%2Findex.php&reauth=1 HTTP/1.1" 200 8479 "https://nrfwomencouncil.org/wp-login.php" "Mozilla/5.0 (Windows NT 11.0; Win64; x64) AppleWebKit/537.36 (KHTML, like Gecko) Chrome/121.0.0.0 Safari/537.36"
34.35.153.171 - - [09/Sep/2026:08:15:36 -0600] "GET /svelte/.env HTTP/1.1" 404 38097 "-" "Mozilla/5.0 (Windows NT 10.0; Win64; x64) AppleWebKit/537.36 (KHTML, like Gecko) Chrome/131.0.0.0 Safari/537.36"
216.106.186.108 - - [09/Sep/2026:08:15:37 -0600] "POST /wp-login.php HTTP/1.1" 200 8731 "https://nrfwomencouncil.org/wp-login.php" "Mozilla/5.0 (X11; Ubuntu; Linux x86_64) AppleWebKit/537.36 (KHTML, like Gecko) Chrome/120.0.0.0 Safari/537.36"
34.35.153.171 - - [09/Sep/2026:08:15:38 -0600] "GET /vite/.env HTTP/1.1" 404 38097 "-" "Mozilla/5.0 (Windows NT 10.0; Win64; x64) AppleWebKit/537.36 (KHTML, like Gecko) Chrome/131.0.0.0 Safari/537.36"
216.106.186.108 - - [09/Sep/2026:08:15:39 -0600] "GET /wp-admin/index.php HTTP/1.1" 302 - "https://nrfwomencouncil.org/wp-login.php" "Mozilla/5.0 (Windows NT 11.0; Win64; x64) AppleWebKit/537.36 (KHTML, like Gecko) Chrome/121.0.0.0 Safari/537.36"
34.35.153.171 - - [09/Sep/2026:08:15:41 -0600] "GET /backup/.env HTTP/1.1" 404 38097 "-" "Mozilla/5.0 (Windows NT 10.0; Win64; x64) AppleWebKit/537.36 (KHTML, like Gecko) Chrome/131.0.0.0 Safari/537.36"
216.106.186.108 - - [09/Sep/2026:08:15:42 -0600] "GET /wp-login.php?redirect_to=https%3A%2F%2Fnrfwomencouncil.org%2Fwp-admin%2Findex.php&reauth=1 HTTP/1.1" 200 8479 "https://nrfwomencouncil.org/wp-login.php" "Mozilla/5.0 (Windows NT 11.0; Win64; x64) AppleWebKit/537.36 (KHTML, like Gecko) Chrome/121.0.0.0 Safari/537.36"
216.106.186.108 - - [09/Sep/2026:08:15:43 -0600] "POST /wp-login.php HTTP/1.1" 200 8732 "https://nrfwomencouncil.org/wp-login.php" "Mozilla/5.0 (X11; Ubuntu; Linux x86_64) AppleWebKit/537.36 (KHTML, like Gecko) Chrome/121.0.0.0 Safari/537.36"
34.35.153.171 - - [09/Sep/2026:08:15:44 -0600] "GET /backups/.env HTTP/1.1" 404 38097 "-" "Mozilla/5.0 (Windows NT 10.0; Win64; x64) AppleWebKit/537.36 (KHTML, like Gecko) Chrome/131.0.0.0 Safari/537.36"
216.106.186.108 - - [09/Sep/2026:08:15:46 -0600] "GET /wp-admin/index.php HTTP/1.1" 302 - "https://nrfwomencouncil.org/wp-login.php" "Mozilla/5.0 (Macintosh; Intel Mac OS X 13_6_1) AppleWebKit/537.36 (KHTML, like Gecko) Chrome/118.0.0.0 Safari/537.36"
34.35.153.171 - - [09/Sep/2026:08:15:46 -0600] "GET /old/.env HTTP/1.1" 404 38097 "-" "Mozilla/5.0 (Windows NT 10.0; Win64; x64) AppleWebKit/537.36 (KHTML, like Gecko) Chrome/131.0.0.0 Safari/537.36"
216.106.186.108 - - [09/Sep/2026:08:15:47 -0600] "GET /wp-login.php?redirect_to=https%3A%2F%2Fnrfwomencouncil.org%2Fwp-admin%2Findex.php&reauth=1 HTTP/1.1" 200 8479 "https://nrfwomencouncil.org/wp-login.php" "Mozilla/5.0 (Macintosh; Intel Mac OS X 13_6_1) AppleWebKit/537.36 (KHTML, like Gecko) Chrome/118.0.0.0 Safari/537.36"
34.35.153.171 - - [09/Sep/2026:08:15:48 -0600] "GET /tmp/.env HTTP/1.1" 404 38097 "-" "Mozilla/5.0 (Windows NT 10.0; Win64; x64) AppleWebKit/537.36 (KHTML, like Gecko) Chrome/131.0.0.0 Safari/537.36"
216.106.186.108 - - [09/Sep/2026:08:15:49 -0600] "POST /wp-login.php HTTP/1.1" 200 8733 "https://nrfwomencouncil.org/wp-login.php" "Mozilla/5.0 (Windows NT 11.0; Win64; x64) AppleWebKit/537.36 (KHTML, like Gecko) Chrome/118.0.0.0 Safari/537.36"
34.35.153.171 - - [09/Sep/2026:08:15:51 -0600] "GET /temp/.env HTTP/1.1" 404 38097 "-" "Mozilla/5.0 (Windows NT 10.0; Win64; x64) AppleWebKit/537.36 (KHTML, like Gecko) Chrome/131.0.0.0 Safari/537.36"
216.106.186.108 - - [09/Sep/2026:08:15:51 -0600] "GET /wp-admin/index.php HTTP/1.1" 302 - "https://nrfwomencouncil.org/wp-login.php" "Mozilla/5.0 (Windows NT 11.0; Win64; x64) AppleWebKit/537.36 (KHTML, like Gecko) Chrome/118.0.0.0 Safari/537.36"
34.35.153.171 - - [09/Sep/2026:08:15:53 -0600] "GET /lab/.env HTTP/1.1" 404 38097 "-" "Mozilla/5.0 (Windows NT 10.0; Win64; x64) AppleWebKit/537.36 (KHTML, like Gecko) Chrome/131.0.0.0 Safari/537.36"
216.106.186.108 - - [09/Sep/2026:08:15:53 -0600] "GET /wp-login.php?redirect_to=https%3A%2F%2Fnrfwomencouncil.org%2Fwp-admin%2Findex.php&reauth=1 HTTP/1.1" 200 8479 "https://nrfwomencouncil.org/wp-login.php" "Mozilla/5.0 (Windows NT 11.0; Win64; x64) AppleWebKit/537.36 (KHTML, like Gecko) Chrome/118.0.0.0 Safari/537.36"
34.35.153.171 - - [09/Sep/2026:08:15:56 -0600] "GET /cronlab/.env HTTP/1.1" 404 38097 "-" "Mozilla/5.0 (Windows NT 10.0; Win64; x64) AppleWebKit/537.36 (KHTML, like Gecko) Chrome/131.0.0.0 Safari/537.36"
216.106.186.108 - - [09/Sep/2026:08:15:56 -0600] "POST /wp-login.php HTTP/1.1" 200 8735 "https://nrfwomencouncil.org/wp-login.php" "Mozilla/5.0 (Macintosh; Intel Mac OS X 13_6_1; rv:118.0) Gecko/20100101 Firefox/118.0"
162.240.68.55 - - [09/Sep/2026:08:15:58 -0600] "POST /wp-cron.php?doing_wp_cron=1788963358.0000751018524169921875 HTTP/1.1" 200 - "-" "WordPress/7.1; https://nrfwomencouncil.org"
34.35.153.171 - - [09/Sep/2026:08:15:59 -0600] "GET /cron/.env HTTP/1.1" 404 38097 "-" "Mozilla/5.0 (Windows NT 10.0; Win64; x64) AppleWebKit/537.36 (KHTML, like Gecko) Chrome/131.0.0.0 Safari/537.36"
216.106.186.108 - - [09/Sep/2026:08:15:59 -0600] "GET /wp-admin/index.php HTTP/1.1" 302 - "https://nrfwomencouncil.org/wp-login.php" "Mozilla/5.0 (Macintosh; Intel Mac OS X 10_15_7) AppleWebKit/605.1.15 (KHTML, like Gecko) Version/17.1 Safari/605.1.15"
216.106.186.108 - - [09/Sep/2026:08:16:01 -0600] "GET /wp-login.php?redirect_to=https%3A%2F%2Fnrfwomencouncil.org%2Fwp-admin%2Findex.php&reauth=1 HTTP/1.1" 200 8479 "https://nrfwomencouncil.org/wp-login.php" "Mozilla/5.0 (Macintosh; Intel Mac OS X 10_15_7) AppleWebKit/605.1.15 (KHTML, like Gecko) Version/17.1 Safari/605.1.15"
34.35.153.171 - - [09/Sep/2026:08:16:02 -0600] "GET /en/.env HTTP/1.1" 404 38097 "-" "Mozilla/5.0 (Windows NT 10.0; Win64; x64) AppleWebKit/537.36 (KHTML, like Gecko) Chrome/131.0.0.0 Safari/537.36"
216.106.186.108 - - [09/Sep/2026:08:16:04 -0600] "POST /wp-login.php HTTP/1.1" 200 8738 "https://nrfwomencouncil.org/wp-login.php" "Mozilla/5.0 (Windows NT 11.0; Win64; x64) AppleWebKit/537.36 (KHTML, like Gecko) Chrome/119.0.0.0 Safari/537.36"
34.35.153.171 - - [09/Sep/2026:08:16:05 -0600] "GET /administrator/.env HTTP/1.1" 404 38097 "-" "Mozilla/5.0 (Windows NT 10.0; Win64; x64) AppleWebKit/537.36 (KHTML, like Gecko) Chrome/131.0.0.0 Safari/537.36"
216.106.186.108 - - [09/Sep/2026:08:16:06 -0600] "GET /wp-admin/index.php HTTP/1.1" 302 - "https://nrfwomencouncil.org/wp-login.php" "Mozilla/5.0 (X11; Linux x86_64) AppleWebKit/537.36 (KHTML, like Gecko) Chrome/118.0.0.0 Safari/537.36"
34.35.153.171 - - [09/Sep/2026:08:16:07 -0600] "GET /psnlink/.env HTTP/1.1" 404 38097 "-" "Mozilla/5.0 (Windows NT 10.0; Win64; x64) AppleWebKit/537.36 (KHTML, like Gecko) Chrome/131.0.0.0 Safari/537.36"
216.106.186.108 - - [09/Sep/2026:08:16:08 -0600] "GET /wp-login.php?redirect_to=https%3A%2F%2Fnrfwomencouncil.org%2Fwp-admin%2Findex.php&reauth=1 HTTP/1.1" 200 8479 "https://nrfwomencouncil.org/wp-login.php" "Mozilla/5.0 (X11; Linux x86_64) AppleWebKit/537.36 (KHTML, like Gecko) Chrome/118.0.0.0 Safari/537.36"
34.35.153.171 - - [09/Sep/2026:08:16:10 -0600] "GET /exapi/.env HTTP/1.1" 404 38097 "-" "Mozilla/5.0 (Windows NT 10.0; Win64; x64) AppleWebKit/537.36 (KHTML, like Gecko) Chrome/131.0.0.0 Safari/537.36"
216.106.186.108 - - [09/Sep/2026:08:16:10 -0600] "POST /wp-login.php HTTP/1.1" 200 8735 "https://nrfwomencouncil.org/wp-login.php" "Mozilla/5.0 (Macintosh; Intel Mac OS X 13_6_1; rv:120.0) Gecko/20100101 Firefox/120.0"
216.106.186.108 - - [09/Sep/2026:08:16:12 -0600] "GET /wp-admin/index.php HTTP/1.1" 302 - "https://nrfwomencouncil.org/wp-login.php" "Mozilla/5.0 (Windows NT 11.0; Win64; x64; rv:120.0) Gecko/20100101 Firefox/120.0"
34.35.153.171 - - [09/Sep/2026:08:16:12 -0600] "GET /sitemaps/.env HTTP/1.1" 404 38097 "-" "Mozilla/5.0 (Windows NT 10.0; Win64; x64) AppleWebKit/537.36 (KHTML, like Gecko) Chrome/131.0.0.0 Safari/537.36"
216.106.186.108 - - [09/Sep/2026:08:16:14 -0600] "GET /wp-login.php?redirect_to=https%3A%2F%2Fnrfwomencouncil.org%2Fwp-admin%2Findex.php&reauth=1 HTTP/1.1" 200 8479 "https://nrfwomencouncil.org/wp-login.php" "Mozilla/5.0 (Windows NT 11.0; Win64; x64; rv:120.0) Gecko/20100101 Firefox/120.0"
34.35.153.171 - - [09/Sep/2026:08:16:15 -0600] "GET /.env.backup1 HTTP/1.1" 404 38097 "-" "Mozilla/5.0 (Windows NT 10.0; Win64; x64) AppleWebKit/537.36 (KHTML, like Gecko) Chrome/131.0.0.0 Safari/537.36"
216.106.186.108 - - [09/Sep/2026:08:16:16 -0600] "POST /wp-login.php HTTP/1.1" 200 8735 "https://nrfwomencouncil.org/wp-login.php" "Mozilla/5.0 (Macintosh; Intel Mac OS X 13_6_1) AppleWebKit/537.36 (KHTML, like Gecko) Chrome/120.0.0.0 Safari/537.36"
34.35.153.171 - - [09/Sep/2026:08:16:17 -0600] "GET /.env.backup2 HTTP/1.1" 404 38097 "-" "Mozilla/5.0 (Windows NT 10.0; Win64; x64) AppleWebKit/537.36 (KHTML, like Gecko) Chrome/131.0.0.0 Safari/537.36"
216.106.186.108 - - [09/Sep/2026:08:16:18 -0600] "GET /wp-admin/index.php HTTP/1.1" 302 - "https://nrfwomencouncil.org/wp-login.php" "Mozilla/5.0 (Macintosh; Intel Mac OS X 10_15_7) AppleWebKit/605.1.15 (KHTML, like Gecko) Version/17.1 Safari/605.1.15"
34.35.153.171 - - [09/Sep/2026:08:16:19 -0600] "GET /logs/.env HTTP/1.1" 404 38097 "-" "Mozilla/5.0 (Windows NT 10.0; Win64; x64) AppleWebKit/537.36 (KHTML, like Gecko) Chrome/131.0.0.0 Safari/537.36"
216.106.186.108 - - [09/Sep/2026:08:16:20 -0600] "GET /wp-login.php?redirect_to=https%3A%2F%2Fnrfwomencouncil.org%2Fwp-admin%2Findex.php&reauth=1 HTTP/1.1" 200 8479 "https://nrfwomencouncil.org/wp-login.php" "Mozilla/5.0 (Macintosh; Intel Mac OS X 10_15_7) AppleWebKit/605.1.15 (KHTML, like Gecko) Version/17.1 Safari/605.1.15"
34.35.153.171 - - [09/Sep/2026:08:16:21 -0600] "GET /cache/.env HTTP/1.1" 404 38097 "-" "Mozilla/5.0 (Windows NT 10.0; Win64; x64) AppleWebKit/537.36 (KHTML, like Gecko) Chrome/131.0.0.0 Safari/537.36"
216.106.186.108 - - [09/Sep/2026:08:16:22 -0600] "POST /wp-login.php HTTP/1.1" 200 8734 "https://nrfwomencouncil.org/wp-login.php" "Mozilla/5.0 (Macintosh; Intel Mac OS X 10_15_7) AppleWebKit/537.36 (KHTML, like Gecko) Chrome/118.0.0.0 Safari/537.36"
34.35.153.171 - - [09/Sep/2026:08:16:24 -0600] "GET /mailer/.env HTTP/1.1" 404 38097 "-" "Mozilla/5.0 (Windows NT 10.0; Win64; x64) AppleWebKit/537.36 (KHTML, like Gecko) Chrome/131.0.0.0 Safari/537.36"
216.106.186.108 - - [09/Sep/2026:08:16:25 -0600] "GET /wp-admin/index.php HTTP/1.1" 302 - "https://nrfwomencouncil.org/wp-login.php" "Mozilla/5.0 (Macintosh; Intel Mac OS X 13_6_1) AppleWebKit/605.1.15 (KHTML, like Gecko) Version/17.2 Safari/605.1.15"
34.35.153.171 - - [09/Sep/2026:08:16:26 -0600] "GET /mail/.env HTTP/1.1" 404 38097 "-" "Mozilla/5.0 (Windows NT 10.0; Win64; x64) AppleWebKit/537.36 (KHTML, like Gecko) Chrome/131.0.0.0 Safari/537.36"
216.106.186.108 - - [09/Sep/2026:08:16:26 -0600] "GET /wp-login.php?redirect_to=https%3A%2F%2Fnrfwomencouncil.org%2Fwp-admin%2Findex.php&reauth=1 HTTP/1.1" 200 8479 "https://nrfwomencouncil.org/wp-login.php" "Mozilla/5.0 (Macintosh; Intel Mac OS X 13_6_1) AppleWebKit/605.1.15 (KHTML, like Gecko) Version/17.2 Safari/605.1.15"
216.106.186.108 - - [09/Sep/2026:08:16:28 -0600] "POST /wp-login.php HTTP/1.1" 200 8732 "https://nrfwomencouncil.org/wp-login.php" "Mozilla/5.0 (Macintosh; Intel Mac OS X 13_6_1; rv:119.0) Gecko/20100101 Firefox/119.0"
34.35.153.171 - - [09/Sep/2026:08:16:28 -0600] "GET /email/.env HTTP/1.1" 404 38097 "-" "Mozilla/5.0 (Windows NT 10.0; Win64; x64) AppleWebKit/537.36 (KHTML, like Gecko) Chrome/131.0.0.0 Safari/537.36"
216.106.186.108 - - [09/Sep/2026:08:16:31 -0600] "GET /wp-admin/index.php HTTP/1.1" 302 - "https://nrfwomencouncil.org/wp-login.php" "Mozilla/5.0 (Macintosh; Intel Mac OS X 13_6_1; rv:118.0) Gecko/20100101 Firefox/118.0"
34.35.153.171 - - [09/Sep/2026:08:16:31 -0600] "GET /smtp/.env HTTP/1.1" 404 38097 "-" "Mozilla/5.0 (Windows NT 10.0; Win64; x64) AppleWebKit/537.36 (KHTML, like Gecko) Chrome/131.0.0.0 Safari/537.36"
216.106.186.108 - - [09/Sep/2026:08:16:33 -0600] "GET /wp-login.php?redirect_to=https%3A%2F%2Fnrfwomencouncil.org%2Fwp-admin%2Findex.php&reauth=1 HTTP/1.1" 200 8479 "https://nrfwomencouncil.org/wp-login.php" "Mozilla/5.0 (Macintosh; Intel Mac OS X 13_6_1; rv:118.0) Gecko/20100101 Firefox/118.0"
34.35.153.171 - - [09/Sep/2026:08:16:33 -0600] "GET /mailing/.env HTTP/1.1" 404 38097 "-" "Mozilla/5.0 (Windows NT 10.0; Win64; x64) AppleWebKit/537.36 (KHTML, like Gecko) Chrome/131.0.0.0 Safari/537.36"
216.106.186.108 - - [09/Sep/2026:08:16:36 -0600] "POST /wp-login.php HTTP/1.1" 200 8738 "https://nrfwomencouncil.org/wp-login.php" "Mozilla/5.0 (Windows NT 11.0; Win64; x64; rv:120.0) Gecko/20100101 Firefox/120.0"
34.35.153.171 - - [09/Sep/2026:08:16:36 -0600] "GET /notifications/.env HTTP/1.1" 404 38097 "-" "Mozilla/5.0 (Windows NT 10.0; Win64; x64) AppleWebKit/537.36 (KHTML, like Gecko) Chrome/131.0.0.0 Safari/537.36"
216.106.186.108 - - [09/Sep/2026:08:16:38 -0600] "GET /wp-admin/index.php HTTP/1.1" 302 - "https://nrfwomencouncil.org/wp-login.php" "Mozilla/5.0 (Macintosh; Intel Mac OS X 10_15_7) AppleWebKit/605.1.15 (KHTML, like Gecko) Version/16.6 Safari/605.1.15"
34.35.153.171 - - [09/Sep/2026:08:16:38 -0600] "GET /notify/.env HTTP/1.1" 404 38097 "-" "Mozilla/5.0 (Windows NT 10.0; Win64; x64) AppleWebKit/537.36 (KHTML, like Gecko) Chrome/131.0.0.0 Safari/537.36"
216.106.186.108 - - [09/Sep/2026:08:16:40 -0600] "GET /wp-login.php?redirect_to=https%3A%2F%2Fnrfwomencouncil.org%2Fwp-admin%2Findex.php&reauth=1 HTTP/1.1" 200 8479 "https://nrfwomencouncil.org/wp-login.php" "Mozilla/5.0 (Macintosh; Intel Mac OS X 10_15_7) AppleWebKit/605.1.15 (KHTML, like Gecko) Version/16.6 Safari/605.1.15"
34.35.153.171 - - [09/Sep/2026:08:16:42 -0600] "GET /sender/.env HTTP/1.1" 404 38097 "-" "Mozilla/5.0 (Windows NT 10.0; Win64; x64) AppleWebKit/537.36 (KHTML, like Gecko) Chrome/131.0.0.0 Safari/537.36"
216.106.186.108 - - [09/Sep/2026:08:16:44 -0600] "POST /wp-login.php HTTP/1.1" 200 8735 "https://nrfwomencouncil.org/wp-login.php" "Mozilla/5.0 (Windows NT 10.0; Win64; x64; rv:120.0) Gecko/20100101 Firefox/120.0"
34.35.153.171 - - [09/Sep/2026:08:16:45 -0600] "GET /campaign/.env HTTP/1.1" 404 38097 "-" "Mozilla/5.0 (Windows NT 10.0; Win64; x64) AppleWebKit/537.36 (KHTML, like Gecko) Chrome/131.0.0.0 Safari/537.36"
216.106.186.108 - - [09/Sep/2026:08:16:46 -0600] "GET /wp-admin/index.php HTTP/1.1" 302 - "https://nrfwomencouncil.org/wp-login.php" "Mozilla/5.0 (Windows NT 11.0; Win64; x64; rv:120.0) Gecko/20100101 Firefox/120.0"
216.106.186.108 - - [09/Sep/2026:08:16:48 -0600] "GET /wp-login.php?redirect_to=https%3A%2F%2Fnrfwomencouncil.org%2Fwp-admin%2Findex.php&reauth=1 HTTP/1.1" 200 8479 "https://nrfwomencouncil.org/wp-login.php" "Mozilla/5.0 (Windows NT 11.0; Win64; x64; rv:120.0) Gecko/20100101 Firefox/120.0"
34.35.153.171 - - [09/Sep/2026:08:16:48 -0600] "GET /newsletter/.env HTTP/1.1" 404 38097 "-" "Mozilla/5.0 (Windows NT 10.0; Win64; x64) AppleWebKit/537.36 (KHTML, like Gecko) Chrome/131.0.0.0 Safari/537.36"
216.106.186.108 - - [09/Sep/2026:08:16:50 -0600] "POST /wp-login.php HTTP/1.1" 200 8735 "https://nrfwomencouncil.org/wp-login.php" "Mozilla/5.0 (Windows NT 11.0; Win64; x64) AppleWebKit/537.36 (KHTML, like Gecko) Chrome/118.0.0.0 Safari/537.36"
34.35.153.171 - - [09/Sep/2026:08:16:50 -0600] "GET /ses/.env HTTP/1.1" 404 38097 "-" "Mozilla/5.0 (Windows NT 10.0; Win64; x64) AppleWebKit/537.36 (KHTML, like Gecko) Chrome/131.0.0.0 Safari/537.36"
216.106.186.108 - - [09/Sep/2026:08:16:52 -0600] "GET /wp-admin/index.php HTTP/1.1" 302 - "https://nrfwomencouncil.org/wp-login.php" "Mozilla/5.0 (Macintosh; Intel Mac OS X 13_6_1; rv:121.0) Gecko/20100101 Firefox/121.0"
34.35.153.171 - - [09/Sep/2026:08:16:52 -0600] "GET /sendgrid/.env HTTP/1.1" 404 38097 "-" "Mozilla/5.0 (Windows NT 10.0; Win64; x64) AppleWebKit/537.36 (KHTML, like Gecko) Chrome/131.0.0.0 Safari/537.36"
