216.106.186.108 - - [09/Sep/2026:08:16:54 -0600] "GET /wp-login.php?redirect_to=https%3A%2F%2Fnrfwomencouncil.org%2Fwp-admin%2Findex.php&reauth=1 HTTP/1.1" 200 8479 "https://nrfwomencouncil.org/wp-login.php" "Mozilla/5.0 (Macintosh; Intel Mac OS X 13_6_1; rv:121.0) Gecko/20100101 Firefox/121.0"
34.35.153.171 - - [09/Sep/2026:08:16:55 -0600] "GET /sparkpost/.env HTTP/1.1" 404 38097 "-" "Mozilla/5.0 (Windows NT 10.0; Win64; x64) AppleWebKit/537.36 (KHTML, like Gecko) Chrome/131.0.0.0 Safari/537.36"
216.106.186.108 - - [09/Sep/2026:08:16:56 -0600] "POST /wp-login.php HTTP/1.1" 200 8730 "https://nrfwomencouncil.org/wp-login.php" "Mozilla/5.0 (Macintosh; Intel Mac OS X 10_15_7) AppleWebKit/537.36 (KHTML, like Gecko) Chrome/120.0.0.0 Safari/537.36"
51.81.66.12 - - [09/Sep/2026:08:16:56 -0600] "GET / HTTP/1.1" 200 63079 "-" "Mozilla/5.0 (CentOS; Linux i686) AppleWebKit/537.36 (KHTML, like Gecko) Chrome/139.0.0.0 Safari/537.36"
34.35.153.171 - - [09/Sep/2026:08:16:57 -0600] "GET /postmark/.env HTTP/1.1" 404 38097 "-" "Mozilla/5.0 (Windows NT 10.0; Win64; x64) AppleWebKit/537.36 (KHTML, like Gecko) Chrome/131.0.0.0 Safari/537.36"
162.240.68.55 - - [09/Sep/2026:08:16:58 -0600] "POST /wp-cron.php?doing_wp_cron=1788963418.1397900581359863281250 HTTP/1.1" 200 - "-" "WordPress/7.1; https://nrfwomencouncil.org"
216.106.186.108 - - [09/Sep/2026:08:16:59 -0600] "GET /wp-admin/index.php HTTP/1.1" 302 - "https://nrfwomencouncil.org/wp-login.php" "Mozilla/5.0 (Macintosh; Intel Mac OS X 13_6_1) AppleWebKit/537.36 (KHTML, like Gecko) Chrome/121.0.0.0 Safari/537.36"
34.35.153.171 - - [09/Sep/2026:08:17:00 -0600] "GET /mailgun/.env HTTP/1.1" 404 38097 "-" "Mozilla/5.0 (Windows NT 10.0; Win64; x64) AppleWebKit/537.36 (KHTML, like Gecko) Chrome/131.0.0.0 Safari/537.36"
216.106.186.108 - - [09/Sep/2026:08:17:02 -0600] "GET /wp-login.php?redirect_to=https%3A%2F%2Fnrfwomencouncil.org%2Fwp-admin%2Findex.php&reauth=1 HTTP/1.1" 200 8479 "https://nrfwomencouncil.org/wp-login.php" "Mozilla/5.0 (Macintosh; Intel Mac OS X 13_6_1) AppleWebKit/537.36 (KHTML, like Gecko) Chrome/121.0.0.0 Safari/537.36"
34.35.153.171 - - [09/Sep/2026:08:17:03 -0600] "GET /mandrill/.env HTTP/1.1" 404 38097 "-" "Mozilla/5.0 (Windows NT 10.0; Win64; x64) AppleWebKit/537.36 (KHTML, like Gecko) Chrome/131.0.0.0 Safari/537.36"
216.106.186.108 - - [09/Sep/2026:08:17:03 -0600] "POST /wp-login.php HTTP/1.1" 200 8739 "https://nrfwomencouncil.org/wp-login.php" "Mozilla/5.0 (Windows NT 10.0; Win64; x64; rv:118.0) Gecko/20100101 Firefox/118.0"
34.35.153.171 - - [09/Sep/2026:08:17:05 -0600] "GET /mailjet/.env HTTP/1.1" 404 38097 "-" "Mozilla/5.0 (Windows NT 10.0; Win64; x64) AppleWebKit/537.36 (KHTML, like Gecko) Chrome/131.0.0.0 Safari/537.36"
216.106.186.108 - - [09/Sep/2026:08:17:06 -0600] "GET /wp-admin/index.php HTTP/1.1" 302 - "https://nrfwomencouncil.org/wp-login.php" "Mozilla/5.0 (Macintosh; Intel Mac OS X 10_15_7) AppleWebKit/605.1.15 (KHTML, like Gecko) Version/17.2 Safari/605.1.15"
216.106.186.108 - - [09/Sep/2026:08:17:08 -0600] "GET /wp-login.php?redirect_to=https%3A%2F%2Fnrfwomencouncil.org%2Fwp-admin%2Findex.php&reauth=1 HTTP/1.1" 200 8479 "https://nrfwomencouncil.org/wp-login.php" "Mozilla/5.0 (Macintosh; Intel Mac OS X 10_15_7) AppleWebKit/605.1.15 (KHTML, like Gecko) Version/17.2 Safari/605.1.15"
34.35.153.171 - - [09/Sep/2026:08:17:08 -0600] "GET /brevo/.env HTTP/1.1" 404 38097 "-" "Mozilla/5.0 (Windows NT 10.0; Win64; x64) AppleWebKit/537.36 (KHTML, like Gecko) Chrome/131.0.0.0 Safari/537.36"
216.106.186.108 - - [09/Sep/2026:08:17:10 -0600] "POST /wp-login.php HTTP/1.1" 200 8735 "https://nrfwomencouncil.org/wp-login.php" "Mozilla/5.0 (Macintosh; Intel Mac OS X 13_6_1) AppleWebKit/605.1.15 (KHTML, like Gecko) Version/16.6 Safari/605.1.15"
34.35.153.171 - - [09/Sep/2026:08:17:10 -0600] "GET /transactional/.env HTTP/1.1" 404 38097 "-" "Mozilla/5.0 (Windows NT 10.0; Win64; x64) AppleWebKit/537.36 (KHTML, like Gecko) Chrome/131.0.0.0 Safari/537.36"
216.106.186.108 - - [09/Sep/2026:08:17:12 -0600] "GET /wp-admin/index.php HTTP/1.1" 302 - "https://nrfwomencouncil.org/wp-login.php" "Mozilla/5.0 (Macintosh; Intel Mac OS X 13_6_1) AppleWebKit/537.36 (KHTML, like Gecko) Chrome/120.0.0.0 Safari/537.36"
34.35.153.171 - - [09/Sep/2026:08:17:12 -0600] "GET /bulk/.env HTTP/1.1" 404 38097 "-" "Mozilla/5.0 (Windows NT 10.0; Win64; x64) AppleWebKit/537.36 (KHTML, like Gecko) Chrome/131.0.0.0 Safari/537.36"
216.106.186.108 - - [09/Sep/2026:08:17:14 -0600] "GET /wp-login.php?redirect_to=https%3A%2F%2Fnrfwomencouncil.org%2Fwp-admin%2Findex.php&reauth=1 HTTP/1.1" 200 8479 "https://nrfwomencouncil.org/wp-login.php" "Mozilla/5.0 (Macintosh; Intel Mac OS X 13_6_1) AppleWebKit/537.36 (KHTML, like Gecko) Chrome/120.0.0.0 Safari/537.36"
34.35.153.171 - - [09/Sep/2026:08:17:14 -0600] "GET /aws/.env HTTP/1.1" 404 38097 "-" "Mozilla/5.0 (Windows NT 10.0; Win64; x64) AppleWebKit/537.36 (KHTML, like Gecko) Chrome/131.0.0.0 Safari/537.36"
216.106.186.108 - - [09/Sep/2026:08:17:15 -0600] "POST /wp-login.php HTTP/1.1" 200 8731 "https://nrfwomencouncil.org/wp-login.php" "Mozilla/5.0 (Windows NT 10.0; Win64; x64; rv:118.0) Gecko/20100101 Firefox/118.0"
34.35.153.171 - - [09/Sep/2026:08:17:17 -0600] "GET /azure/.env HTTP/1.1" 404 38097 "-" "Mozilla/5.0 (Windows NT 10.0; Win64; x64) AppleWebKit/537.36 (KHTML, like Gecko) Chrome/131.0.0.0 Safari/537.36"
216.106.186.108 - - [09/Sep/2026:08:17:17 -0600] "GET /wp-admin/index.php HTTP/1.1" 302 - "https://nrfwomencouncil.org/wp-login.php" "Mozilla/5.0 (Macintosh; Intel Mac OS X 13_6_1; rv:119.0) Gecko/20100101 Firefox/119.0"
216.106.186.108 - - [09/Sep/2026:08:17:19 -0600] "GET /wp-login.php?redirect_to=https%3A%2F%2Fnrfwomencouncil.org%2Fwp-admin%2Findex.php&reauth=1 HTTP/1.1" 200 8479 "https://nrfwomencouncil.org/wp-login.php" "Mozilla/5.0 (Macintosh; Intel Mac OS X 13_6_1; rv:119.0) Gecko/20100101 Firefox/119.0"
34.35.153.171 - - [09/Sep/2026:08:17:19 -0600] "GET /gcp/.env HTTP/1.1" 404 38097 "-" "Mozilla/5.0 (Windows NT 10.0; Win64; x64) AppleWebKit/537.36 (KHTML, like Gecko) Chrome/131.0.0.0 Safari/537.36"
216.106.186.108 - - [09/Sep/2026:08:17:21 -0600] "POST /wp-login.php HTTP/1.1" 200 8735 "https://nrfwomencouncil.org/wp-login.php" "Mozilla/5.0 (Macintosh; Intel Mac OS X 13_6_1; rv:118.0) Gecko/20100101 Firefox/118.0"
34.35.153.171 - - [09/Sep/2026:08:17:22 -0600] "GET /cloud/.env HTTP/1.1" 404 38097 "-" "Mozilla/5.0 (Windows NT 10.0; Win64; x64) AppleWebKit/537.36 (KHTML, like Gecko) Chrome/131.0.0.0 Safari/537.36"
216.106.186.108 - - [09/Sep/2026:08:17:23 -0600] "GET /wp-admin/index.php HTTP/1.1" 302 - "https://nrfwomencouncil.org/wp-login.php" "Mozilla/5.0 (Windows NT 10.0; Win64; x64; rv:118.0) Gecko/20100101 Firefox/118.0"
34.35.153.171 - - [09/Sep/2026:08:17:24 -0600] "GET /infrastructure/.env HTTP/1.1" 404 38097 "-" "Mozilla/5.0 (Windows NT 10.0; Win64; x64) AppleWebKit/537.36 (KHTML, like Gecko) Chrome/131.0.0.0 Safari/537.36"
170.106.181.163 - - [09/Sep/2026:08:17:24 -0600] "GET /category/messages/feed/ HTTP/1.1" 200 8504 "-" "Mozilla/5.0 (iPhone; CPU iPhone OS 13_2_3 like Mac OS X) AppleWebKit/605.1.15 (KHTML, like Gecko) Version/13.0.3 Mobile/15E148 Safari/604.1"
216.106.186.108 - - [09/Sep/2026:08:17:25 -0600] "GET /wp-login.php?redirect_to=https%3A%2F%2Fnrfwomencouncil.org%2Fwp-admin%2Findex.php&reauth=1 HTTP/1.1" 200 8479 "https://nrfwomencouncil.org/wp-login.php" "Mozilla/5.0 (Windows NT 10.0; Win64; x64; rv:118.0) Gecko/20100101 Firefox/118.0"
34.35.153.171 - - [09/Sep/2026:08:17:27 -0600] "GET /docker/.env HTTP/1.1" 404 38097 "-" "Mozilla/5.0 (Windows NT 10.0; Win64; x64) AppleWebKit/537.36 (KHTML, like Gecko) Chrome/131.0.0.0 Safari/537.36"
216.106.186.108 - - [09/Sep/2026:08:17:27 -0600] "POST /wp-login.php HTTP/1.1" 200 8743 "https://nrfwomencouncil.org/wp-login.php" "Mozilla/5.0 (X11; Linux x86_64) AppleWebKit/537.36 (KHTML, like Gecko) Chrome/120.0.0.0 Safari/537.36"
34.35.153.171 - - [09/Sep/2026:08:17:28 -0600] "GET /k8s/.env HTTP/1.1" 404 38097 "-" "Mozilla/5.0 (Windows NT 10.0; Win64; x64) AppleWebKit/537.36 (KHTML, like Gecko) Chrome/131.0.0.0 Safari/537.36"
216.106.186.108 - - [09/Sep/2026:08:17:29 -0600] "GET /wp-admin/index.php HTTP/1.1" 302 - "https://nrfwomencouncil.org/wp-login.php" "Mozilla/5.0 (Windows NT 10.0; Win64; x64) AppleWebKit/537.36 (KHTML, like Gecko) Chrome/118.0.0.0 Safari/537.36"
34.35.153.171 - - [09/Sep/2026:08:17:31 -0600] "GET /kubernetes/.env HTTP/1.1" 404 38097 "-" "Mozilla/5.0 (Windows NT 10.0; Win64; x64) AppleWebKit/537.36 (KHTML, like Gecko) Chrome/131.0.0.0 Safari/537.36"
216.106.186.108 - - [09/Sep/2026:08:17:31 -0600] "GET /wp-login.php?redirect_to=https%3A%2F%2Fnrfwomencouncil.org%2Fwp-admin%2Findex.php&reauth=1 HTTP/1.1" 200 8479 "https://nrfwomencouncil.org/wp-login.php" "Mozilla/5.0 (Windows NT 10.0; Win64; x64) AppleWebKit/537.36 (KHTML, like Gecko) Chrome/118.0.0.0 Safari/537.36"
216.106.186.108 - - [09/Sep/2026:08:17:33 -0600] "POST /wp-login.php HTTP/1.1" 200 8735 "https://nrfwomencouncil.org/wp-login.php" "Mozilla/5.0 (X11; Ubuntu; Linux x86_64) AppleWebKit/537.36 (KHTML, like Gecko) Chrome/120.0.0.0 Safari/537.36"
34.35.153.171 - - [09/Sep/2026:08:17:33 -0600] "GET /terraform/.env HTTP/1.1" 404 38097 "-" "Mozilla/5.0 (Windows NT 10.0; Win64; x64) AppleWebKit/537.36 (KHTML, like Gecko) Chrome/131.0.0.0 Safari/537.36"
216.106.186.108 - - [09/Sep/2026:08:17:35 -0600] "GET /wp-admin/index.php HTTP/1.1" 302 - "https://nrfwomencouncil.org/wp-login.php" "Mozilla/5.0 (Macintosh; Intel Mac OS X 13_6_1) AppleWebKit/537.36 (KHTML, like Gecko) Chrome/121.0.0.0 Safari/537.36"
34.35.153.171 - - [09/Sep/2026:08:17:36 -0600] "GET /ansible/.env HTTP/1.1" 404 38097 "-" "Mozilla/5.0 (Windows NT 10.0; Win64; x64) AppleWebKit/537.36 (KHTML, like Gecko) Chrome/131.0.0.0 Safari/537.36"
216.106.186.108 - - [09/Sep/2026:08:17:36 -0600] "GET /wp-login.php?redirect_to=https%3A%2F%2Fnrfwomencouncil.org%2Fwp-admin%2Findex.php&reauth=1 HTTP/1.1" 200 8479 "https://nrfwomencouncil.org/wp-login.php" "Mozilla/5.0 (Macintosh; Intel Mac OS X 13_6_1) AppleWebKit/537.36 (KHTML, like Gecko) Chrome/121.0.0.0 Safari/537.36"
216.106.186.108 - - [09/Sep/2026:08:17:38 -0600] "POST /wp-login.php HTTP/1.1" 200 8735 "https://nrfwomencouncil.org/wp-login.php" "Mozilla/5.0 (Macintosh; Intel Mac OS X 10_15_7) AppleWebKit/537.36 (KHTML, like Gecko) Chrome/119.0.0.0 Safari/537.36"
34.35.153.171 - - [09/Sep/2026:08:17:38 -0600] "GET /.git/.env HTTP/1.1" 404 38097 "-" "Mozilla/5.0 (Windows NT 10.0; Win64; x64) AppleWebKit/537.36 (KHTML, like Gecko) Chrome/131.0.0.0 Safari/537.36"
216.106.186.108 - - [09/Sep/2026:08:17:40 -0600] "GET /wp-admin/index.php HTTP/1.1" 302 - "https://nrfwomencouncil.org/wp-login.php" "Mozilla/5.0 (X11; Linux x86_64) AppleWebKit/537.36 (KHTML, like Gecko) Chrome/120.0.0.0 Safari/537.36"
34.35.153.171 - - [09/Sep/2026:08:17:41 -0600] "GET /ci/.env HTTP/1.1" 404 38097 "-" "Mozilla/5.0 (Windows NT 10.0; Win64; x64) AppleWebKit/537.36 (KHTML, like Gecko) Chrome/131.0.0.0 Safari/537.36"
216.106.186.108 - - [09/Sep/2026:08:17:42 -0600] "GET /wp-login.php?redirect_to=https%3A%2F%2Fnrfwomencouncil.org%2Fwp-admin%2Findex.php&reauth=1 HTTP/1.1" 200 8479 "https://nrfwomencouncil.org/wp-login.php" "Mozilla/5.0 (X11; Linux x86_64) AppleWebKit/537.36 (KHTML, like Gecko) Chrome/120.0.0.0 Safari/537.36"
34.35.153.171 - - [09/Sep/2026:08:17:43 -0600] "GET /cd/.env HTTP/1.1" 404 38097 "-" "Mozilla/5.0 (Windows NT 10.0; Win64; x64) AppleWebKit/537.36 (KHTML, like Gecko) Chrome/131.0.0.0 Safari/537.36"
216.106.186.108 - - [09/Sep/2026:08:17:44 -0600] "POST /wp-login.php HTTP/1.1" 200 8734 "https://nrfwomencouncil.org/wp-login.php" "Mozilla/5.0 (Macintosh; Intel Mac OS X 13_6_1) AppleWebKit/605.1.15 (KHTML, like Gecko) Version/16.6 Safari/605.1.15"
34.35.153.171 - - [09/Sep/2026:08:17:46 -0600] "GET /jenkins/.env HTTP/1.1" 404 38097 "-" "Mozilla/5.0 (Windows NT 10.0; Win64; x64) AppleWebKit/537.36 (KHTML, like Gecko) Chrome/131.0.0.0 Safari/537.36"
216.106.186.108 - - [09/Sep/2026:08:17:46 -0600] "GET /wp-admin/index.php HTTP/1.1" 302 - "https://nrfwomencouncil.org/wp-login.php" "Mozilla/5.0 (Macintosh; Intel Mac OS X 13_6_1) AppleWebKit/605.1.15 (KHTML, like Gecko) Version/17.1 Safari/605.1.15"
216.106.186.108 - - [09/Sep/2026:08:17:48 -0600] "GET /wp-login.php?redirect_to=https%3A%2F%2Fnrfwomencouncil.org%2Fwp-admin%2Findex.php&reauth=1 HTTP/1.1" 200 8479 "https://nrfwomencouncil.org/wp-login.php" "Mozilla/5.0 (Macintosh; Intel Mac OS X 13_6_1) AppleWebKit/605.1.15 (KHTML, like Gecko) Version/17.1 Safari/605.1.15"
34.35.153.171 - - [09/Sep/2026:08:17:48 -0600] "GET /gitlab/.env HTTP/1.1" 404 38097 "-" "Mozilla/5.0 (Windows NT 10.0; Win64; x64) AppleWebKit/537.36 (KHTML, like Gecko) Chrome/131.0.0.0 Safari/537.36"
34.35.153.171 - - [09/Sep/2026:08:17:50 -0600] "GET /github/.env HTTP/1.1" 404 38097 "-" "Mozilla/5.0 (Windows NT 10.0; Win64; x64) AppleWebKit/537.36 (KHTML, like Gecko) Chrome/131.0.0.0 Safari/537.36"
216.106.186.108 - - [09/Sep/2026:08:17:50 -0600] "POST /wp-login.php HTTP/1.1" 200 8739 "https://nrfwomencouncil.org/wp-login.php" "Mozilla/5.0 (Macintosh; Intel Mac OS X 13_6_1; rv:118.0) Gecko/20100101 Firefox/118.0"
216.106.186.108 - - [09/Sep/2026:08:17:52 -0600] "GET /wp-admin/index.php HTTP/1.1" 302 - "https://nrfwomencouncil.org/wp-login.php" "Mozilla/5.0 (X11; Linux x86_64) AppleWebKit/537.36 (KHTML, like Gecko) Chrome/120.0.0.0 Safari/537.36"
34.35.153.171 - - [09/Sep/2026:08:17:52 -0600] "GET /actions/.env HTTP/1.1" 404 38097 "-" "Mozilla/5.0 (Windows NT 10.0; Win64; x64) AppleWebKit/537.36 (KHTML, like Gecko) Chrome/131.0.0.0 Safari/537.36"
216.106.186.108 - - [09/Sep/2026:08:17:54 -0600] "GET /wp-login.php?redirect_to=https%3A%2F%2Fnrfwomencouncil.org%2Fwp-admin%2Findex.php&reauth=1 HTTP/1.1" 200 8479 "https://nrfwomencouncil.org/wp-login.php" "Mozilla/5.0 (X11; Linux x86_64) AppleWebKit/537.36 (KHTML, like Gecko) Chrome/120.0.0.0 Safari/537.36"
34.35.153.171 - - [09/Sep/2026:08:17:55 -0600] "GET /circleci/.env HTTP/1.1" 404 38097 "-" "Mozilla/5.0 (Windows NT 10.0; Win64; x64) AppleWebKit/537.36 (KHTML, like Gecko) Chrome/131.0.0.0 Safari/537.36"
216.106.186.108 - - [09/Sep/2026:08:17:56 -0600] "POST /wp-login.php HTTP/1.1" 200 8735 "https://nrfwomencouncil.org/wp-login.php" "Mozilla/5.0 (Macintosh; Intel Mac OS X 13_6_1) AppleWebKit/537.36 (KHTML, like Gecko) Chrome/120.0.0.0 Safari/537.36"
34.35.153.171 - - [09/Sep/2026:08:17:57 -0600] "GET /travis/.env HTTP/1.1" 404 38097 "-" "Mozilla/5.0 (Windows NT 10.0; Win64; x64) AppleWebKit/537.36 (KHTML, like Gecko) Chrome/131.0.0.0 Safari/537.36"
162.240.68.55 - - [09/Sep/2026:08:17:58 -0600] "POST /wp-cron.php?doing_wp_cron=1788963477.9925849437713623046875 HTTP/1.1" 200 - "-" "WordPress/7.1; https://nrfwomencouncil.org"
216.106.186.108 - - [09/Sep/2026:08:17:59 -0600] "GET /wp-admin/index.php HTTP/1.1" 302 - "https://nrfwomencouncil.org/wp-login.php" "Mozilla/5.0 (Macintosh; Intel Mac OS X 10_15_7; rv:120.0) Gecko/20100101 Firefox/120.0"
34.35.153.171 - - [09/Sep/2026:08:18:00 -0600] "GET /buildkite/.env HTTP/1.1" 404 38097 "-" "Mozilla/5.0 (Windows NT 10.0; Win64; x64) AppleWebKit/537.36 (KHTML, like Gecko) Chrome/131.0.0.0 Safari/537.36"
216.106.186.108 - - [09/Sep/2026:08:18:01 -0600] "GET /wp-login.php?redirect_to=https%3A%2F%2Fnrfwomencouncil.org%2Fwp-admin%2Findex.php&reauth=1 HTTP/1.1" 200 8479 "https://nrfwomencouncil.org/wp-login.php" "Mozilla/5.0 (Macintosh; Intel Mac OS X 10_15_7; rv:120.0) Gecko/20100101 Firefox/120.0"
34.35.153.171 - - [09/Sep/2026:08:18:03 -0600] "GET /mysql/.env HTTP/1.1" 404 38097 "-" "Mozilla/5.0 (Windows NT 10.0; Win64; x64) AppleWebKit/537.36 (KHTML, like Gecko) Chrome/131.0.0.0 Safari/537.36"
216.106.186.108 - - [09/Sep/2026:08:18:03 -0600] "POST /wp-login.php HTTP/1.1" 200 8737 "https://nrfwomencouncil.org/wp-login.php" "Mozilla/5.0 (Macintosh; Intel Mac OS X 13_6_1) AppleWebKit/537.36 (KHTML, like Gecko) Chrome/119.0.0.0 Safari/537.36"
34.35.153.171 - - [09/Sep/2026:08:18:05 -0600] "GET /postgres/.env HTTP/1.1" 404 38097 "-" "Mozilla/5.0 (Windows NT 10.0; Win64; x64) AppleWebKit/537.36 (KHTML, like Gecko) Chrome/131.0.0.0 Safari/537.36"
216.106.186.108 - - [09/Sep/2026:08:18:05 -0600] "GET /wp-admin/index.php HTTP/1.1" 302 - "https://nrfwomencouncil.org/wp-login.php" "Mozilla/5.0 (X11; Ubuntu; Linux x86_64) AppleWebKit/537.36 (KHTML, like Gecko) Chrome/120.0.0.0 Safari/537.36"
216.106.186.108 - - [09/Sep/2026:08:18:07 -0600] "GET /wp-login.php?redirect_to=https%3A%2F%2Fnrfwomencouncil.org%2Fwp-admin%2Findex.php&reauth=1 HTTP/1.1" 200 8479 "https://nrfwomencouncil.org/wp-login.php" "Mozilla/5.0 (X11; Ubuntu; Linux x86_64) AppleWebKit/537.36 (KHTML, like Gecko) Chrome/120.0.0.0 Safari/537.36"
34.35.153.171 - - [09/Sep/2026:08:18:08 -0600] "GET /mongodb/.env HTTP/1.1" 404 38097 "-" "Mozilla/5.0 (Windows NT 10.0; Win64; x64) AppleWebKit/537.36 (KHTML, like Gecko) Chrome/131.0.0.0 Safari/537.36"
216.106.186.108 - - [09/Sep/2026:08:18:10 -0600] "POST /wp-login.php HTTP/1.1" 200 8735 "https://nrfwomencouncil.org/wp-login.php" "Mozilla/5.0 (Macintosh; Intel Mac OS X 13_6_1) AppleWebKit/605.1.15 (KHTML, like Gecko) Version/16.6 Safari/605.1.15"
34.35.153.171 - - [09/Sep/2026:08:18:10 -0600] "GET /redis/.env HTTP/1.1" 404 38097 "-" "Mozilla/5.0 (Windows NT 10.0; Win64; x64) AppleWebKit/537.36 (KHTML, like Gecko) Chrome/131.0.0.0 Safari/537.36"
216.106.186.108 - - [09/Sep/2026:08:18:13 -0600] "GET /wp-admin/index.php HTTP/1.1" 302 - "https://nrfwomencouncil.org/wp-login.php" "Mozilla/5.0 (Windows NT 10.0; Win64; x64) AppleWebKit/537.36 (KHTML, like Gecko) Chrome/118.0.0.0 Safari/537.36"
34.35.153.171 - - [09/Sep/2026:08:18:13 -0600] "GET /elasticsearch/.env HTTP/1.1" 404 38097 "-" "Mozilla/5.0 (Windows NT 10.0; Win64; x64) AppleWebKit/537.36 (KHTML, like Gecko) Chrome/131.0.0.0 Safari/537.36"
216.106.186.108 - - [09/Sep/2026:08:18:15 -0600] "GET /wp-login.php?redirect_to=https%3A%2F%2Fnrfwomencouncil.org%2Fwp-admin%2Findex.php&reauth=1 HTTP/1.1" 200 8479 "https://nrfwomencouncil.org/wp-login.php" "Mozilla/5.0 (Windows NT 10.0; Win64; x64) AppleWebKit/537.36 (KHTML, like Gecko) Chrome/118.0.0.0 Safari/537.36"
34.35.153.171 - - [09/Sep/2026:08:18:16 -0600] "GET /rabbitmq/.env HTTP/1.1" 404 38097 "-" "Mozilla/5.0 (Windows NT 10.0; Win64; x64) AppleWebKit/537.36 (KHTML, like Gecko) Chrome/131.0.0.0 Safari/537.36"
216.106.186.108 - - [09/Sep/2026:08:18:17 -0600] "POST /wp-login.php HTTP/1.1" 200 8736 "https://nrfwomencouncil.org/wp-login.php" "Mozilla/5.0 (Windows NT 11.0; Win64; x64; rv:121.0) Gecko/20100101 Firefox/121.0"
34.35.153.171 - - [09/Sep/2026:08:18:18 -0600] "GET /kafka/.env HTTP/1.1" 404 38097 "-" "Mozilla/5.0 (Windows NT 10.0; Win64; x64) AppleWebKit/537.36 (KHTML, like Gecko) Chrome/131.0.0.0 Safari/537.36"
216.106.186.108 - - [09/Sep/2026:08:18:18 -0600] "GET /wp-admin/index.php HTTP/1.1" 302 - "https://nrfwomencouncil.org/wp-login.php" "Mozilla/5.0 (Macintosh; Intel Mac OS X 10_15_7; rv:119.0) Gecko/20100101 Firefox/119.0"
216.106.186.108 - - [09/Sep/2026:08:18:20 -0600] "GET /wp-login.php?redirect_to=https%3A%2F%2Fnrfwomencouncil.org%2Fwp-admin%2Findex.php&reauth=1 HTTP/1.1" 200 8479 "https://nrfwomencouncil.org/wp-login.php" "Mozilla/5.0 (Macintosh; Intel Mac OS X 10_15_7; rv:119.0) Gecko/20100101 Firefox/119.0"
34.35.153.171 - - [09/Sep/2026:08:18:20 -0600] "GET /queue/.env HTTP/1.1" 404 38097 "-" "Mozilla/5.0 (Windows NT 10.0; Win64; x64) AppleWebKit/537.36 (KHTML, like Gecko) Chrome/131.0.0.0 Safari/537.36"
216.106.186.108 - - [09/Sep/2026:08:18:22 -0600] "POST /wp-login.php HTTP/1.1" 200 8735 "https://nrfwomencouncil.org/wp-login.php" "Mozilla/5.0 (Windows NT 10.0; Win64; x64) AppleWebKit/537.36 (KHTML, like Gecko) Chrome/119.0.0.0 Safari/537.36"
34.35.153.171 - - [09/Sep/2026:08:18:23 -0600] "GET /worker/.env HTTP/1.1" 404 38097 "-" "Mozilla/5.0 (Windows NT 10.0; Win64; x64) AppleWebKit/537.36 (KHTML, like Gecko) Chrome/131.0.0.0 Safari/537.36"
216.106.186.108 - - [09/Sep/2026:08:18:24 -0600] "GET /wp-admin/index.php HTTP/1.1" 302 - "https://nrfwomencouncil.org/wp-login.php" "Mozilla/5.0 (Macintosh; Intel Mac OS X 13_6_1) AppleWebKit/537.36 (KHTML, like Gecko) Chrome/119.0.0.0 Safari/537.36"
34.35.153.171 - - [09/Sep/2026:08:18:26 -0600] "GET /job/.env HTTP/1.1" 404 38097 "-" "Mozilla/5.0 (Windows NT 10.0; Win64; x64) AppleWebKit/537.36 (KHTML, like Gecko) Chrome/131.0.0.0 Safari/537.36"
216.106.186.108 - - [09/Sep/2026:08:18:26 -0600] "GET /wp-login.php?redirect_to=https%3A%2F%2Fnrfwomencouncil.org%2Fwp-admin%2Findex.php&reauth=1 HTTP/1.1" 200 8479 "https://nrfwomencouncil.org/wp-login.php" "Mozilla/5.0 (Macintosh; Intel Mac OS X 13_6_1) AppleWebKit/537.36 (KHTML, like Gecko) Chrome/119.0.0.0 Safari/537.36"
216.106.186.108 - - [09/Sep/2026:08:18:28 -0600] "POST /wp-login.php HTTP/1.1" 200 8746 "https://nrfwomencouncil.org/wp-login.php" "Mozilla/5.0 (Macintosh; Intel Mac OS X 13_6_1) AppleWebKit/605.1.15 (KHTML, like Gecko) Version/17.1 Safari/605.1.15"
34.35.153.171 - - [09/Sep/2026:08:18:28 -0600] "GET /test/.env HTTP/1.1" 404 38097 "-" "Mozilla/5.0 (Windows NT 10.0; Win64; x64) AppleWebKit/537.36 (KHTML, like Gecko) Chrome/131.0.0.0 Safari/537.36"
216.106.186.108 - - [09/Sep/2026:08:18:30 -0600] "GET /wp-admin/index.php HTTP/1.1" 302 - "https://nrfwomencouncil.org/wp-login.php" "Mozilla/5.0 (Macintosh; Intel Mac OS X 13_6_1) AppleWebKit/537.36 (KHTML, like Gecko) Chrome/119.0.0.0 Safari/537.36"
34.35.153.171 - - [09/Sep/2026:08:18:30 -0600] "GET /qa/.env HTTP/1.1" 404 38097 "-" "Mozilla/5.0 (Windows NT 10.0; Win64; x64) AppleWebKit/537.36 (KHTML, like Gecko) Chrome/131.0.0.0 Safari/537.36"
216.106.186.108 - - [09/Sep/2026:08:18:31 -0600] "GET /wp-login.php?redirect_to=https%3A%2F%2Fnrfwomencouncil.org%2Fwp-admin%2Findex.php&reauth=1 HTTP/1.1" 200 8479 "https://nrfwomencouncil.org/wp-login.php" "Mozilla/5.0 (Macintosh; Intel Mac OS X 13_6_1) AppleWebKit/537.36 (KHTML, like Gecko) Chrome/119.0.0.0 Safari/537.36"
216.106.186.108 - - [09/Sep/2026:08:18:33 -0600] "POST /wp-login.php HTTP/1.1" 200 8736 "https://nrfwomencouncil.org/wp-login.php" "Mozilla/5.0 (X11; Ubuntu; Linux x86_64) AppleWebKit/537.36 (KHTML, like Gecko) Chrome/118.0.0.0 Safari/537.36"
34.35.153.171 - - [09/Sep/2026:08:18:33 -0600] "GET /preview/.env HTTP/1.1" 404 38097 "-" "Mozilla/5.0 (Windows NT 10.0; Win64; x64) AppleWebKit/537.36 (KHTML, like Gecko) Chrome/131.0.0.0 Safari/537.36"
216.106.186.108 - - [09/Sep/2026:08:18:35 -0600] "GET /wp-admin/index.php HTTP/1.1" 302 - "https://nrfwomencouncil.org/wp-login.php" "Mozilla/5.0 (X11; Linux x86_64) AppleWebKit/537.36 (KHTML, like Gecko) Chrome/119.0.0.0 Safari/537.36"
34.35.153.171 - - [09/Sep/2026:08:18:35 -0600] "GET /beta/.env HTTP/1.1" 404 38097 "-" "Mozilla/5.0 (Windows NT 10.0; Win64; x64) AppleWebKit/537.36 (KHTML, like Gecko) Chrome/131.0.0.0 Safari/537.36"
216.106.186.108 - - [09/Sep/2026:08:18:37 -0600] "GET /wp-login.php?redirect_to=https%3A%2F%2Fnrfwomencouncil.org%2Fwp-admin%2Findex.php&reauth=1 HTTP/1.1" 200 8479 "https://nrfwomencouncil.org/wp-login.php" "Mozilla/5.0 (X11; Linux x86_64) AppleWebKit/537.36 (KHTML, like Gecko) Chrome/119.0.0.0 Safari/537.36"
34.35.153.171 - - [09/Sep/2026:08:18:37 -0600] "GET /uat/.env HTTP/1.1" 404 38097 "-" "Mozilla/5.0 (Windows NT 10.0; Win64; x64) AppleWebKit/537.36 (KHTML, like Gecko) Chrome/131.0.0.0 Safari/537.36"
216.106.186.108 - - [09/Sep/2026:08:18:39 -0600] "POST /wp-login.php HTTP/1.1" 200 8740 "https://nrfwomencouncil.org/wp-login.php" "Mozilla/5.0 (Windows NT 10.0; Win64; x64) AppleWebKit/537.36 (KHTML, like Gecko) Chrome/120.0.0.0 Safari/537.36"
34.35.153.171 - - [09/Sep/2026:08:18:40 -0600] "GET /stage/.env HTTP/1.1" 404 38097 "-" "Mozilla/5.0 (Windows NT 10.0; Win64; x64) AppleWebKit/537.36 (KHTML, like Gecko) Chrome/131.0.0.0 Safari/537.36"
216.106.186.108 - - [09/Sep/2026:08:18:41 -0600] "GET /wp-admin/index.php HTTP/1.1" 302 - "https://nrfwomencouncil.org/wp-login.php" "Mozilla/5.0 (Windows NT 11.0; Win64; x64; rv:119.0) Gecko/20100101 Firefox/119.0"
216.106.186.108 - - [09/Sep/2026:08:18:43 -0600] "GET /wp-login.php?redirect_to=https%3A%2F%2Fnrfwomencouncil.org%2Fwp-admin%2Findex.php&reauth=1 HTTP/1.1" 200 8479 "https://nrfwomencouncil.org/wp-login.php" "Mozilla/5.0 (Windows NT 11.0; Win64; x64; rv:119.0) Gecko/20100101 Firefox/119.0"
34.35.153.171 - - [09/Sep/2026:08:18:43 -0600] "GET /development/.env HTTP/1.1" 404 38097 "-" "Mozilla/5.0 (Windows NT 10.0; Win64; x64) AppleWebKit/537.36 (KHTML, like Gecko) Chrome/131.0.0.0 Safari/537.36"
216.106.186.108 - - [09/Sep/2026:08:18:45 -0600] "POST /wp-login.php HTTP/1.1" 200 8731 "https://nrfwomencouncil.org/wp-login.php" "Mozilla/5.0 (Macintosh; Intel Mac OS X 13_6_1) AppleWebKit/605.1.15 (KHTML, like Gecko) Version/16.6 Safari/605.1.15"
34.35.153.171 - - [09/Sep/2026:08:18:45 -0600] "GET /production/.env HTTP/1.1" 404 38097 "-" "Mozilla/5.0 (Windows NT 10.0; Win64; x64) AppleWebKit/537.36 (KHTML, like Gecko) Chrome/131.0.0.0 Safari/537.36"
216.106.186.108 - - [09/Sep/2026:08:18:47 -0600] "GET /wp-admin/index.php HTTP/1.1" 302 - "https://nrfwomencouncil.org/wp-login.php" "Mozilla/5.0 (Macintosh; Intel Mac OS X 10_15_7; rv:121.0) Gecko/20100101 Firefox/121.0"
34.35.153.171 - - [09/Sep/2026:08:18:48 -0600] "GET /config/app/.env HTTP/1.1" 404 38097 "-" "Mozilla/5.0 (Windows NT 10.0; Win64; x64) AppleWebKit/537.36 (KHTML, like Gecko) Chrome/131.0.0.0 Safari/537.36"
216.106.186.108 - - [09/Sep/2026:08:18:49 -0600] "GET /wp-login.php?redirect_to=https%3A%2F%2Fnrfwomencouncil.org%2Fwp-admin%2Findex.php&reauth=1 HTTP/1.1" 200 8479 "https://nrfwomencouncil.org/wp-login.php" "Mozilla/5.0 (Macintosh; Intel Mac OS X 10_15_7; rv:121.0) Gecko/20100101 Firefox/121.0"
34.35.153.171 - - [09/Sep/2026:08:18:50 -0600] "GET /phpinfo.php HTTP/1.1" 404 38097 "-" "Mozilla/5.0 (Windows NT 10.0; Win64; x64) AppleWebKit/537.36 (KHTML, like Gecko) Chrome/131.0.0.0 Safari/537.36"
216.106.186.108 - - [09/Sep/2026:08:18:51 -0600] "POST /wp-login.php HTTP/1.1" 200 8735 "https://nrfwomencouncil.org/wp-login.php" "Mozilla/5.0 (Windows NT 11.0; Win64; x64) AppleWebKit/537.36 (KHTML, like Gecko) Chrome/118.0.0.0 Safari/537.36"
216.106.186.108 - - [09/Sep/2026:08:18:52 -0600] "GET /wp-admin/index.php HTTP/1.1" 302 - "https://nrfwomencouncil.org/wp-login.php" "Mozilla/5.0 (Macintosh; Intel Mac OS X 13_6_1) AppleWebKit/605.1.15 (KHTML, like Gecko) Version/16.6 Safari/605.1.15"
34.35.153.171 - - [09/Sep/2026:08:18:52 -0600] "GET /info.php HTTP/1.1" 404 38097 "-" "Mozilla/5.0 (Windows NT 10.0; Win64; x64) AppleWebKit/537.36 (KHTML, like Gecko) Chrome/131.0.0.0 Safari/537.36"
216.106.186.108 - - [09/Sep/2026:08:18:54 -0600] "GET /wp-login.php?redirect_to=https%3A%2F%2Fnrfwomencouncil.org%2Fwp-admin%2Findex.php&reauth=1 HTTP/1.1" 200 8479 "https://nrfwomencouncil.org/wp-login.php" "Mozilla/5.0 (Macintosh; Intel Mac OS X 13_6_1) AppleWebKit/605.1.15 (KHTML, like Gecko) Version/16.6 Safari/605.1.15"
34.35.153.171 - - [09/Sep/2026:08:18:55 -0600] "GET /php.php HTTP/1.1" 404 38097 "-" "Mozilla/5.0 (Windows NT 10.0; Win64; x64) AppleWebKit/537.36 (KHTML, like Gecko) Chrome/131.0.0.0 Safari/537.36"
216.106.186.108 - - [09/Sep/2026:08:18:56 -0600] "POST /wp-login.php HTTP/1.1" 200 8775 "https://nrfwomencouncil.org/wp-login.php" "Mozilla/5.0 (X11; Ubuntu; Linux x86_64) AppleWebKit/537.36 (KHTML, like Gecko) Chrome/118.0.0.0 Safari/537.36"
162.240.68.55 - - [09/Sep/2026:08:18:57 -0600] "POST /wp-cron.php?doing_wp_cron=1788963537.2721560001373291015625 HTTP/1.1" 200 - "-" "WordPress/7.1; https://nrfwomencouncil.org"
34.35.153.171 - - [09/Sep/2026:08:18:58 -0600] "GET /i.php HTTP/1.1" 404 38097 "-" "Mozilla/5.0 (Windows NT 10.0; Win64; x64) AppleWebKit/537.36 (KHTML, like Gecko) Chrome/131.0.0.0 Safari/537.36"
216.106.186.108 - - [09/Sep/2026:08:18:58 -0600] "GET /wp-admin/index.php HTTP/1.1" 302 - "https://nrfwomencouncil.org/wp-login.php" "Mozilla/5.0 (Macintosh; Intel Mac OS X 10_15_7; rv:118.0) Gecko/20100101 Firefox/118.0"
216.106.186.108 - - [09/Sep/2026:08:19:00 -0600] "GET /wp-login.php?redirect_to=https%3A%2F%2Fnrfwomencouncil.org%2Fwp-admin%2Findex.php&reauth=1 HTTP/1.1" 200 8479 "https://nrfwomencouncil.org/wp-login.php" "Mozilla/5.0 (Macintosh; Intel Mac OS X 10_15_7; rv:118.0) Gecko/20100101 Firefox/118.0"
34.35.153.171 - - [09/Sep/2026:08:19:01 -0600] "GET /pi.php HTTP/1.1" 404 38097 "-" "Mozilla/5.0 (Windows NT 10.0; Win64; x64) AppleWebKit/537.36 (KHTML, like Gecko) Chrome/131.0.0.0 Safari/537.36"
216.106.186.108 - - [09/Sep/2026:08:19:02 -0600] "POST /wp-login.php HTTP/1.1" 200 8737 "https://nrfwomencouncil.org/wp-login.php" "Mozilla/5.0 (Macintosh; Intel Mac OS X 13_6_1; rv:118.0) Gecko/20100101 Firefox/118.0"
34.35.153.171 - - [09/Sep/2026:08:19:03 -0600] "GET /pinfo.php HTTP/1.1" 404 38097 "-" "Mozilla/5.0 (Windows NT 10.0; Win64; x64) AppleWebKit/537.36 (KHTML, like Gecko) Chrome/131.0.0.0 Safari/537.36"
216.106.186.108 - - [09/Sep/2026:08:19:04 -0600] "GET /wp-admin/index.php HTTP/1.1" 302 - "https://nrfwomencouncil.org/wp-login.php" "Mozilla/5.0 (Macintosh; Intel Mac OS X 10_15_7) AppleWebKit/605.1.15 (KHTML, like Gecko) Version/17.0 Safari/605.1.15"
216.106.186.108 - - [09/Sep/2026:08:19:06 -0600] "GET /wp-login.php?redirect_to=https%3A%2F%2Fnrfwomencouncil.org%2Fwp-admin%2Findex.php&reauth=1 HTTP/1.1" 200 8479 "https://nrfwomencouncil.org/wp-login.php" "Mozilla/5.0 (Macintosh; Intel Mac OS X 10_15_7) AppleWebKit/605.1.15 (KHTML, like Gecko) Version/17.0 Safari/605.1.15"
34.35.153.171 - - [09/Sep/2026:08:19:06 -0600] "GET /test.php HTTP/1.1" 404 38097 "-" "Mozilla/5.0 (Windows NT 10.0; Win64; x64) AppleWebKit/537.36 (KHTML, like Gecko) Chrome/131.0.0.0 Safari/537.36"
216.106.186.108 - - [09/Sep/2026:08:19:08 -0600] "POST /wp-login.php HTTP/1.1" 200 8775 "https://nrfwomencouncil.org/wp-login.php" "Mozilla/5.0 (Macintosh; Intel Mac OS X 13_6_1) AppleWebKit/537.36 (KHTML, like Gecko) Chrome/120.0.0.0 Safari/537.36"
34.35.153.171 - - [09/Sep/2026:08:19:08 -0600] "GET /phpinfo HTTP/1.1" 404 38097 "-" "Mozilla/5.0 (Windows NT 10.0; Win64; x64) AppleWebKit/537.36 (KHTML, like Gecko) Chrome/131.0.0.0 Safari/537.36"
216.106.186.108 - - [09/Sep/2026:08:19:10 -0600] "GET /wp-admin/index.php HTTP/1.1" 302 - "https://nrfwomencouncil.org/wp-login.php" "Mozilla/5.0 (Windows NT 10.0; Win64; x64; rv:119.0) Gecko/20100101 Firefox/119.0"
34.35.153.171 - - [09/Sep/2026:08:19:11 -0600] "GET /p.php HTTP/1.1" 404 38097 "-" "Mozilla/5.0 (Windows NT 10.0; Win64; x64) AppleWebKit/537.36 (KHTML, like Gecko) Chrome/131.0.0.0 Safari/537.36"
216.106.186.108 - - [09/Sep/2026:08:19:11 -0600] "GET /wp-login.php?redirect_to=https%3A%2F%2Fnrfwomencouncil.org%2Fwp-admin%2Findex.php&reauth=1 HTTP/1.1" 200 8479 "https://nrfwomencouncil.org/wp-login.php" "Mozilla/5.0 (Windows NT 10.0; Win64; x64; rv:119.0) Gecko/20100101 Firefox/119.0"
216.106.186.108 - - [09/Sep/2026:08:19:13 -0600] "POST /wp-login.php HTTP/1.1" 200 8746 "https://nrfwomencouncil.org/wp-login.php" "Mozilla/5.0 (X11; Ubuntu; Linux x86_64) AppleWebKit/537.36 (KHTML, like Gecko) Chrome/121.0.0.0 Safari/537.36"
34.35.153.171 - - [09/Sep/2026:08:19:13 -0600] "GET /debug.php HTTP/1.1" 404 38097 "-" "Mozilla/5.0 (Windows NT 10.0; Win64; x64) AppleWebKit/537.36 (KHTML, like Gecko) Chrome/131.0.0.0 Safari/537.36"
216.106.186.108 - - [09/Sep/2026:08:19:15 -0600] "GET /wp-admin/index.php HTTP/1.1" 302 - "https://nrfwomencouncil.org/wp-login.php" "Mozilla/5.0 (Macintosh; Intel Mac OS X 13_6_1) AppleWebKit/605.1.15 (KHTML, like Gecko) Version/17.1 Safari/605.1.15"
34.35.153.171 - - [09/Sep/2026:08:19:15 -0600] "GET /admin/phpinfo.php HTTP/1.1" 404 38097 "-" "Mozilla/5.0 (Windows NT 10.0; Win64; x64) AppleWebKit/537.36 (KHTML, like Gecko) Chrome/131.0.0.0 Safari/537.36"
216.106.186.108 - - [09/Sep/2026:08:19:16 -0600] "GET /wp-login.php?redirect_to=https%3A%2F%2Fnrfwomencouncil.org%2Fwp-admin%2Findex.php&reauth=1 HTTP/1.1" 200 8479 "https://nrfwomencouncil.org/wp-login.php" "Mozilla/5.0 (Macintosh; Intel Mac OS X 13_6_1) AppleWebKit/605.1.15 (KHTML, like Gecko) Version/17.1 Safari/605.1.15"
34.35.153.171 - - [09/Sep/2026:08:19:17 -0600] "GET /test/phpinfo.php HTTP/1.1" 404 38097 "-" "Mozilla/5.0 (Windows NT 10.0; Win64; x64) AppleWebKit/537.36 (KHTML, like Gecko) Chrome/131.0.0.0 Safari/537.36"
216.106.186.108 - - [09/Sep/2026:08:19:18 -0600] "POST /wp-login.php HTTP/1.1" 200 8734 "https://nrfwomencouncil.org/wp-login.php" "Mozilla/5.0 (Macintosh; Intel Mac OS X 13_6_1) AppleWebKit/605.1.15 (KHTML, like Gecko) Version/17.2 Safari/605.1.15"
216.106.186.108 - - [09/Sep/2026:08:19:19 -0600] "GET /wp-admin/index.php HTTP/1.1" 302 - "https://nrfwomencouncil.org/wp-login.php" "Mozilla/5.0 (Windows NT 10.0; Win64; x64; rv:118.0) Gecko/20100101 Firefox/118.0"
34.35.153.171 - - [09/Sep/2026:08:19:20 -0600] "GET /dev/phpinfo.php HTTP/1.1" 404 38097 "-" "Mozilla/5.0 (Windows NT 10.0; Win64; x64) AppleWebKit/537.36 (KHTML, like Gecko) Chrome/131.0.0.0 Safari/537.36"
216.106.186.108 - - [09/Sep/2026:08:19:21 -0600] "GET /wp-login.php?redirect_to=https%3A%2F%2Fnrfwomencouncil.org%2Fwp-admin%2Findex.php&reauth=1 HTTP/1.1" 200 8479 "https://nrfwomencouncil.org/wp-login.php" "Mozilla/5.0 (Windows NT 10.0; Win64; x64; rv:118.0) Gecko/20100101 Firefox/118.0"
34.35.153.171 - - [09/Sep/2026:08:19:22 -0600] "GET /old/phpinfo.php HTTP/1.1" 404 38097 "-" "Mozilla/5.0 (Windows NT 10.0; Win64; x64) AppleWebKit/537.36 (KHTML, like Gecko) Chrome/131.0.0.0 Safari/537.36"
216.106.186.108 - - [09/Sep/2026:08:19:23 -0600] "POST /wp-login.php HTTP/1.1" 200 8740 "https://nrfwomencouncil.org/wp-login.php" "Mozilla/5.0 (Windows NT 11.0; Win64; x64) AppleWebKit/537.36 (KHTML, like Gecko) Chrome/120.0.0.0 Safari/537.36"
34.35.153.171 - - [09/Sep/2026:08:19:24 -0600] "GET /tmp/phpinfo.php HTTP/1.1" 404 38097 "-" "Mozilla/5.0 (Windows NT 10.0; Win64; x64) AppleWebKit/537.36 (KHTML, like Gecko) Chrome/131.0.0.0 Safari/537.36"
216.106.186.108 - - [09/Sep/2026:08:19:24 -0600] "GET /wp-admin/index.php HTTP/1.1" 302 - "https://nrfwomencouncil.org/wp-login.php" "Mozilla/5.0 (X11; Ubuntu; Linux x86_64) AppleWebKit/537.36 (KHTML, like Gecko) Chrome/119.0.0.0 Safari/537.36"
216.106.186.108 - - [09/Sep/2026:08:19:26 -0600] "GET /wp-login.php?redirect_to=https%3A%2F%2Fnrfwomencouncil.org%2Fwp-admin%2Findex.php&reauth=1 HTTP/1.1" 200 8479 "https://nrfwomencouncil.org/wp-login.php" "Mozilla/5.0 (X11; Ubuntu; Linux x86_64) AppleWebKit/537.36 (KHTML, like Gecko) Chrome/119.0.0.0 Safari/537.36"
34.35.153.171 - - [09/Sep/2026:08:19:26 -0600] "GET /public/phpinfo.php HTTP/1.1" 404 38097 "-" "Mozilla/5.0 (Windows NT 10.0; Win64; x64) AppleWebKit/537.36 (KHTML, like Gecko) Chrome/131.0.0.0 Safari/537.36"
216.106.186.108 - - [09/Sep/2026:08:19:28 -0600] "POST /wp-login.php HTTP/1.1" 200 8731 "https://nrfwomencouncil.org/wp-login.php" "Mozilla/5.0 (Windows NT 11.0; Win64; x64) AppleWebKit/537.36 (KHTML, like Gecko) Chrome/121.0.0.0 Safari/537.36"
34.35.153.171 - - [09/Sep/2026:08:19:29 -0600] "GET /info HTTP/1.1" 404 38097 "-" "Mozilla/5.0 (Windows NT 10.0; Win64; x64) AppleWebKit/537.36 (KHTML, like Gecko) Chrome/131.0.0.0 Safari/537.36"
216.106.186.108 - - [09/Sep/2026:08:19:30 -0600] "GET /wp-admin/index.php HTTP/1.1" 302 - "https://nrfwomencouncil.org/wp-login.php" "Mozilla/5.0 (Macintosh; Intel Mac OS X 10_15_7; rv:118.0) Gecko/20100101 Firefox/118.0"
34.35.153.171 - - [09/Sep/2026:08:19:31 -0600] "GET /php-info.php HTTP/1.1" 404 38097 "-" "Mozilla/5.0 (Windows NT 10.0; Win64; x64) AppleWebKit/537.36 (KHTML, like Gecko) Chrome/131.0.0.0 Safari/537.36"
216.106.186.108 - - [09/Sep/2026:08:19:31 -0600] "GET /wp-login.php?redirect_to=https%3A%2F%2Fnrfwomencouncil.org%2Fwp-admin%2Findex.php&reauth=1 HTTP/1.1" 200 8479 "https://nrfwomencouncil.org/wp-login.php" "Mozilla/5.0 (Macintosh; Intel Mac OS X 10_15_7; rv:118.0) Gecko/20100101 Firefox/118.0"
216.106.186.108 - - [09/Sep/2026:08:19:33 -0600] "POST /wp-login.php HTTP/1.1" 200 8737 "https://nrfwomencouncil.org/wp-login.php" "Mozilla/5.0 (X11; Ubuntu; Linux x86_64) AppleWebKit/537.36 (KHTML, like Gecko) Chrome/119.0.0.0 Safari/537.36"
34.35.153.171 - - [09/Sep/2026:08:19:33 -0600] "GET /phpversion.php HTTP/1.1" 404 38097 "-" "Mozilla/5.0 (Windows NT 10.0; Win64; x64) AppleWebKit/537.36 (KHTML, like Gecko) Chrome/131.0.0.0 Safari/537.36"
216.106.186.108 - - [09/Sep/2026:08:19:35 -0600] "GET /wp-admin/index.php HTTP/1.1" 302 - "https://nrfwomencouncil.org/wp-login.php" "Mozilla/5.0 (Windows NT 11.0; Win64; x64) AppleWebKit/537.36 (KHTML, like Gecko) Chrome/121.0.0.0 Safari/537.36"
34.35.153.171 - - [09/Sep/2026:08:19:36 -0600] "GET /_phpinfo.php HTTP/1.1" 404 38097 "-" "Mozilla/5.0 (Windows NT 10.0; Win64; x64) AppleWebKit/537.36 (KHTML, like Gecko) Chrome/131.0.0.0 Safari/537.36"
216.106.186.108 - - [09/Sep/2026:08:19:36 -0600] "GET /wp-login.php?redirect_to=https%3A%2F%2Fnrfwomencouncil.org%2Fwp-admin%2Findex.php&reauth=1 HTTP/1.1" 200 8479 "https://nrfwomencouncil.org/wp-login.php" "Mozilla/5.0 (Windows NT 11.0; Win64; x64) AppleWebKit/537.36 (KHTML, like Gecko) Chrome/121.0.0.0 Safari/537.36"
34.35.153.171 - - [09/Sep/2026:08:19:38 -0600] "GET /old_phpinfo.php HTTP/1.1" 404 38097 "-" "Mozilla/5.0 (Windows NT 10.0; Win64; x64) AppleWebKit/537.36 (KHTML, like Gecko) Chrome/131.0.0.0 Safari/537.36"
216.106.186.108 - - [09/Sep/2026:08:19:38 -0600] "POST /wp-login.php HTTP/1.1" 200 8775 "https://nrfwomencouncil.org/wp-login.php" "Mozilla/5.0 (Macintosh; Intel Mac OS X 10_15_7; rv:120.0) Gecko/20100101 Firefox/120.0"
216.106.186.108 - - [09/Sep/2026:08:19:40 -0600] "GET /wp-admin/index.php HTTP/1.1" 302 - "https://nrfwomencouncil.org/wp-login.php" "Mozilla/5.0 (Macintosh; Intel Mac OS X 10_15_7) AppleWebKit/605.1.15 (KHTML, like Gecko) Version/17.2 Safari/605.1.15"
34.35.153.171 - - [09/Sep/2026:08:19:41 -0600] "GET /server-info.php HTTP/1.1" 404 38097 "-" "Mozilla/5.0 (Windows NT 10.0; Win64; x64) AppleWebKit/537.36 (KHTML, like Gecko) Chrome/131.0.0.0 Safari/537.36"
216.106.186.108 - - [09/Sep/2026:08:19:42 -0600] "GET /wp-login.php?redirect_to=https%3A%2F%2Fnrfwomencouncil.org%2Fwp-admin%2Findex.php&reauth=1 HTTP/1.1" 200 8479 "https://nrfwomencouncil.org/wp-login.php" "Mozilla/5.0 (Macintosh; Intel Mac OS X 10_15_7) AppleWebKit/605.1.15 (KHTML, like Gecko) Version/17.2 Safari/605.1.15"
216.106.186.108 - - [09/Sep/2026:08:19:43 -0600] "POST /wp-login.php HTTP/1.1" 200 8734 "https://nrfwomencouncil.org/wp-login.php" "Mozilla/5.0 (Macintosh; Intel Mac OS X 10_15_7; rv:120.0) Gecko/20100101 Firefox/120.0"
34.35.153.171 - - [09/Sep/2026:08:19:43 -0600] "GET /server-status.php HTTP/1.1" 404 38097 "-" "Mozilla/5.0 (Windows NT 10.0; Win64; x64) AppleWebKit/537.36 (KHTML, like Gecko) Chrome/131.0.0.0 Safari/537.36"
216.106.186.108 - - [09/Sep/2026:08:19:45 -0600] "GET /wp-admin/index.php HTTP/1.1" 302 - "https://nrfwomencouncil.org/wp-login.php" "Mozilla/5.0 (Macintosh; Intel Mac OS X 10_15_7) AppleWebKit/537.36 (KHTML, like Gecko) Chrome/118.0.0.0 Safari/537.36"
34.35.153.171 - - [09/Sep/2026:08:19:46 -0600] "GET /_profiler/phpinfo HTTP/1.1" 404 38097 "-" "Mozilla/5.0 (Windows NT 10.0; Win64; x64) AppleWebKit/537.36 (KHTML, like Gecko) Chrome/131.0.0.0 Safari/537.36"
216.106.186.108 - - [09/Sep/2026:08:19:46 -0600] "GET /wp-login.php?redirect_to=https%3A%2F%2Fnrfwomencouncil.org%2Fwp-admin%2Findex.php&reauth=1 HTTP/1.1" 200 8479 "https://nrfwomencouncil.org/wp-login.php" "Mozilla/5.0 (Macintosh; Intel Mac OS X 10_15_7) AppleWebKit/537.36 (KHTML, like Gecko) Chrome/118.0.0.0 Safari/537.36"
216.106.186.108 - - [09/Sep/2026:08:19:48 -0600] "POST /wp-login.php HTTP/1.1" 200 8739 "https://nrfwomencouncil.org/wp-login.php" "Mozilla/5.0 (X11; Ubuntu; Linux x86_64) AppleWebKit/537.36 (KHTML, like Gecko) Chrome/119.0.0.0 Safari/537.36"
34.35.153.171 - - [09/Sep/2026:08:19:48 -0600] "GET /_environment HTTP/1.1" 404 38097 "-" "Mozilla/5.0 (Windows NT 10.0; Win64; x64) AppleWebKit/537.36 (KHTML, like Gecko) Chrome/131.0.0.0 Safari/537.36"
216.106.186.108 - - [09/Sep/2026:08:19:50 -0600] "GET /wp-admin/index.php HTTP/1.1" 302 - "https://nrfwomencouncil.org/wp-login.php" "Mozilla/5.0 (Macintosh; Intel Mac OS X 10_15_7) AppleWebKit/605.1.15 (KHTML, like Gecko) Version/16.6 Safari/605.1.15"
34.35.153.171 - - [09/Sep/2026:08:19:51 -0600] "GET /webroot/index.php/_environment HTTP/1.1" 301 - "-" "Mozilla/5.0 (Windows NT 10.0; Win64; x64) AppleWebKit/537.36 (KHTML, like Gecko) Chrome/131.0.0.0 Safari/537.36"
216.106.186.108 - - [09/Sep/2026:08:19:51 -0600] "GET /wp-login.php?redirect_to=https%3A%2F%2Fnrfwomencouncil.org%2Fwp-admin%2Findex.php&reauth=1 HTTP/1.1" 200 8479 "https://nrfwomencouncil.org/wp-login.php" "Mozilla/5.0 (Macintosh; Intel Mac OS X 10_15_7) AppleWebKit/605.1.15 (KHTML, like Gecko) Version/16.6 Safari/605.1.15"
34.35.153.171 - - [09/Sep/2026:08:19:53 -0600] "GET /mail/phpinfo.php HTTP/1.1" 404 38097 "-" "Mozilla/5.0 (Windows NT 10.0; Win64; x64) AppleWebKit/537.36 (KHTML, like Gecko) Chrome/131.0.0.0 Safari/537.36"
216.106.186.108 - - [09/Sep/2026:08:19:54 -0600] "POST /wp-login.php HTTP/1.1" 200 8736 "https://nrfwomencouncil.org/wp-login.php" "Mozilla/5.0 (Macintosh; Intel Mac OS X 13_6_1) AppleWebKit/537.36 (KHTML, like Gecko) Chrome/121.0.0.0 Safari/537.36"
34.35.153.171 - - [09/Sep/2026:08:19:55 -0600] "GET /cpanel/phpinfo.php HTTP/1.1" 404 38097 "-" "Mozilla/5.0 (Windows NT 10.0; Win64; x64) AppleWebKit/537.36 (KHTML, like Gecko) Chrome/131.0.0.0 Safari/537.36"
216.106.186.108 - - [09/Sep/2026:08:19:55 -0600] "GET /wp-admin/index.php HTTP/1.1" 302 - "https://nrfwomencouncil.org/wp-login.php" "Mozilla/5.0 (Macintosh; Intel Mac OS X 10_15_7) AppleWebKit/605.1.15 (KHTML, like Gecko) Version/16.6 Safari/605.1.15"
162.240.68.55 - - [09/Sep/2026:08:19:57 -0600] "POST /wp-cron.php?doing_wp_cron=1788963597.1233940124511718750000 HTTP/1.1" 200 - "-" "WordPress/7.1; https://nrfwomencouncil.org"
216.106.186.108 - - [09/Sep/2026:08:19:58 -0600] "GET /wp-login.php?redirect_to=https%3A%2F%2Fnrfwomencouncil.org%2Fwp-admin%2Findex.php&reauth=1 HTTP/1.1" 200 8479 "https://nrfwomencouncil.org/wp-login.php" "Mozilla/5.0 (Macintosh; Intel Mac OS X 10_15_7) AppleWebKit/605.1.15 (KHTML, like Gecko) Version/16.6 Safari/605.1.15"
34.35.153.171 - - [09/Sep/2026:08:19:58 -0600] "GET /hosting/phpinfo.php HTTP/1.1" 404 38097 "-" "Mozilla/5.0 (Windows NT 10.0; Win64; x64) AppleWebKit/537.36 (KHTML, like Gecko) Chrome/131.0.0.0 Safari/537.36"
34.35.153.171 - - [09/Sep/2026:08:20:00 -0600] "GET /webmail/phpinfo.php HTTP/1.1" 301 - "-" "Mozilla/5.0 (Windows NT 10.0; Win64; x64) AppleWebKit/537.36 (KHTML, like Gecko) Chrome/131.0.0.0 Safari/537.36"
216.106.186.108 - - [09/Sep/2026:08:20:00 -0600] "POST /wp-login.php HTTP/1.1" 200 8733 "https://nrfwomencouncil.org/wp-login.php" "Mozilla/5.0 (Macintosh; Intel Mac OS X 13_6_1; rv:118.0) Gecko/20100101 Firefox/118.0"
34.35.153.171 - - [09/Sep/2026:08:20:01 -0600] "GET /smtp/phpinfo.php HTTP/1.1" 404 38097 "-" "Mozilla/5.0 (Windows NT 10.0; Win64; x64) AppleWebKit/537.36 (KHTML, like Gecko) Chrome/131.0.0.0 Safari/537.36"
216.106.186.108 - - [09/Sep/2026:08:20:02 -0600] "GET /wp-admin/index.php HTTP/1.1" 302 - "https://nrfwomencouncil.org/wp-login.php" "Mozilla/5.0 (X11; Ubuntu; Linux x86_64) AppleWebKit/537.36 (KHTML, like Gecko) Chrome/121.0.0.0 Safari/537.36"
216.106.186.108 - - [09/Sep/2026:08:20:04 -0600] "GET /wp-login.php?redirect_to=https%3A%2F%2Fnrfwomencouncil.org%2Fwp-admin%2Findex.php&reauth=1 HTTP/1.1" 200 8479 "https://nrfwomencouncil.org/wp-login.php" "Mozilla/5.0 (X11; Ubuntu; Linux x86_64) AppleWebKit/537.36 (KHTML, like Gecko) Chrome/121.0.0.0 Safari/537.36"
34.35.153.171 - - [09/Sep/2026:08:20:04 -0600] "GET /phpinfo.php.bak HTTP/1.1" 404 38097 "-" "Mozilla/5.0 (Windows NT 10.0; Win64; x64) AppleWebKit/537.36 (KHTML, like Gecko) Chrome/131.0.0.0 Safari/537.36"
216.106.186.108 - - [09/Sep/2026:08:20:06 -0600] "POST /wp-login.php HTTP/1.1" 200 8744 "https://nrfwomencouncil.org/wp-login.php" "Mozilla/5.0 (Macintosh; Intel Mac OS X 10_15_7; rv:118.0) Gecko/20100101 Firefox/118.0"
34.35.153.171 - - [09/Sep/2026:08:20:06 -0600] "GET /phpinfo.php.old HTTP/1.1" 404 38097 "-" "Mozilla/5.0 (Windows NT 10.0; Win64; x64) AppleWebKit/537.36 (KHTML, like Gecko) Chrome/131.0.0.0 Safari/537.36"
216.106.186.108 - - [09/Sep/2026:08:20:07 -0600] "GET /wp-admin/index.php HTTP/1.1" 302 - "https://nrfwomencouncil.org/wp-login.php" "Mozilla/5.0 (Windows NT 10.0; Win64; x64) AppleWebKit/537.36 (KHTML, like Gecko) Chrome/120.0.0.0 Safari/537.36"
216.106.186.108 - - [09/Sep/2026:08:20:09 -0600] "GET /wp-login.php?redirect_to=https%3A%2F%2Fnrfwomencouncil.org%2Fwp-admin%2Findex.php&reauth=1 HTTP/1.1" 200 8479 "https://nrfwomencouncil.org/wp-login.php" "Mozilla/5.0 (Windows NT 10.0; Win64; x64) AppleWebKit/537.36 (KHTML, like Gecko) Chrome/120.0.0.0 Safari/537.36"
34.35.153.171 - - [09/Sep/2026:08:20:09 -0600] "GET /phpinfo.php~ HTTP/1.1" 404 38097 "-" "Mozilla/5.0 (Windows NT 10.0; Win64; x64) AppleWebKit/537.36 (KHTML, like Gecko) Chrome/131.0.0.0 Safari/537.36"
216.106.186.108 - - [09/Sep/2026:08:20:10 -0600] "POST /wp-login.php HTTP/1.1" 200 8741 "https://nrfwomencouncil.org/wp-login.php" "Mozilla/5.0 (Macintosh; Intel Mac OS X 10_15_7) AppleWebKit/537.36 (KHTML, like Gecko) Chrome/121.0.0.0 Safari/537.36"
34.35.153.171 - - [09/Sep/2026:08:20:11 -0600] "GET /info.php.bak HTTP/1.1" 404 38097 "-" "Mozilla/5.0 (Windows NT 10.0; Win64; x64) AppleWebKit/537.36 (KHTML, like Gecko) Chrome/131.0.0.0 Safari/537.36"
216.106.186.108 - - [09/Sep/2026:08:20:12 -0600] "GET /wp-admin/index.php HTTP/1.1" 302 - "https://nrfwomencouncil.org/wp-login.php" "Mozilla/5.0 (Macintosh; Intel Mac OS X 13_6_1) AppleWebKit/605.1.15 (KHTML, like Gecko) Version/17.1 Safari/605.1.15"
216.106.186.108 - - [09/Sep/2026:08:20:13 -0600] "GET /wp-login.php?redirect_to=https%3A%2F%2Fnrfwomencouncil.org%2Fwp-admin%2Findex.php&reauth=1 HTTP/1.1" 200 8479 "https://nrfwomencouncil.org/wp-login.php" "Mozilla/5.0 (Macintosh; Intel Mac OS X 13_6_1) AppleWebKit/605.1.15 (KHTML, like Gecko) Version/17.1 Safari/605.1.15"
34.35.153.171 - - [09/Sep/2026:08:20:13 -0600] "GET /phpinfo.php.save HTTP/1.1" 404 38097 "-" "Mozilla/5.0 (Windows NT 10.0; Win64; x64) AppleWebKit/537.36 (KHTML, like Gecko) Chrome/131.0.0.0 Safari/537.36"
216.106.186.108 - - [09/Sep/2026:08:20:15 -0600] "POST /wp-login.php HTTP/1.1" 200 8775 "https://nrfwomencouncil.org/wp-login.php" "Mozilla/5.0 (Windows NT 11.0; Win64; x64) AppleWebKit/537.36 (KHTML, like Gecko) Chrome/118.0.0.0 Safari/537.36"
34.35.153.171 - - [09/Sep/2026:08:20:16 -0600] "GET /staging/phpinfo.php HTTP/1.1" 404 38097 "-" "Mozilla/5.0 (Windows NT 10.0; Win64; x64) AppleWebKit/537.36 (KHTML, like Gecko) Chrome/131.0.0.0 Safari/537.36"
216.106.186.108 - - [09/Sep/2026:08:20:17 -0600] "GET /wp-admin/index.php HTTP/1.1" 302 - "https://nrfwomencouncil.org/wp-login.php" "Mozilla/5.0 (X11; Ubuntu; Linux x86_64) AppleWebKit/537.36 (KHTML, like Gecko) Chrome/118.0.0.0 Safari/537.36"
216.106.186.108 - - [09/Sep/2026:08:20:18 -0600] "GET /wp-login.php?redirect_to=https%3A%2F%2Fnrfwomencouncil.org%2Fwp-admin%2Findex.php&reauth=1 HTTP/1.1" 200 8479 "https://nrfwomencouncil.org/wp-login.php" "Mozilla/5.0 (X11; Ubuntu; Linux x86_64) AppleWebKit/537.36 (KHTML, like Gecko) Chrome/118.0.0.0 Safari/537.36"
34.35.153.171 - - [09/Sep/2026:08:20:18 -0600] "GET /beta/phpinfo.php HTTP/1.1" 404 38097 "-" "Mozilla/5.0 (Windows NT 10.0; Win64; x64) AppleWebKit/537.36 (KHTML, like Gecko) Chrome/131.0.0.0 Safari/537.36"
216.106.186.108 - - [09/Sep/2026:08:20:20 -0600] "POST /wp-login.php HTTP/1.1" 200 8734 "https://nrfwomencouncil.org/wp-login.php" "Mozilla/5.0 (Macintosh; Intel Mac OS X 10_15_7) AppleWebKit/605.1.15 (KHTML, like Gecko) Version/16.6 Safari/605.1.15"
34.35.153.171 - - [09/Sep/2026:08:20:21 -0600] "GET /uat/phpinfo.php HTTP/1.1" 404 38097 "-" "Mozilla/5.0 (Windows NT 10.0; Win64; x64) AppleWebKit/537.36 (KHTML, like Gecko) Chrome/131.0.0.0 Safari/537.36"
216.106.186.108 - - [09/Sep/2026:08:20:22 -0600] "GET /wp-admin/index.php HTTP/1.1" 302 - "https://nrfwomencouncil.org/wp-login.php" "Mozilla/5.0 (Windows NT 10.0; Win64; x64) AppleWebKit/537.36 (KHTML, like Gecko) Chrome/121.0.0.0 Safari/537.36"
34.35.153.171 - - [09/Sep/2026:08:20:23 -0600] "GET /qa/phpinfo.php HTTP/1.1" 404 38097 "-" "Mozilla/5.0 (Windows NT 10.0; Win64; x64) AppleWebKit/537.36 (KHTML, like Gecko) Chrome/131.0.0.0 Safari/537.36"
216.106.186.108 - - [09/Sep/2026:08:20:24 -0600] "GET /wp-login.php?redirect_to=https%3A%2F%2Fnrfwomencouncil.org%2Fwp-admin%2Findex.php&reauth=1 HTTP/1.1" 200 8479 "https://nrfwomencouncil.org/wp-login.php" "Mozilla/5.0 (Windows NT 10.0; Win64; x64) AppleWebKit/537.36 (KHTML, like Gecko) Chrome/121.0.0.0 Safari/537.36"
216.106.186.108 - - [09/Sep/2026:08:20:25 -0600] "POST /wp-json/batch/v1 HTTP/1.1" 207 16 "-" "wp2shell"
34.35.153.171 - - [09/Sep/2026:08:20:25 -0600] "GET /preview/phpinfo.php HTTP/1.1" 404 38097 "-" "Mozilla/5.0 (Windows NT 10.0; Win64; x64) AppleWebKit/537.36 (KHTML, like Gecko) Chrome/131.0.0.0 Safari/537.36"
216.106.186.108 - - [09/Sep/2026:08:20:27 -0600] "POST /?rest_route=/batch/v1 HTTP/1.1" 207 16 "-" "wp2shell"
34.35.153.171 - - [09/Sep/2026:08:20:28 -0600] "GET /www/phpinfo.php HTTP/1.1" 404 38097 "-" "Mozilla/5.0 (Windows NT 10.0; Win64; x64) AppleWebKit/537.36 (KHTML, like Gecko) Chrome/131.0.0.0 Safari/537.36"
216.106.186.108 - - [09/Sep/2026:08:20:29 -0600] "POST /?rest_route=/batch/v1 HTTP/1.1" 207 634 "-" "wp2shell"
216.106.186.108 - - [09/Sep/2026:08:20:31 -0600] "POST /wp-login.php HTTP/1.1" 200 8741 "https://nrfwomencouncil.org/wp-login.php" "Mozilla/5.0 (Macintosh; Intel Mac OS X 13_6_1) AppleWebKit/605.1.15 (KHTML, like Gecko) Version/17.0 Safari/605.1.15"
34.35.153.171 - - [09/Sep/2026:08:20:31 -0600] "GET /htdocs/phpinfo.php HTTP/1.1" 404 38097 "-" "Mozilla/5.0 (Windows NT 10.0; Win64; x64) AppleWebKit/537.36 (KHTML, like Gecko) Chrome/131.0.0.0 Safari/537.36"
