34.93.121.246 - - [09/Sep/2026:07:30:38 -0600] "GET /bulk/.env HTTP/1.1" 404 38154 "-" "Mozilla/5.0 (Windows NT 10.0; Win64; x64) AppleWebKit/537.36 (KHTML, like Gecko) Chrome/131.0.0.0 Safari/537.36"
34.93.121.246 - - [09/Sep/2026:07:30:40 -0600] "GET /aws/.env HTTP/1.1" 404 38154 "-" "Mozilla/5.0 (Windows NT 10.0; Win64; x64) AppleWebKit/537.36 (KHTML, like Gecko) Chrome/131.0.0.0 Safari/537.36"
34.93.121.246 - - [09/Sep/2026:07:30:41 -0600] "GET /azure/.env HTTP/1.1" 404 38154 "-" "Mozilla/5.0 (Windows NT 10.0; Win64; x64) AppleWebKit/537.36 (KHTML, like Gecko) Chrome/131.0.0.0 Safari/537.36"
34.93.121.246 - - [09/Sep/2026:07:30:43 -0600] "GET /gcp/.env HTTP/1.1" 404 38154 "-" "Mozilla/5.0 (Windows NT 10.0; Win64; x64) AppleWebKit/537.36 (KHTML, like Gecko) Chrome/131.0.0.0 Safari/537.36"
34.93.121.246 - - [09/Sep/2026:07:30:45 -0600] "GET /cloud/.env HTTP/1.1" 404 38154 "-" "Mozilla/5.0 (Windows NT 10.0; Win64; x64) AppleWebKit/537.36 (KHTML, like Gecko) Chrome/131.0.0.0 Safari/537.36"
34.93.121.246 - - [09/Sep/2026:07:30:46 -0600] "GET /infrastructure/.env HTTP/1.1" 404 38154 "-" "Mozilla/5.0 (Windows NT 10.0; Win64; x64) AppleWebKit/537.36 (KHTML, like Gecko) Chrome/131.0.0.0 Safari/537.36"
34.93.121.246 - - [09/Sep/2026:07:30:47 -0600] "GET /docker/.env HTTP/1.1" 404 38154 "-" "Mozilla/5.0 (Windows NT 10.0; Win64; x64) AppleWebKit/537.36 (KHTML, like Gecko) Chrome/131.0.0.0 Safari/537.36"
34.93.121.246 - - [09/Sep/2026:07:30:49 -0600] "GET /k8s/.env HTTP/1.1" 404 38154 "-" "Mozilla/5.0 (Windows NT 10.0; Win64; x64) AppleWebKit/537.36 (KHTML, like Gecko) Chrome/131.0.0.0 Safari/537.36"
34.93.121.246 - - [09/Sep/2026:07:30:50 -0600] "GET /kubernetes/.env HTTP/1.1" 404 38154 "-" "Mozilla/5.0 (Windows NT 10.0; Win64; x64) AppleWebKit/537.36 (KHTML, like Gecko) Chrome/131.0.0.0 Safari/537.36"
34.93.121.246 - - [09/Sep/2026:07:30:52 -0600] "GET /terraform/.env HTTP/1.1" 404 38154 "-" "Mozilla/5.0 (Windows NT 10.0; Win64; x64) AppleWebKit/537.36 (KHTML, like Gecko) Chrome/131.0.0.0 Safari/537.36"
34.93.121.246 - - [09/Sep/2026:07:30:53 -0600] "GET /ansible/.env HTTP/1.1" 404 38154 "-" "Mozilla/5.0 (Windows NT 10.0; Win64; x64) AppleWebKit/537.36 (KHTML, like Gecko) Chrome/131.0.0.0 Safari/537.36"
34.93.121.246 - - [09/Sep/2026:07:30:55 -0600] "GET /.git/.env HTTP/1.1" 404 38154 "-" "Mozilla/5.0 (Windows NT 10.0; Win64; x64) AppleWebKit/537.36 (KHTML, like Gecko) Chrome/131.0.0.0 Safari/537.36"
162.240.68.55 - - [09/Sep/2026:07:30:58 -0600] "POST /wp-cron.php?doing_wp_cron=1788960658.2771658897399902343750 HTTP/1.1" 200 - "-" "WordPress/7.1; https://nrfwomencouncil.org"
34.93.121.246 - - [09/Sep/2026:07:30:57 -0600] "GET /ci/.env HTTP/1.1" 404 38154 "-" "Mozilla/5.0 (Windows NT 10.0; Win64; x64) AppleWebKit/537.36 (KHTML, like Gecko) Chrome/131.0.0.0 Safari/537.36"
34.93.121.246 - - [09/Sep/2026:07:30:59 -0600] "GET /cd/.env HTTP/1.1" 404 38154 "-" "Mozilla/5.0 (Windows NT 10.0; Win64; x64) AppleWebKit/537.36 (KHTML, like Gecko) Chrome/131.0.0.0 Safari/537.36"
34.93.121.246 - - [09/Sep/2026:07:31:01 -0600] "GET /jenkins/.env HTTP/1.1" 404 38154 "-" "Mozilla/5.0 (Windows NT 10.0; Win64; x64) AppleWebKit/537.36 (KHTML, like Gecko) Chrome/131.0.0.0 Safari/537.36"
34.93.121.246 - - [09/Sep/2026:07:31:02 -0600] "GET /gitlab/.env HTTP/1.1" 404 38154 "-" "Mozilla/5.0 (Windows NT 10.0; Win64; x64) AppleWebKit/537.36 (KHTML, like Gecko) Chrome/131.0.0.0 Safari/537.36"
34.93.121.246 - - [09/Sep/2026:07:31:04 -0600] "GET /github/.env HTTP/1.1" 404 38154 "-" "Mozilla/5.0 (Windows NT 10.0; Win64; x64) AppleWebKit/537.36 (KHTML, like Gecko) Chrome/131.0.0.0 Safari/537.36"
34.93.121.246 - - [09/Sep/2026:07:31:05 -0600] "GET /actions/.env HTTP/1.1" 404 38154 "-" "Mozilla/5.0 (Windows NT 10.0; Win64; x64) AppleWebKit/537.36 (KHTML, like Gecko) Chrome/131.0.0.0 Safari/537.36"
34.93.121.246 - - [09/Sep/2026:07:31:07 -0600] "GET /circleci/.env HTTP/1.1" 404 38154 "-" "Mozilla/5.0 (Windows NT 10.0; Win64; x64) AppleWebKit/537.36 (KHTML, like Gecko) Chrome/131.0.0.0 Safari/537.36"
34.93.121.246 - - [09/Sep/2026:07:31:08 -0600] "GET /travis/.env HTTP/1.1" 404 38154 "-" "Mozilla/5.0 (Windows NT 10.0; Win64; x64) AppleWebKit/537.36 (KHTML, like Gecko) Chrome/131.0.0.0 Safari/537.36"
51.15.215.70 - - [09/Sep/2026:07:31:09 -0600] "GET / HTTP/1.1" 200 63079 "-" "Mozilla/5.0 (Windows NT 10.0; Win64; x64) AppleWebKit/537.36 (KHTML, like Gecko) Chrome/126.0 Safari/537.36"
34.93.121.246 - - [09/Sep/2026:07:31:10 -0600] "GET /buildkite/.env HTTP/1.1" 404 38154 "-" "Mozilla/5.0 (Windows NT 10.0; Win64; x64) AppleWebKit/537.36 (KHTML, like Gecko) Chrome/131.0.0.0 Safari/537.36"
51.15.215.70 - - [09/Sep/2026:07:31:11 -0600] "GET / HTTP/1.1" 200 63079 "-" "Mozilla/5.0 (Windows NT 10.0; Win64; x64) AppleWebKit/537.36 (KHTML, like Gecko) Chrome/126.0 Safari/537.36"
34.93.121.246 - - [09/Sep/2026:07:31:12 -0600] "GET /mysql/.env HTTP/1.1" 404 38154 "-" "Mozilla/5.0 (Windows NT 10.0; Win64; x64) AppleWebKit/537.36 (KHTML, like Gecko) Chrome/131.0.0.0 Safari/537.36"
34.93.121.246 - - [09/Sep/2026:07:31:14 -0600] "GET /postgres/.env HTTP/1.1" 404 38154 "-" "Mozilla/5.0 (Windows NT 10.0; Win64; x64) AppleWebKit/537.36 (KHTML, like Gecko) Chrome/131.0.0.0 Safari/537.36"
34.93.121.246 - - [09/Sep/2026:07:31:15 -0600] "GET /mongodb/.env HTTP/1.1" 404 38154 "-" "Mozilla/5.0 (Windows NT 10.0; Win64; x64) AppleWebKit/537.36 (KHTML, like Gecko) Chrome/131.0.0.0 Safari/537.36"
34.93.121.246 - - [09/Sep/2026:07:31:16 -0600] "GET /redis/.env HTTP/1.1" 404 38154 "-" "Mozilla/5.0 (Windows NT 10.0; Win64; x64) AppleWebKit/537.36 (KHTML, like Gecko) Chrome/131.0.0.0 Safari/537.36"
34.93.121.246 - - [09/Sep/2026:07:31:18 -0600] "GET /elasticsearch/.env HTTP/1.1" 404 38154 "-" "Mozilla/5.0 (Windows NT 10.0; Win64; x64) AppleWebKit/537.36 (KHTML, like Gecko) Chrome/131.0.0.0 Safari/537.36"
34.93.121.246 - - [09/Sep/2026:07:31:19 -0600] "GET /rabbitmq/.env HTTP/1.1" 404 38154 "-" "Mozilla/5.0 (Windows NT 10.0; Win64; x64) AppleWebKit/537.36 (KHTML, like Gecko) Chrome/131.0.0.0 Safari/537.36"
34.93.121.246 - - [09/Sep/2026:07:31:21 -0600] "GET /kafka/.env HTTP/1.1" 404 38154 "-" "Mozilla/5.0 (Windows NT 10.0; Win64; x64) AppleWebKit/537.36 (KHTML, like Gecko) Chrome/131.0.0.0 Safari/537.36"
34.93.121.246 - - [09/Sep/2026:07:31:22 -0600] "GET /queue/.env HTTP/1.1" 404 38154 "-" "Mozilla/5.0 (Windows NT 10.0; Win64; x64) AppleWebKit/537.36 (KHTML, like Gecko) Chrome/131.0.0.0 Safari/537.36"
34.93.121.246 - - [09/Sep/2026:07:31:24 -0600] "GET /worker/.env HTTP/1.1" 404 38154 "-" "Mozilla/5.0 (Windows NT 10.0; Win64; x64) AppleWebKit/537.36 (KHTML, like Gecko) Chrome/131.0.0.0 Safari/537.36"
34.93.121.246 - - [09/Sep/2026:07:31:26 -0600] "GET /job/.env HTTP/1.1" 404 38154 "-" "Mozilla/5.0 (Windows NT 10.0; Win64; x64) AppleWebKit/537.36 (KHTML, like Gecko) Chrome/131.0.0.0 Safari/537.36"
34.93.121.246 - - [09/Sep/2026:07:31:28 -0600] "GET /test/.env HTTP/1.1" 404 38154 "-" "Mozilla/5.0 (Windows NT 10.0; Win64; x64) AppleWebKit/537.36 (KHTML, like Gecko) Chrome/131.0.0.0 Safari/537.36"
34.93.121.246 - - [09/Sep/2026:07:31:30 -0600] "GET /qa/.env HTTP/1.1" 404 38154 "-" "Mozilla/5.0 (Windows NT 10.0; Win64; x64) AppleWebKit/537.36 (KHTML, like Gecko) Chrome/131.0.0.0 Safari/537.36"
34.93.121.246 - - [09/Sep/2026:07:31:31 -0600] "GET /preview/.env HTTP/1.1" 404 38154 "-" "Mozilla/5.0 (Windows NT 10.0; Win64; x64) AppleWebKit/537.36 (KHTML, like Gecko) Chrome/131.0.0.0 Safari/537.36"
34.93.121.246 - - [09/Sep/2026:07:31:33 -0600] "GET /beta/.env HTTP/1.1" 404 38154 "-" "Mozilla/5.0 (Windows NT 10.0; Win64; x64) AppleWebKit/537.36 (KHTML, like Gecko) Chrome/131.0.0.0 Safari/537.36"
34.93.121.246 - - [09/Sep/2026:07:31:34 -0600] "GET /uat/.env HTTP/1.1" 404 38154 "-" "Mozilla/5.0 (Windows NT 10.0; Win64; x64) AppleWebKit/537.36 (KHTML, like Gecko) Chrome/131.0.0.0 Safari/537.36"
34.93.121.246 - - [09/Sep/2026:07:31:36 -0600] "GET /stage/.env HTTP/1.1" 404 38154 "-" "Mozilla/5.0 (Windows NT 10.0; Win64; x64) AppleWebKit/537.36 (KHTML, like Gecko) Chrome/131.0.0.0 Safari/537.36"
34.93.121.246 - - [09/Sep/2026:07:31:37 -0600] "GET /development/.env HTTP/1.1" 404 38154 "-" "Mozilla/5.0 (Windows NT 10.0; Win64; x64) AppleWebKit/537.36 (KHTML, like Gecko) Chrome/131.0.0.0 Safari/537.36"
34.93.121.246 - - [09/Sep/2026:07:31:39 -0600] "GET /production/.env HTTP/1.1" 404 38154 "-" "Mozilla/5.0 (Windows NT 10.0; Win64; x64) AppleWebKit/537.36 (KHTML, like Gecko) Chrome/131.0.0.0 Safari/537.36"
34.93.121.246 - - [09/Sep/2026:07:31:41 -0600] "GET /config/app/.env HTTP/1.1" 404 38154 "-" "Mozilla/5.0 (Windows NT 10.0; Win64; x64) AppleWebKit/537.36 (KHTML, like Gecko) Chrome/131.0.0.0 Safari/537.36"
34.93.121.246 - - [09/Sep/2026:07:31:43 -0600] "GET /phpinfo.php HTTP/1.1" 404 38154 "-" "Mozilla/5.0 (Windows NT 10.0; Win64; x64) AppleWebKit/537.36 (KHTML, like Gecko) Chrome/131.0.0.0 Safari/537.36"
34.93.121.246 - - [09/Sep/2026:07:31:44 -0600] "GET /info.php HTTP/1.1" 404 38154 "-" "Mozilla/5.0 (Windows NT 10.0; Win64; x64) AppleWebKit/537.36 (KHTML, like Gecko) Chrome/131.0.0.0 Safari/537.36"
34.93.121.246 - - [09/Sep/2026:07:31:46 -0600] "GET /php.php HTTP/1.1" 404 38154 "-" "Mozilla/5.0 (Windows NT 10.0; Win64; x64) AppleWebKit/537.36 (KHTML, like Gecko) Chrome/131.0.0.0 Safari/537.36"
34.93.121.246 - - [09/Sep/2026:07:31:47 -0600] "GET /i.php HTTP/1.1" 404 38154 "-" "Mozilla/5.0 (Windows NT 10.0; Win64; x64) AppleWebKit/537.36 (KHTML, like Gecko) Chrome/131.0.0.0 Safari/537.36"
34.93.121.246 - - [09/Sep/2026:07:31:49 -0600] "GET /pi.php HTTP/1.1" 404 38154 "-" "Mozilla/5.0 (Windows NT 10.0; Win64; x64) AppleWebKit/537.36 (KHTML, like Gecko) Chrome/131.0.0.0 Safari/537.36"
34.93.121.246 - - [09/Sep/2026:07:31:50 -0600] "GET /pinfo.php HTTP/1.1" 404 38154 "-" "Mozilla/5.0 (Windows NT 10.0; Win64; x64) AppleWebKit/537.36 (KHTML, like Gecko) Chrome/131.0.0.0 Safari/537.36"
34.93.121.246 - - [09/Sep/2026:07:31:52 -0600] "GET /test.php HTTP/1.1" 404 38154 "-" "Mozilla/5.0 (Windows NT 10.0; Win64; x64) AppleWebKit/537.36 (KHTML, like Gecko) Chrome/131.0.0.0 Safari/537.36"
34.93.121.246 - - [09/Sep/2026:07:31:53 -0600] "GET /phpinfo HTTP/1.1" 404 38154 "-" "Mozilla/5.0 (Windows NT 10.0; Win64; x64) AppleWebKit/537.36 (KHTML, like Gecko) Chrome/131.0.0.0 Safari/537.36"
34.93.121.246 - - [09/Sep/2026:07:31:55 -0600] "GET /p.php HTTP/1.1" 404 38154 "-" "Mozilla/5.0 (Windows NT 10.0; Win64; x64) AppleWebKit/537.36 (KHTML, like Gecko) Chrome/131.0.0.0 Safari/537.36"
162.240.68.55 - - [09/Sep/2026:07:31:57 -0600] "POST /wp-cron.php?doing_wp_cron=1788960717.6357679367065429687500 HTTP/1.1" 200 - "-" "WordPress/7.1; https://nrfwomencouncil.org"
34.93.121.246 - - [09/Sep/2026:07:31:56 -0600] "GET /debug.php HTTP/1.1" 404 38154 "-" "Mozilla/5.0 (Windows NT 10.0; Win64; x64) AppleWebKit/537.36 (KHTML, like Gecko) Chrome/131.0.0.0 Safari/537.36"
34.93.121.246 - - [09/Sep/2026:07:31:58 -0600] "GET /admin/phpinfo.php HTTP/1.1" 404 38154 "-" "Mozilla/5.0 (Windows NT 10.0; Win64; x64) AppleWebKit/537.36 (KHTML, like Gecko) Chrome/131.0.0.0 Safari/537.36"
34.93.121.246 - - [09/Sep/2026:07:32:00 -0600] "GET /test/phpinfo.php HTTP/1.1" 404 38154 "-" "Mozilla/5.0 (Windows NT 10.0; Win64; x64) AppleWebKit/537.36 (KHTML, like Gecko) Chrome/131.0.0.0 Safari/537.36"
34.93.121.246 - - [09/Sep/2026:07:32:02 -0600] "GET /dev/phpinfo.php HTTP/1.1" 404 38154 "-" "Mozilla/5.0 (Windows NT 10.0; Win64; x64) AppleWebKit/537.36 (KHTML, like Gecko) Chrome/131.0.0.0 Safari/537.36"
34.93.121.246 - - [09/Sep/2026:07:32:03 -0600] "GET /old/phpinfo.php HTTP/1.1" 404 38154 "-" "Mozilla/5.0 (Windows NT 10.0; Win64; x64) AppleWebKit/537.36 (KHTML, like Gecko) Chrome/131.0.0.0 Safari/537.36"
34.93.121.246 - - [09/Sep/2026:07:32:05 -0600] "GET /tmp/phpinfo.php HTTP/1.1" 404 38154 "-" "Mozilla/5.0 (Windows NT 10.0; Win64; x64) AppleWebKit/537.36 (KHTML, like Gecko) Chrome/131.0.0.0 Safari/537.36"
34.93.121.246 - - [09/Sep/2026:07:32:06 -0600] "GET /public/phpinfo.php HTTP/1.1" 404 38154 "-" "Mozilla/5.0 (Windows NT 10.0; Win64; x64) AppleWebKit/537.36 (KHTML, like Gecko) Chrome/131.0.0.0 Safari/537.36"
34.93.121.246 - - [09/Sep/2026:07:32:08 -0600] "GET /info HTTP/1.1" 404 38154 "-" "Mozilla/5.0 (Windows NT 10.0; Win64; x64) AppleWebKit/537.36 (KHTML, like Gecko) Chrome/131.0.0.0 Safari/537.36"
34.93.121.246 - - [09/Sep/2026:07:32:09 -0600] "GET /php-info.php HTTP/1.1" 404 38154 "-" "Mozilla/5.0 (Windows NT 10.0; Win64; x64) AppleWebKit/537.36 (KHTML, like Gecko) Chrome/131.0.0.0 Safari/537.36"
34.93.121.246 - - [09/Sep/2026:07:32:11 -0600] "GET /phpversion.php HTTP/1.1" 404 38154 "-" "Mozilla/5.0 (Windows NT 10.0; Win64; x64) AppleWebKit/537.36 (KHTML, like Gecko) Chrome/131.0.0.0 Safari/537.36"
34.93.121.246 - - [09/Sep/2026:07:32:12 -0600] "GET /_phpinfo.php HTTP/1.1" 404 38154 "-" "Mozilla/5.0 (Windows NT 10.0; Win64; x64) AppleWebKit/537.36 (KHTML, like Gecko) Chrome/131.0.0.0 Safari/537.36"
34.93.121.246 - - [09/Sep/2026:07:32:14 -0600] "GET /old_phpinfo.php HTTP/1.1" 404 38154 "-" "Mozilla/5.0 (Windows NT 10.0; Win64; x64) AppleWebKit/537.36 (KHTML, like Gecko) Chrome/131.0.0.0 Safari/537.36"
34.93.121.246 - - [09/Sep/2026:07:32:16 -0600] "GET /server-info.php HTTP/1.1" 404 38154 "-" "Mozilla/5.0 (Windows NT 10.0; Win64; x64) AppleWebKit/537.36 (KHTML, like Gecko) Chrome/131.0.0.0 Safari/537.36"
34.93.121.246 - - [09/Sep/2026:07:32:17 -0600] "GET /server-status.php HTTP/1.1" 404 38154 "-" "Mozilla/5.0 (Windows NT 10.0; Win64; x64) AppleWebKit/537.36 (KHTML, like Gecko) Chrome/131.0.0.0 Safari/537.36"
34.93.121.246 - - [09/Sep/2026:07:32:19 -0600] "GET /_profiler/phpinfo HTTP/1.1" 404 38154 "-" "Mozilla/5.0 (Windows NT 10.0; Win64; x64) AppleWebKit/537.36 (KHTML, like Gecko) Chrome/131.0.0.0 Safari/537.36"
34.93.121.246 - - [09/Sep/2026:07:32:20 -0600] "GET /_environment HTTP/1.1" 404 38154 "-" "Mozilla/5.0 (Windows NT 10.0; Win64; x64) AppleWebKit/537.36 (KHTML, like Gecko) Chrome/131.0.0.0 Safari/537.36"
34.93.121.246 - - [09/Sep/2026:07:32:22 -0600] "GET /webroot/index.php/_environment HTTP/1.1" 301 - "-" "Mozilla/5.0 (Windows NT 10.0; Win64; x64) AppleWebKit/537.36 (KHTML, like Gecko) Chrome/131.0.0.0 Safari/537.36"
34.93.121.246 - - [09/Sep/2026:07:32:23 -0600] "GET /mail/phpinfo.php HTTP/1.1" 404 38154 "-" "Mozilla/5.0 (Windows NT 10.0; Win64; x64) AppleWebKit/537.36 (KHTML, like Gecko) Chrome/131.0.0.0 Safari/537.36"
34.93.121.246 - - [09/Sep/2026:07:32:25 -0600] "GET /cpanel/phpinfo.php HTTP/1.1" 404 38154 "-" "Mozilla/5.0 (Windows NT 10.0; Win64; x64) AppleWebKit/537.36 (KHTML, like Gecko) Chrome/131.0.0.0 Safari/537.36"
34.93.121.246 - - [09/Sep/2026:07:32:26 -0600] "GET /hosting/phpinfo.php HTTP/1.1" 404 38154 "-" "Mozilla/5.0 (Windows NT 10.0; Win64; x64) AppleWebKit/537.36 (KHTML, like Gecko) Chrome/131.0.0.0 Safari/537.36"
34.93.121.246 - - [09/Sep/2026:07:32:28 -0600] "GET /webmail/phpinfo.php HTTP/1.1" 301 - "-" "Mozilla/5.0 (Windows NT 10.0; Win64; x64) AppleWebKit/537.36 (KHTML, like Gecko) Chrome/131.0.0.0 Safari/537.36"
34.93.121.246 - - [09/Sep/2026:07:32:28 -0600] "GET /smtp/phpinfo.php HTTP/1.1" 404 38154 "-" "Mozilla/5.0 (Windows NT 10.0; Win64; x64) AppleWebKit/537.36 (KHTML, like Gecko) Chrome/131.0.0.0 Safari/537.36"
34.93.121.246 - - [09/Sep/2026:07:32:30 -0600] "GET /phpinfo.php.bak HTTP/1.1" 404 38154 "-" "Mozilla/5.0 (Windows NT 10.0; Win64; x64) AppleWebKit/537.36 (KHTML, like Gecko) Chrome/131.0.0.0 Safari/537.36"
34.93.121.246 - - [09/Sep/2026:07:32:31 -0600] "GET /phpinfo.php.old HTTP/1.1" 404 38154 "-" "Mozilla/5.0 (Windows NT 10.0; Win64; x64) AppleWebKit/537.36 (KHTML, like Gecko) Chrome/131.0.0.0 Safari/537.36"
34.93.121.246 - - [09/Sep/2026:07:32:33 -0600] "GET /phpinfo.php~ HTTP/1.1" 404 38154 "-" "Mozilla/5.0 (Windows NT 10.0; Win64; x64) AppleWebKit/537.36 (KHTML, like Gecko) Chrome/131.0.0.0 Safari/537.36"
34.93.121.246 - - [09/Sep/2026:07:32:34 -0600] "GET /info.php.bak HTTP/1.1" 404 38154 "-" "Mozilla/5.0 (Windows NT 10.0; Win64; x64) AppleWebKit/537.36 (KHTML, like Gecko) Chrome/131.0.0.0 Safari/537.36"
34.93.121.246 - - [09/Sep/2026:07:32:35 -0600] "GET /phpinfo.php.save HTTP/1.1" 404 38154 "-" "Mozilla/5.0 (Windows NT 10.0; Win64; x64) AppleWebKit/537.36 (KHTML, like Gecko) Chrome/131.0.0.0 Safari/537.36"
34.93.121.246 - - [09/Sep/2026:07:32:37 -0600] "GET /staging/phpinfo.php HTTP/1.1" 404 38154 "-" "Mozilla/5.0 (Windows NT 10.0; Win64; x64) AppleWebKit/537.36 (KHTML, like Gecko) Chrome/131.0.0.0 Safari/537.36"
34.93.121.246 - - [09/Sep/2026:07:32:38 -0600] "GET /beta/phpinfo.php HTTP/1.1" 404 38154 "-" "Mozilla/5.0 (Windows NT 10.0; Win64; x64) AppleWebKit/537.36 (KHTML, like Gecko) Chrome/131.0.0.0 Safari/537.36"
34.93.121.246 - - [09/Sep/2026:07:32:40 -0600] "GET /uat/phpinfo.php HTTP/1.1" 404 38154 "-" "Mozilla/5.0 (Windows NT 10.0; Win64; x64) AppleWebKit/537.36 (KHTML, like Gecko) Chrome/131.0.0.0 Safari/537.36"
34.93.121.246 - - [09/Sep/2026:07:32:41 -0600] "GET /qa/phpinfo.php HTTP/1.1" 404 38154 "-" "Mozilla/5.0 (Windows NT 10.0; Win64; x64) AppleWebKit/537.36 (KHTML, like Gecko) Chrome/131.0.0.0 Safari/537.36"
34.93.121.246 - - [09/Sep/2026:07:32:43 -0600] "GET /preview/phpinfo.php HTTP/1.1" 404 38154 "-" "Mozilla/5.0 (Windows NT 10.0; Win64; x64) AppleWebKit/537.36 (KHTML, like Gecko) Chrome/131.0.0.0 Safari/537.36"
34.93.121.246 - - [09/Sep/2026:07:32:44 -0600] "GET /www/phpinfo.php HTTP/1.1" 404 38154 "-" "Mozilla/5.0 (Windows NT 10.0; Win64; x64) AppleWebKit/537.36 (KHTML, like Gecko) Chrome/131.0.0.0 Safari/537.36"
34.93.121.246 - - [09/Sep/2026:07:32:46 -0600] "GET /htdocs/phpinfo.php HTTP/1.1" 404 38154 "-" "Mozilla/5.0 (Windows NT 10.0; Win64; x64) AppleWebKit/537.36 (KHTML, like Gecko) Chrome/131.0.0.0 Safari/537.36"
34.93.121.246 - - [09/Sep/2026:07:32:47 -0600] "GET /public_html/phpinfo.php HTTP/1.1" 404 38154 "-" "Mozilla/5.0 (Windows NT 10.0; Win64; x64) AppleWebKit/537.36 (KHTML, like Gecko) Chrome/131.0.0.0 Safari/537.36"
34.93.121.246 - - [09/Sep/2026:07:32:49 -0600] "GET /site/phpinfo.php HTTP/1.1" 404 38154 "-" "Mozilla/5.0 (Windows NT 10.0; Win64; x64) AppleWebKit/537.36 (KHTML, like Gecko) Chrome/131.0.0.0 Safari/537.36"
34.93.121.246 - - [09/Sep/2026:07:32:51 -0600] "GET /docs/phpinfo.php HTTP/1.1" 404 38154 "-" "Mozilla/5.0 (Windows NT 10.0; Win64; x64) AppleWebKit/537.36 (KHTML, like Gecko) Chrome/131.0.0.0 Safari/537.36"
34.93.121.246 - - [09/Sep/2026:07:32:52 -0600] "GET /wp-admin/phpinfo.php HTTP/1.1" 404 38154 "-" "Mozilla/5.0 (Windows NT 10.0; Win64; x64) AppleWebKit/537.36 (KHTML, like Gecko) Chrome/131.0.0.0 Safari/537.36"
34.93.121.246 - - [09/Sep/2026:07:32:53 -0600] "GET /administrator/phpinfo.php HTTP/1.1" 404 38154 "-" "Mozilla/5.0 (Windows NT 10.0; Win64; x64) AppleWebKit/537.36 (KHTML, like Gecko) Chrome/131.0.0.0 Safari/537.36"
34.93.121.246 - - [09/Sep/2026:07:32:55 -0600] "GET /core/phpinfo.php HTTP/1.1" 404 38154 "-" "Mozilla/5.0 (Windows NT 10.0; Win64; x64) AppleWebKit/537.36 (KHTML, like Gecko) Chrome/131.0.0.0 Safari/537.36"
162.240.68.55 - - [09/Sep/2026:07:32:57 -0600] "POST /wp-cron.php?doing_wp_cron=1788960777.9659299850463867187500 HTTP/1.1" 200 - "-" "WordPress/7.1; https://nrfwomencouncil.org"
34.93.121.246 - - [09/Sep/2026:07:32:56 -0600] "GET /includes/phpinfo.php HTTP/1.1" 404 38154 "-" "Mozilla/5.0 (Windows NT 10.0; Win64; x64) AppleWebKit/537.36 (KHTML, like Gecko) Chrome/131.0.0.0 Safari/537.36"
34.93.121.246 - - [09/Sep/2026:07:32:58 -0600] "GET /service-account.json HTTP/1.1" 404 38154 "-" "Mozilla/5.0 (Windows NT 10.0; Win64; x64) AppleWebKit/537.36 (KHTML, like Gecko) Chrome/131.0.0.0 Safari/537.36"
34.93.121.246 - - [09/Sep/2026:07:33:00 -0600] "GET /sa.json HTTP/1.1" 404 38154 "-" "Mozilla/5.0 (Windows NT 10.0; Win64; x64) AppleWebKit/537.36 (KHTML, like Gecko) Chrome/131.0.0.0 Safari/537.36"
34.93.121.246 - - [09/Sep/2026:07:33:02 -0600] "GET /gcp-key.json HTTP/1.1" 404 38154 "-" "Mozilla/5.0 (Windows NT 10.0; Win64; x64) AppleWebKit/537.36 (KHTML, like Gecko) Chrome/131.0.0.0 Safari/537.36"
34.93.121.246 - - [09/Sep/2026:07:33:03 -0600] "GET /gcp-credentials.json HTTP/1.1" 404 38154 "-" "Mozilla/5.0 (Windows NT 10.0; Win64; x64) AppleWebKit/537.36 (KHTML, like Gecko) Chrome/131.0.0.0 Safari/537.36"
34.93.121.246 - - [09/Sep/2026:07:33:05 -0600] "GET /gcp-sa.json HTTP/1.1" 404 38154 "-" "Mozilla/5.0 (Windows NT 10.0; Win64; x64) AppleWebKit/537.36 (KHTML, like Gecko) Chrome/131.0.0.0 Safari/537.36"
34.93.121.246 - - [09/Sep/2026:07:33:06 -0600] "GET /credentials.json HTTP/1.1" 404 38154 "-" "Mozilla/5.0 (Windows NT 10.0; Win64; x64) AppleWebKit/537.36 (KHTML, like Gecko) Chrome/131.0.0.0 Safari/537.36"
34.93.121.246 - - [09/Sep/2026:07:33:08 -0600] "GET /google-credentials.json HTTP/1.1" 404 38154 "-" "Mozilla/5.0 (Windows NT 10.0; Win64; x64) AppleWebKit/537.36 (KHTML, like Gecko) Chrome/131.0.0.0 Safari/537.36"
34.93.121.246 - - [09/Sep/2026:07:33:09 -0600] "GET /google-key.json HTTP/1.1" 404 38154 "-" "Mozilla/5.0 (Windows NT 10.0; Win64; x64) AppleWebKit/537.36 (KHTML, like Gecko) Chrome/131.0.0.0 Safari/537.36"
34.93.121.246 - - [09/Sep/2026:07:33:11 -0600] "GET /.config/gcloud/application_default_credentials.json HTTP/1.1" 404 38154 "-" "Mozilla/5.0 (Windows NT 10.0; Win64; x64) AppleWebKit/537.36 (KHTML, like Gecko) Chrome/131.0.0.0 Safari/537.36"
34.93.121.246 - - [09/Sep/2026:07:33:13 -0600] "GET /application_default_credentials.json HTTP/1.1" 404 38154 "-" "Mozilla/5.0 (Windows NT 10.0; Win64; x64) AppleWebKit/537.36 (KHTML, like Gecko) Chrome/131.0.0.0 Safari/537.36"
34.93.121.246 - - [09/Sep/2026:07:33:14 -0600] "GET /key.json HTTP/1.1" 404 38154 "-" "Mozilla/5.0 (Windows NT 10.0; Win64; x64) AppleWebKit/537.36 (KHTML, like Gecko) Chrome/131.0.0.0 Safari/537.36"
34.93.121.246 - - [09/Sep/2026:07:33:16 -0600] "GET /keyfile.json HTTP/1.1" 404 38154 "-" "Mozilla/5.0 (Windows NT 10.0; Win64; x64) AppleWebKit/537.36 (KHTML, like Gecko) Chrome/131.0.0.0 Safari/537.36"
34.93.121.246 - - [09/Sep/2026:07:33:17 -0600] "GET /firebase-adminsdk.json HTTP/1.1" 404 38154 "-" "Mozilla/5.0 (Windows NT 10.0; Win64; x64) AppleWebKit/537.36 (KHTML, like Gecko) Chrome/131.0.0.0 Safari/537.36"
34.93.121.246 - - [09/Sep/2026:07:33:19 -0600] "GET /firebase-key.json HTTP/1.1" 404 38154 "-" "Mozilla/5.0 (Windows NT 10.0; Win64; x64) AppleWebKit/537.36 (KHTML, like Gecko) Chrome/131.0.0.0 Safari/537.36"
34.93.121.246 - - [09/Sep/2026:07:33:21 -0600] "GET / HTTP/1.1" 301 - "-" "Mozilla/5.0 (Macintosh; Intel Mac OS X 10_15_7) AppleWebKit/537.36 (KHTML, like Gecko) Chrome/131.0.0.0 Safari/537.36"
34.93.121.246 - - [09/Sep/2026:07:33:22 -0600] "GET / HTTP/1.1" 200 63079 "-" "Mozilla/5.0 (Macintosh; Intel Mac OS X 10_15_7) AppleWebKit/537.36 (KHTML, like Gecko) Chrome/131.0.0.0 Safari/537.36"
43.157.52.37 - - [09/Sep/2026:07:37:38 -0600] "GET /comments/feed/ HTTP/1.1" 200 732 "-" "Mozilla/5.0 (iPhone; CPU iPhone OS 13_2_3 like Mac OS X) AppleWebKit/605.1.15 (KHTML, like Gecko) Version/13.0.3 Mobile/15E148 Safari/604.1"
162.240.68.55 - - [09/Sep/2026:07:37:38 -0600] "POST /wp-cron.php?doing_wp_cron=1788961058.9057500362396240234375 HTTP/1.1" 200 - "-" "WordPress/7.1; https://nrfwomencouncil.org"
51.68.163.208 - - [09/Sep/2026:07:38:09 -0600] "GET /wp-content/plugins/wp-content-filter/wp-content-filter.php?k=woo2026 HTTP/1.1" 404 38154 "-" "Mozilla/5.0 (Macintosh; Intel Mac OS X 10_15_7) AppleWebKit/537.36 (KHTML, like Gecko) Chrome/146.0.0.0 Safari/537.36"
162.240.68.55 - - [09/Sep/2026:07:38:12 -0600] "POST /wp-cron.php?doing_wp_cron=1788961092.1108500957489013671875 HTTP/1.1" 200 - "-" "WordPress/7.1; https://nrfwomencouncil.org"
54.38.196.24 - - [09/Sep/2026:07:42:25 -0600] "GET / HTTP/1.1" 301 - "-" "Mozilla/5.0 (Linux; Android 10; K) AppleWebKit/537.36 (KHTML, like Gecko) Chrome/148.0.0.0 Safari/537.36"
162.240.68.55 - - [09/Sep/2026:07:42:27 -0600] "POST /wp-cron.php?doing_wp_cron=1788961347.9556870460510253906250 HTTP/1.1" 200 - "-" "WordPress/7.1; https://nrfwomencouncil.org"
43.165.198.224 - - [09/Sep/2026:07:47:41 -0600] "GET /author/kawa/index.html HTTP/1.1" 404 38097 "-" "Mozilla/5.0 (iPhone; CPU iPhone OS 13_2_3 like Mac OS X) AppleWebKit/605.1.15 (KHTML, like Gecko) Version/13.0.3 Mobile/15E148 Safari/604.1"
162.240.68.55 - - [09/Sep/2026:07:47:45 -0600] "POST /wp-cron.php?doing_wp_cron=1788961665.1654360294342041015625 HTTP/1.1" 200 - "-" "WordPress/7.1; https://nrfwomencouncil.org"
54.38.196.18 - - [09/Sep/2026:07:49:35 -0600] "GET / HTTP/1.1" 200 63079 "-" "Mozilla/5.0 (Linux; Android 10; K) AppleWebKit/537.36 (KHTML, like Gecko) Chrome/151.0.0.0 Mobile Safari/537.36"
162.240.68.55 - - [09/Sep/2026:07:49:37 -0600] "POST /wp-cron.php?doing_wp_cron=1788961776.9973800182342529296875 HTTP/1.1" 200 - "-" "WordPress/7.1; https://nrfwomencouncil.org"
51.68.163.208 - - [09/Sep/2026:07:49:46 -0600] "GET /wp-content/plugins/cidaas-pro-master/composer.json HTTP/1.1" 404 38154 "-" "Mozilla/5.0 (Macintosh; Intel Mac OS X 10_15_7) AppleWebKit/537.36 (KHTML, like Gecko) Chrome/148.0.0.0 Safari/537.36"
185.220.100.254 - - [09/Sep/2026:07:49:54 -0600] "GET /bank_orlen_pl1/ HTTP/1.1" 404 38097 "-" "Mozilla/5.0 (Linux; Android 10; K) AppleWebKit/537.36 (KHTML, like Gecko) Chrome/153.0.0.0 Mobile Safari/537.36"
162.240.68.55 - - [09/Sep/2026:07:49:57 -0600] "POST /wp-cron.php?doing_wp_cron=1788961797.4183099269866943359375 HTTP/1.1" 200 - "-" "WordPress/7.1; https://nrfwomencouncil.org"
170.106.187.106 - - [09/Sep/2026:07:56:32 -0600] "GET /wp-json/oembed/1.0/embed?url=https%3A%2F%2Fnrfwomencouncil.org%2Fabout-us%2F HTTP/1.1" 200 2165 "-" "Mozilla/5.0 (iPhone; CPU iPhone OS 13_2_3 like Mac OS X) AppleWebKit/605.1.15 (KHTML, like Gecko) Version/13.0.3 Mobile/15E148 Safari/604.1"
162.240.68.55 - - [09/Sep/2026:07:56:35 -0600] "POST /wp-cron.php?doing_wp_cron=1788962195.6843430995941162109375 HTTP/1.1" 200 - "-" "WordPress/7.1; https://nrfwomencouncil.org"
43.166.244.192 - - [09/Sep/2026:08:06:01 -0600] "GET / HTTP/1.1" 200 63079 "http://nrfwomencouncil.org" "Mozilla/5.0 (iPhone; CPU iPhone OS 13_2_3 like Mac OS X) AppleWebKit/605.1.15 (KHTML, like Gecko) Version/13.0.3 Mobile/15E148 Safari/604.1"
35.245.119.115 - - [09/Sep/2026:08:06:05 -0600] "GET / HTTP/1.1" 200 63079 "-" "Mozilla/5.0 (Windows NT 10.0; Win64; x64) AppleWebKit/537.36 (KHTML, like Gecko) Chrome/78.0.3904.108 Safari/537.36"
35.245.119.115 - - [09/Sep/2026:08:06:07 -0600] "GET //wp-includes/wlwmanifest.xml HTTP/1.1" 301 - "-" "Mozilla/5.0 (Windows NT 10.0; Win64; x64) AppleWebKit/537.36 (KHTML, like Gecko) Chrome/78.0.3904.108 Safari/537.36"
35.245.119.115 - - [09/Sep/2026:08:06:08 -0600] "GET //xmlrpc.php?rsd HTTP/1.1" 200 828 "-" "Mozilla/5.0 (Windows NT 10.0; Win64; x64) AppleWebKit/537.36 (KHTML, like Gecko) Chrome/78.0.3904.108 Safari/537.36"
35.245.119.115 - - [09/Sep/2026:08:06:09 -0600] "GET //?author=1 HTTP/1.1" 301 - "-" "Mozilla/5.0 (Windows NT 10.0; Win64; x64) AppleWebKit/537.36 (KHTML, like Gecko) Chrome/78.0.3904.108 Safari/537.36"
35.245.119.115 - - [09/Sep/2026:08:06:11 -0600] "GET //?author=2 HTTP/1.1" 301 - "-" "Mozilla/5.0 (Windows NT 10.0; Win64; x64) AppleWebKit/537.36 (KHTML, like Gecko) Chrome/78.0.3904.108 Safari/537.36"
35.245.119.115 - - [09/Sep/2026:08:06:12 -0600] "GET //wp-json/wp/v2/users/ HTTP/1.1" 200 1461 "-" "Mozilla/5.0 (Windows NT 10.0; Win64; x64) AppleWebKit/537.36 (KHTML, like Gecko) Chrome/78.0.3904.108 Safari/537.36"
35.245.119.115 - - [09/Sep/2026:08:06:13 -0600] "POST //xmlrpc.php HTTP/1.1" 200 401 "-" "Mozilla/5.0 (Windows NT 10.0; Win64; x64) AppleWebKit/537.36 (KHTML, like Gecko) Chrome/78.0.3904.108 Safari/537.36"
35.245.119.115 - - [09/Sep/2026:08:06:15 -0600] "POST //xmlrpc.php HTTP/1.1" 200 401 "-" "Mozilla/5.0 (Windows NT 10.0; Win64; x64) AppleWebKit/537.36 (KHTML, like Gecko) Chrome/78.0.3904.108 Safari/537.36"
43.164.197.117 - - [09/Sep/2026:08:06:17 -0600] "GET /?p=407 HTTP/1.1" 301 - "-" "Mozilla/5.0 (iPhone; CPU iPhone OS 13_2_3 like Mac OS X) AppleWebKit/605.1.15 (KHTML, like Gecko) Version/13.0.3 Mobile/15E148 Safari/604.1"
35.245.119.115 - - [09/Sep/2026:08:06:17 -0600] "POST //xmlrpc.php HTTP/1.1" 200 401 "-" "Mozilla/5.0 (Windows NT 10.0; Win64; x64) AppleWebKit/537.36 (KHTML, like Gecko) Chrome/78.0.3904.108 Safari/537.36"
35.245.119.115 - - [09/Sep/2026:08:06:19 -0600] "POST //xmlrpc.php HTTP/1.1" 200 401 "-" "Mozilla/5.0 (Windows NT 10.0; Win64; x64) AppleWebKit/537.36 (KHTML, like Gecko) Chrome/78.0.3904.108 Safari/537.36"
43.164.197.117 - - [09/Sep/2026:08:06:19 -0600] "GET /about-us/ HTTP/1.1" 200 79493 "https://nrfwomencouncil.org/?p=407" "Mozilla/5.0 (iPhone; CPU iPhone OS 13_2_3 like Mac OS X) AppleWebKit/605.1.15 (KHTML, like Gecko) Version/13.0.3 Mobile/15E148 Safari/604.1"
35.245.119.115 - - [09/Sep/2026:08:06:20 -0600] "POST //xmlrpc.php HTTP/1.1" 200 401 "-" "Mozilla/5.0 (Windows NT 10.0; Win64; x64) AppleWebKit/537.36 (KHTML, like Gecko) Chrome/78.0.3904.108 Safari/537.36"
35.245.119.115 - - [09/Sep/2026:08:06:22 -0600] "POST //xmlrpc.php HTTP/1.1" 200 401 "-" "Mozilla/5.0 (Windows NT 10.0; Win64; x64) AppleWebKit/537.36 (KHTML, like Gecko) Chrome/78.0.3904.108 Safari/537.36"
35.245.119.115 - - [09/Sep/2026:08:06:24 -0600] "POST //xmlrpc.php HTTP/1.1" 200 401 "-" "Mozilla/5.0 (Windows NT 10.0; Win64; x64) AppleWebKit/537.36 (KHTML, like Gecko) Chrome/78.0.3904.108 Safari/537.36"
35.245.119.115 - - [09/Sep/2026:08:06:25 -0600] "POST //xmlrpc.php HTTP/1.1" 200 401 "-" "Mozilla/5.0 (Windows NT 10.0; Win64; x64) AppleWebKit/537.36 (KHTML, like Gecko) Chrome/78.0.3904.108 Safari/537.36"
35.245.119.115 - - [09/Sep/2026:08:06:27 -0600] "POST //xmlrpc.php HTTP/1.1" 200 401 "-" "Mozilla/5.0 (Windows NT 10.0; Win64; x64) AppleWebKit/537.36 (KHTML, like Gecko) Chrome/78.0.3904.108 Safari/537.36"
35.245.119.115 - - [09/Sep/2026:08:06:29 -0600] "POST //xmlrpc.php HTTP/1.1" 200 401 "-" "Mozilla/5.0 (Windows NT 10.0; Win64; x64) AppleWebKit/537.36 (KHTML, like Gecko) Chrome/78.0.3904.108 Safari/537.36"
35.245.119.115 - - [09/Sep/2026:08:06:30 -0600] "POST //xmlrpc.php HTTP/1.1" 200 401 "-" "Mozilla/5.0 (Windows NT 10.0; Win64; x64) AppleWebKit/537.36 (KHTML, like Gecko) Chrome/78.0.3904.108 Safari/537.36"
35.245.119.115 - - [09/Sep/2026:08:06:32 -0600] "POST //xmlrpc.php HTTP/1.1" 200 401 "-" "Mozilla/5.0 (Windows NT 10.0; Win64; x64) AppleWebKit/537.36 (KHTML, like Gecko) Chrome/78.0.3904.108 Safari/537.36"
35.245.119.115 - - [09/Sep/2026:08:06:34 -0600] "POST //xmlrpc.php HTTP/1.1" 200 401 "-" "Mozilla/5.0 (Windows NT 10.0; Win64; x64) AppleWebKit/537.36 (KHTML, like Gecko) Chrome/78.0.3904.108 Safari/537.36"
35.245.119.115 - - [09/Sep/2026:08:06:35 -0600] "POST //xmlrpc.php HTTP/1.1" 200 401 "-" "Mozilla/5.0 (Windows NT 10.0; Win64; x64) AppleWebKit/537.36 (KHTML, like Gecko) Chrome/78.0.3904.108 Safari/537.36"
35.245.119.115 - - [09/Sep/2026:08:06:37 -0600] "POST //xmlrpc.php HTTP/1.1" 200 401 "-" "Mozilla/5.0 (Windows NT 10.0; Win64; x64) AppleWebKit/537.36 (KHTML, like Gecko) Chrome/78.0.3904.108 Safari/537.36"
35.245.119.115 - - [09/Sep/2026:08:06:39 -0600] "POST //xmlrpc.php HTTP/1.1" 200 401 "-" "Mozilla/5.0 (Windows NT 10.0; Win64; x64) AppleWebKit/537.36 (KHTML, like Gecko) Chrome/78.0.3904.108 Safari/537.36"
35.245.119.115 - - [09/Sep/2026:08:06:41 -0600] "POST //xmlrpc.php HTTP/1.1" 200 401 "-" "Mozilla/5.0 (Windows NT 10.0; Win64; x64) AppleWebKit/537.36 (KHTML, like Gecko) Chrome/78.0.3904.108 Safari/537.36"
35.245.119.115 - - [09/Sep/2026:08:06:43 -0600] "POST //xmlrpc.php HTTP/1.1" 200 401 "-" "Mozilla/5.0 (Windows NT 10.0; Win64; x64) AppleWebKit/537.36 (KHTML, like Gecko) Chrome/78.0.3904.108 Safari/537.36"
35.245.119.115 - - [09/Sep/2026:08:06:45 -0600] "POST //xmlrpc.php HTTP/1.1" 200 401 "-" "Mozilla/5.0 (Windows NT 10.0; Win64; x64) AppleWebKit/537.36 (KHTML, like Gecko) Chrome/78.0.3904.108 Safari/537.36"
35.245.119.115 - - [09/Sep/2026:08:06:47 -0600] "POST //xmlrpc.php HTTP/1.1" 200 401 "-" "Mozilla/5.0 (Windows NT 10.0; Win64; x64) AppleWebKit/537.36 (KHTML, like Gecko) Chrome/78.0.3904.108 Safari/537.36"
35.245.119.115 - - [09/Sep/2026:08:06:49 -0600] "POST //xmlrpc.php HTTP/1.1" 200 401 "-" "Mozilla/5.0 (Windows NT 10.0; Win64; x64) AppleWebKit/537.36 (KHTML, like Gecko) Chrome/78.0.3904.108 Safari/537.36"
35.245.119.115 - - [09/Sep/2026:08:06:51 -0600] "POST //xmlrpc.php HTTP/1.1" 200 401 "-" "Mozilla/5.0 (Windows NT 10.0; Win64; x64) AppleWebKit/537.36 (KHTML, like Gecko) Chrome/78.0.3904.108 Safari/537.36"
35.245.119.115 - - [09/Sep/2026:08:06:53 -0600] "POST //xmlrpc.php HTTP/1.1" 200 401 "-" "Mozilla/5.0 (Windows NT 10.0; Win64; x64) AppleWebKit/537.36 (KHTML, like Gecko) Chrome/78.0.3904.108 Safari/537.36"
35.245.119.115 - - [09/Sep/2026:08:06:54 -0600] "POST //xmlrpc.php HTTP/1.1" 200 401 "-" "Mozilla/5.0 (Windows NT 10.0; Win64; x64) AppleWebKit/537.36 (KHTML, like Gecko) Chrome/78.0.3904.108 Safari/537.36"
162.240.68.55 - - [09/Sep/2026:08:06:57 -0600] "POST /wp-cron.php?doing_wp_cron=1788962817.7000410556793212890625 HTTP/1.1" 200 - "-" "WordPress/7.1; https://nrfwomencouncil.org"
35.245.119.115 - - [09/Sep/2026:08:06:56 -0600] "POST //xmlrpc.php HTTP/1.1" 200 401 "-" "Mozilla/5.0 (Windows NT 10.0; Win64; x64) AppleWebKit/537.36 (KHTML, like Gecko) Chrome/78.0.3904.108 Safari/537.36"
35.245.119.115 - - [09/Sep/2026:08:06:58 -0600] "POST //xmlrpc.php HTTP/1.1" 200 401 "-" "Mozilla/5.0 (Windows NT 10.0; Win64; x64) AppleWebKit/537.36 (KHTML, like Gecko) Chrome/78.0.3904.108 Safari/537.36"
35.245.119.115 - - [09/Sep/2026:08:07:01 -0600] "POST //xmlrpc.php HTTP/1.1" 200 401 "-" "Mozilla/5.0 (Windows NT 10.0; Win64; x64) AppleWebKit/537.36 (KHTML, like Gecko) Chrome/78.0.3904.108 Safari/537.36"
35.245.119.115 - - [09/Sep/2026:08:07:03 -0600] "POST //xmlrpc.php HTTP/1.1" 200 401 "-" "Mozilla/5.0 (Windows NT 10.0; Win64; x64) AppleWebKit/537.36 (KHTML, like Gecko) Chrome/78.0.3904.108 Safari/537.36"
35.245.119.115 - - [09/Sep/2026:08:07:04 -0600] "POST //xmlrpc.php HTTP/1.1" 200 401 "-" "Mozilla/5.0 (Windows NT 10.0; Win64; x64) AppleWebKit/537.36 (KHTML, like Gecko) Chrome/78.0.3904.108 Safari/537.36"
35.245.119.115 - - [09/Sep/2026:08:07:06 -0600] "POST //xmlrpc.php HTTP/1.1" 200 401 "-" "Mozilla/5.0 (Windows NT 10.0; Win64; x64) AppleWebKit/537.36 (KHTML, like Gecko) Chrome/78.0.3904.108 Safari/537.36"
35.245.119.115 - - [09/Sep/2026:08:07:08 -0600] "POST //xmlrpc.php HTTP/1.1" 200 401 "-" "Mozilla/5.0 (Windows NT 10.0; Win64; x64) AppleWebKit/537.36 (KHTML, like Gecko) Chrome/78.0.3904.108 Safari/537.36"
35.245.119.115 - - [09/Sep/2026:08:07:09 -0600] "POST //xmlrpc.php HTTP/1.1" 200 401 "-" "Mozilla/5.0 (Windows NT 10.0; Win64; x64) AppleWebKit/537.36 (KHTML, like Gecko) Chrome/78.0.3904.108 Safari/537.36"
35.245.119.115 - - [09/Sep/2026:08:07:12 -0600] "POST //xmlrpc.php HTTP/1.1" 200 401 "-" "Mozilla/5.0 (Windows NT 10.0; Win64; x64) AppleWebKit/537.36 (KHTML, like Gecko) Chrome/78.0.3904.108 Safari/537.36"
35.245.119.115 - - [09/Sep/2026:08:07:13 -0600] "POST //xmlrpc.php HTTP/1.1" 200 401 "-" "Mozilla/5.0 (Windows NT 10.0; Win64; x64) AppleWebKit/537.36 (KHTML, like Gecko) Chrome/78.0.3904.108 Safari/537.36"
35.245.119.115 - - [09/Sep/2026:08:07:15 -0600] "POST //xmlrpc.php HTTP/1.1" 200 401 "-" "Mozilla/5.0 (Windows NT 10.0; Win64; x64) AppleWebKit/537.36 (KHTML, like Gecko) Chrome/78.0.3904.108 Safari/537.36"
35.245.119.115 - - [09/Sep/2026:08:07:16 -0600] "POST //xmlrpc.php HTTP/1.1" 200 401 "-" "Mozilla/5.0 (Windows NT 10.0; Win64; x64) AppleWebKit/537.36 (KHTML, like Gecko) Chrome/78.0.3904.108 Safari/537.36"
35.245.119.115 - - [09/Sep/2026:08:07:18 -0600] "POST //xmlrpc.php HTTP/1.1" 200 401 "-" "Mozilla/5.0 (Windows NT 10.0; Win64; x64) AppleWebKit/537.36 (KHTML, like Gecko) Chrome/78.0.3904.108 Safari/537.36"
35.245.119.115 - - [09/Sep/2026:08:07:20 -0600] "POST //xmlrpc.php HTTP/1.1" 200 401 "-" "Mozilla/5.0 (Windows NT 10.0; Win64; x64) AppleWebKit/537.36 (KHTML, like Gecko) Chrome/78.0.3904.108 Safari/537.36"
35.245.119.115 - - [09/Sep/2026:08:07:21 -0600] "POST //xmlrpc.php HTTP/1.1" 200 401 "-" "Mozilla/5.0 (Windows NT 10.0; Win64; x64) AppleWebKit/537.36 (KHTML, like Gecko) Chrome/78.0.3904.108 Safari/537.36"
35.245.119.115 - - [09/Sep/2026:08:07:23 -0600] "POST //xmlrpc.php HTTP/1.1" 200 401 "-" "Mozilla/5.0 (Windows NT 10.0; Win64; x64) AppleWebKit/537.36 (KHTML, like Gecko) Chrome/78.0.3904.108 Safari/537.36"
35.245.119.115 - - [09/Sep/2026:08:07:25 -0600] "POST //xmlrpc.php HTTP/1.1" 200 401 "-" "Mozilla/5.0 (Windows NT 10.0; Win64; x64) AppleWebKit/537.36 (KHTML, like Gecko) Chrome/78.0.3904.108 Safari/537.36"
35.245.119.115 - - [09/Sep/2026:08:07:26 -0600] "POST //xmlrpc.php HTTP/1.1" 200 401 "-" "Mozilla/5.0 (Windows NT 10.0; Win64; x64) AppleWebKit/537.36 (KHTML, like Gecko) Chrome/78.0.3904.108 Safari/537.36"
35.245.119.115 - - [09/Sep/2026:08:07:28 -0600] "POST //xmlrpc.php HTTP/1.1" 200 401 "-" "Mozilla/5.0 (Windows NT 10.0; Win64; x64) AppleWebKit/537.36 (KHTML, like Gecko) Chrome/78.0.3904.108 Safari/537.36"
35.245.119.115 - - [09/Sep/2026:08:07:30 -0600] "POST //xmlrpc.php HTTP/1.1" 200 401 "-" "Mozilla/5.0 (Windows NT 10.0; Win64; x64) AppleWebKit/537.36 (KHTML, like Gecko) Chrome/78.0.3904.108 Safari/537.36"
35.245.119.115 - - [09/Sep/2026:08:07:32 -0600] "POST //xmlrpc.php HTTP/1.1" 200 401 "-" "Mozilla/5.0 (Windows NT 10.0; Win64; x64) AppleWebKit/537.36 (KHTML, like Gecko) Chrome/78.0.3904.108 Safari/537.36"
35.245.119.115 - - [09/Sep/2026:08:07:34 -0600] "POST //xmlrpc.php HTTP/1.1" 200 401 "-" "Mozilla/5.0 (Windows NT 10.0; Win64; x64) AppleWebKit/537.36 (KHTML, like Gecko) Chrome/78.0.3904.108 Safari/537.36"
35.245.119.115 - - [09/Sep/2026:08:07:35 -0600] "POST //xmlrpc.php HTTP/1.1" 200 401 "-" "Mozilla/5.0 (Windows NT 10.0; Win64; x64) AppleWebKit/537.36 (KHTML, like Gecko) Chrome/78.0.3904.108 Safari/537.36"
35.245.119.115 - - [09/Sep/2026:08:07:37 -0600] "POST //xmlrpc.php HTTP/1.1" 200 401 "-" "Mozilla/5.0 (Windows NT 10.0; Win64; x64) AppleWebKit/537.36 (KHTML, like Gecko) Chrome/78.0.3904.108 Safari/537.36"
35.245.119.115 - - [09/Sep/2026:08:07:38 -0600] "POST //xmlrpc.php HTTP/1.1" 200 401 "-" "Mozilla/5.0 (Windows NT 10.0; Win64; x64) AppleWebKit/537.36 (KHTML, like Gecko) Chrome/78.0.3904.108 Safari/537.36"
35.245.119.115 - - [09/Sep/2026:08:07:40 -0600] "POST //xmlrpc.php HTTP/1.1" 200 401 "-" "Mozilla/5.0 (Windows NT 10.0; Win64; x64) AppleWebKit/537.36 (KHTML, like Gecko) Chrome/78.0.3904.108 Safari/537.36"
35.245.119.115 - - [09/Sep/2026:08:07:42 -0600] "POST //xmlrpc.php HTTP/1.1" 200 401 "-" "Mozilla/5.0 (Windows NT 10.0; Win64; x64) AppleWebKit/537.36 (KHTML, like Gecko) Chrome/78.0.3904.108 Safari/537.36"
35.245.119.115 - - [09/Sep/2026:08:07:44 -0600] "POST //xmlrpc.php HTTP/1.1" 200 401 "-" "Mozilla/5.0 (Windows NT 10.0; Win64; x64) AppleWebKit/537.36 (KHTML, like Gecko) Chrome/78.0.3904.108 Safari/537.36"
35.245.119.115 - - [09/Sep/2026:08:07:45 -0600] "POST //xmlrpc.php HTTP/1.1" 200 401 "-" "Mozilla/5.0 (Windows NT 10.0; Win64; x64) AppleWebKit/537.36 (KHTML, like Gecko) Chrome/78.0.3904.108 Safari/537.36"
35.245.119.115 - - [09/Sep/2026:08:07:47 -0600] "POST //xmlrpc.php HTTP/1.1" 200 401 "-" "Mozilla/5.0 (Windows NT 10.0; Win64; x64) AppleWebKit/537.36 (KHTML, like Gecko) Chrome/78.0.3904.108 Safari/537.36"
35.245.119.115 - - [09/Sep/2026:08:07:49 -0600] "POST //xmlrpc.php HTTP/1.1" 200 401 "-" "Mozilla/5.0 (Windows NT 10.0; Win64; x64) AppleWebKit/537.36 (KHTML, like Gecko) Chrome/78.0.3904.108 Safari/537.36"
35.245.119.115 - - [09/Sep/2026:08:07:50 -0600] "POST //xmlrpc.php HTTP/1.1" 200 401 "-" "Mozilla/5.0 (Windows NT 10.0; Win64; x64) AppleWebKit/537.36 (KHTML, like Gecko) Chrome/78.0.3904.108 Safari/537.36"
35.245.119.115 - - [09/Sep/2026:08:07:52 -0600] "POST //xmlrpc.php HTTP/1.1" 200 401 "-" "Mozilla/5.0 (Windows NT 10.0; Win64; x64) AppleWebKit/537.36 (KHTML, like Gecko) Chrome/78.0.3904.108 Safari/537.36"
35.245.119.115 - - [09/Sep/2026:08:07:54 -0600] "POST //xmlrpc.php HTTP/1.1" 200 401 "-" "Mozilla/5.0 (Windows NT 10.0; Win64; x64) AppleWebKit/537.36 (KHTML, like Gecko) Chrome/78.0.3904.108 Safari/537.36"
35.245.119.115 - - [09/Sep/2026:08:07:56 -0600] "POST //xmlrpc.php HTTP/1.1" 200 401 "-" "Mozilla/5.0 (Windows NT 10.0; Win64; x64) AppleWebKit/537.36 (KHTML, like Gecko) Chrome/78.0.3904.108 Safari/537.36"
162.240.68.55 - - [09/Sep/2026:08:07:57 -0600] "POST /wp-cron.php?doing_wp_cron=1788962877.6878869533538818359375 HTTP/1.1" 200 - "-" "WordPress/7.1; https://nrfwomencouncil.org"
35.245.119.115 - - [09/Sep/2026:08:07:59 -0600] "POST //xmlrpc.php HTTP/1.1" 200 401 "-" "Mozilla/5.0 (Windows NT 10.0; Win64; x64) AppleWebKit/537.36 (KHTML, like Gecko) Chrome/78.0.3904.108 Safari/537.36"
35.245.119.115 - - [09/Sep/2026:08:08:00 -0600] "POST //xmlrpc.php HTTP/1.1" 200 401 "-" "Mozilla/5.0 (Windows NT 10.0; Win64; x64) AppleWebKit/537.36 (KHTML, like Gecko) Chrome/78.0.3904.108 Safari/537.36"
35.245.119.115 - - [09/Sep/2026:08:08:02 -0600] "POST //xmlrpc.php HTTP/1.1" 200 401 "-" "Mozilla/5.0 (Windows NT 10.0; Win64; x64) AppleWebKit/537.36 (KHTML, like Gecko) Chrome/78.0.3904.108 Safari/537.36"
35.245.119.115 - - [09/Sep/2026:08:08:04 -0600] "POST //xmlrpc.php HTTP/1.1" 200 401 "-" "Mozilla/5.0 (Windows NT 10.0; Win64; x64) AppleWebKit/537.36 (KHTML, like Gecko) Chrome/78.0.3904.108 Safari/537.36"
35.245.119.115 - - [09/Sep/2026:08:08:06 -0600] "POST //xmlrpc.php HTTP/1.1" 200 401 "-" "Mozilla/5.0 (Windows NT 10.0; Win64; x64) AppleWebKit/537.36 (KHTML, like Gecko) Chrome/78.0.3904.108 Safari/537.36"
35.245.119.115 - - [09/Sep/2026:08:08:07 -0600] "POST //xmlrpc.php HTTP/1.1" 200 401 "-" "Mozilla/5.0 (Windows NT 10.0; Win64; x64) AppleWebKit/537.36 (KHTML, like Gecko) Chrome/78.0.3904.108 Safari/537.36"
35.245.119.115 - - [09/Sep/2026:08:08:08 -0600] "POST //xmlrpc.php HTTP/1.1" 200 401 "-" "Mozilla/5.0 (Windows NT 10.0; Win64; x64) AppleWebKit/537.36 (KHTML, like Gecko) Chrome/78.0.3904.108 Safari/537.36"
35.245.119.115 - - [09/Sep/2026:08:08:10 -0600] "POST //xmlrpc.php HTTP/1.1" 200 401 "-" "Mozilla/5.0 (Windows NT 10.0; Win64; x64) AppleWebKit/537.36 (KHTML, like Gecko) Chrome/78.0.3904.108 Safari/537.36"
35.245.119.115 - - [09/Sep/2026:08:08:11 -0600] "POST //xmlrpc.php HTTP/1.1" 200 401 "-" "Mozilla/5.0 (Windows NT 10.0; Win64; x64) AppleWebKit/537.36 (KHTML, like Gecko) Chrome/78.0.3904.108 Safari/537.36"
35.245.119.115 - - [09/Sep/2026:08:08:13 -0600] "POST //xmlrpc.php HTTP/1.1" 200 401 "-" "Mozilla/5.0 (Windows NT 10.0; Win64; x64) AppleWebKit/537.36 (KHTML, like Gecko) Chrome/78.0.3904.108 Safari/537.36"
35.245.119.115 - - [09/Sep/2026:08:08:14 -0600] "POST //xmlrpc.php HTTP/1.1" 200 401 "-" "Mozilla/5.0 (Windows NT 10.0; Win64; x64) AppleWebKit/537.36 (KHTML, like Gecko) Chrome/78.0.3904.108 Safari/537.36"
35.245.119.115 - - [09/Sep/2026:08:08:16 -0600] "POST //xmlrpc.php HTTP/1.1" 200 401 "-" "Mozilla/5.0 (Windows NT 10.0; Win64; x64) AppleWebKit/537.36 (KHTML, like Gecko) Chrome/78.0.3904.108 Safari/537.36"
35.245.119.115 - - [09/Sep/2026:08:08:17 -0600] "POST //xmlrpc.php HTTP/1.1" 200 401 "-" "Mozilla/5.0 (Windows NT 10.0; Win64; x64) AppleWebKit/537.36 (KHTML, like Gecko) Chrome/78.0.3904.108 Safari/537.36"
35.245.119.115 - - [09/Sep/2026:08:08:19 -0600] "POST //xmlrpc.php HTTP/1.1" 200 401 "-" "Mozilla/5.0 (Windows NT 10.0; Win64; x64) AppleWebKit/537.36 (KHTML, like Gecko) Chrome/78.0.3904.108 Safari/537.36"
35.245.119.115 - - [09/Sep/2026:08:08:20 -0600] "POST //xmlrpc.php HTTP/1.1" 200 401 "-" "Mozilla/5.0 (Windows NT 10.0; Win64; x64) AppleWebKit/537.36 (KHTML, like Gecko) Chrome/78.0.3904.108 Safari/537.36"
35.245.119.115 - - [09/Sep/2026:08:08:22 -0600] "POST //xmlrpc.php HTTP/1.1" 200 401 "-" "Mozilla/5.0 (Windows NT 10.0; Win64; x64) AppleWebKit/537.36 (KHTML, like Gecko) Chrome/78.0.3904.108 Safari/537.36"
35.245.119.115 - - [09/Sep/2026:08:08:23 -0600] "POST //xmlrpc.php HTTP/1.1" 200 401 "-" "Mozilla/5.0 (Windows NT 10.0; Win64; x64) AppleWebKit/537.36 (KHTML, like Gecko) Chrome/78.0.3904.108 Safari/537.36"
35.245.119.115 - - [09/Sep/2026:08:08:25 -0600] "POST //xmlrpc.php HTTP/1.1" 200 401 "-" "Mozilla/5.0 (Windows NT 10.0; Win64; x64) AppleWebKit/537.36 (KHTML, like Gecko) Chrome/78.0.3904.108 Safari/537.36"
35.245.119.115 - - [09/Sep/2026:08:08:26 -0600] "POST //xmlrpc.php HTTP/1.1" 200 401 "-" "Mozilla/5.0 (Windows NT 10.0; Win64; x64) AppleWebKit/537.36 (KHTML, like Gecko) Chrome/78.0.3904.108 Safari/537.36"
35.245.119.115 - - [09/Sep/2026:08:08:27 -0600] "POST //xmlrpc.php HTTP/1.1" 200 401 "-" "Mozilla/5.0 (Windows NT 10.0; Win64; x64) AppleWebKit/537.36 (KHTML, like Gecko) Chrome/78.0.3904.108 Safari/537.36"
35.245.119.115 - - [09/Sep/2026:08:08:29 -0600] "POST //xmlrpc.php HTTP/1.1" 200 401 "-" "Mozilla/5.0 (Windows NT 10.0; Win64; x64) AppleWebKit/537.36 (KHTML, like Gecko) Chrome/78.0.3904.108 Safari/537.36"
35.245.119.115 - - [09/Sep/2026:08:08:31 -0600] "POST //xmlrpc.php HTTP/1.1" 200 401 "-" "Mozilla/5.0 (Windows NT 10.0; Win64; x64) AppleWebKit/537.36 (KHTML, like Gecko) Chrome/78.0.3904.108 Safari/537.36"
35.245.119.115 - - [09/Sep/2026:08:08:32 -0600] "POST //xmlrpc.php HTTP/1.1" 200 401 "-" "Mozilla/5.0 (Windows NT 10.0; Win64; x64) AppleWebKit/537.36 (KHTML, like Gecko) Chrome/78.0.3904.108 Safari/537.36"
35.245.119.115 - - [09/Sep/2026:08:08:34 -0600] "POST //xmlrpc.php HTTP/1.1" 200 401 "-" "Mozilla/5.0 (Windows NT 10.0; Win64; x64) AppleWebKit/537.36 (KHTML, like Gecko) Chrome/78.0.3904.108 Safari/537.36"
35.245.119.115 - - [09/Sep/2026:08:08:35 -0600] "POST //xmlrpc.php HTTP/1.1" 200 401 "-" "Mozilla/5.0 (Windows NT 10.0; Win64; x64) AppleWebKit/537.36 (KHTML, like Gecko) Chrome/78.0.3904.108 Safari/537.36"
35.245.119.115 - - [09/Sep/2026:08:08:37 -0600] "POST //xmlrpc.php HTTP/1.1" 200 401 "-" "Mozilla/5.0 (Windows NT 10.0; Win64; x64) AppleWebKit/537.36 (KHTML, like Gecko) Chrome/78.0.3904.108 Safari/537.36"
35.245.119.115 - - [09/Sep/2026:08:08:38 -0600] "POST //xmlrpc.php HTTP/1.1" 200 401 "-" "Mozilla/5.0 (Windows NT 10.0; Win64; x64) AppleWebKit/537.36 (KHTML, like Gecko) Chrome/78.0.3904.108 Safari/537.36"
35.245.119.115 - - [09/Sep/2026:08:08:40 -0600] "POST //xmlrpc.php HTTP/1.1" 200 401 "-" "Mozilla/5.0 (Windows NT 10.0; Win64; x64) AppleWebKit/537.36 (KHTML, like Gecko) Chrome/78.0.3904.108 Safari/537.36"
35.245.119.115 - - [09/Sep/2026:08:08:42 -0600] "POST //xmlrpc.php HTTP/1.1" 200 401 "-" "Mozilla/5.0 (Windows NT 10.0; Win64; x64) AppleWebKit/537.36 (KHTML, like Gecko) Chrome/78.0.3904.108 Safari/537.36"
35.245.119.115 - - [09/Sep/2026:08:08:43 -0600] "POST //xmlrpc.php HTTP/1.1" 200 401 "-" "Mozilla/5.0 (Windows NT 10.0; Win64; x64) AppleWebKit/537.36 (KHTML, like Gecko) Chrome/78.0.3904.108 Safari/537.36"
35.245.119.115 - - [09/Sep/2026:08:08:45 -0600] "POST //xmlrpc.php HTTP/1.1" 200 401 "-" "Mozilla/5.0 (Windows NT 10.0; Win64; x64) AppleWebKit/537.36 (KHTML, like Gecko) Chrome/78.0.3904.108 Safari/537.36"
35.245.119.115 - - [09/Sep/2026:08:08:47 -0600] "POST //xmlrpc.php HTTP/1.1" 200 401 "-" "Mozilla/5.0 (Windows NT 10.0; Win64; x64) AppleWebKit/537.36 (KHTML, like Gecko) Chrome/78.0.3904.108 Safari/537.36"
35.245.119.115 - - [09/Sep/2026:08:08:48 -0600] "POST //xmlrpc.php HTTP/1.1" 200 401 "-" "Mozilla/5.0 (Windows NT 10.0; Win64; x64) AppleWebKit/537.36 (KHTML, like Gecko) Chrome/78.0.3904.108 Safari/537.36"
35.245.119.115 - - [09/Sep/2026:08:08:50 -0600] "POST //xmlrpc.php HTTP/1.1" 200 401 "-" "Mozilla/5.0 (Windows NT 10.0; Win64; x64) AppleWebKit/537.36 (KHTML, like Gecko) Chrome/78.0.3904.108 Safari/537.36"
35.245.119.115 - - [09/Sep/2026:08:08:51 -0600] "POST //xmlrpc.php HTTP/1.1" 200 401 "-" "Mozilla/5.0 (Windows NT 10.0; Win64; x64) AppleWebKit/537.36 (KHTML, like Gecko) Chrome/78.0.3904.108 Safari/537.36"
35.245.119.115 - - [09/Sep/2026:08:08:53 -0600] "POST //xmlrpc.php HTTP/1.1" 200 401 "-" "Mozilla/5.0 (Windows NT 10.0; Win64; x64) AppleWebKit/537.36 (KHTML, like Gecko) Chrome/78.0.3904.108 Safari/537.36"
35.245.119.115 - - [09/Sep/2026:08:08:55 -0600] "POST //xmlrpc.php HTTP/1.1" 200 401 "-" "Mozilla/5.0 (Windows NT 10.0; Win64; x64) AppleWebKit/537.36 (KHTML, like Gecko) Chrome/78.0.3904.108 Safari/537.36"
162.240.68.55 - - [09/Sep/2026:08:08:57 -0600] "POST /wp-cron.php?doing_wp_cron=1788962937.6142659187316894531250 HTTP/1.1" 200 - "-" "WordPress/7.1; https://nrfwomencouncil.org"
35.245.119.115 - - [09/Sep/2026:08:08:56 -0600] "POST //xmlrpc.php HTTP/1.1" 200 401 "-" "Mozilla/5.0 (Windows NT 10.0; Win64; x64) AppleWebKit/537.36 (KHTML, like Gecko) Chrome/78.0.3904.108 Safari/537.36"
35.245.119.115 - - [09/Sep/2026:08:08:58 -0600] "POST //xmlrpc.php HTTP/1.1" 200 401 "-" "Mozilla/5.0 (Windows NT 10.0; Win64; x64) AppleWebKit/537.36 (KHTML, like Gecko) Chrome/78.0.3904.108 Safari/537.36"
35.245.119.115 - - [09/Sep/2026:08:09:00 -0600] "POST //xmlrpc.php HTTP/1.1" 200 401 "-" "Mozilla/5.0 (Windows NT 10.0; Win64; x64) AppleWebKit/537.36 (KHTML, like Gecko) Chrome/78.0.3904.108 Safari/537.36"
35.245.119.115 - - [09/Sep/2026:08:09:02 -0600] "POST //xmlrpc.php HTTP/1.1" 200 401 "-" "Mozilla/5.0 (Windows NT 10.0; Win64; x64) AppleWebKit/537.36 (KHTML, like Gecko) Chrome/78.0.3904.108 Safari/537.36"
35.245.119.115 - - [09/Sep/2026:08:09:04 -0600] "POST //xmlrpc.php HTTP/1.1" 200 401 "-" "Mozilla/5.0 (Windows NT 10.0; Win64; x64) AppleWebKit/537.36 (KHTML, like Gecko) Chrome/78.0.3904.108 Safari/537.36"
35.245.119.115 - - [09/Sep/2026:08:09:06 -0600] "POST //xmlrpc.php HTTP/1.1" 200 401 "-" "Mozilla/5.0 (Windows NT 10.0; Win64; x64) AppleWebKit/537.36 (KHTML, like Gecko) Chrome/78.0.3904.108 Safari/537.36"
162.240.68.55 - - [09/Sep/2026:08:09:07 -0600] "POST /wp-cron.php?doing_wp_cron=1788962947.1315269470214843750000 HTTP/1.1" 200 - "-" "WordPress/7.1; https://nrfwomencouncil.org"
35.245.119.115 - - [09/Sep/2026:08:09:08 -0600] "POST //xmlrpc.php HTTP/1.1" 200 401 "-" "Mozilla/5.0 (Windows NT 10.0; Win64; x64) AppleWebKit/537.36 (KHTML, like Gecko) Chrome/78.0.3904.108 Safari/537.36"
