103.253.27.34 - - [09/Sep/2026:07:55:13 -0600] "GET /wp-content/uploads/ALFA_DATA/alfacgiapi/ HTTP/1.1" 404 136198 "-" "Mozilla/5.0 (iPhone; CPU iPhone OS 17_2 like Mac OS X) AppleWebKit/605.1.15 (KHTML, like Gecko) Version/17.2 Mobile/15E148 Safari/604.1"
103.253.27.34 - - [09/Sep/2026:07:55:16 -0600] "GET /wp-content/uploads/ALFA_DATA/alfacgiapi/radio.php HTTP/1.1" 404 136273 "-" "Mozilla/5.0 (iPhone; CPU iPhone OS 17_2 like Mac OS X) AppleWebKit/605.1.15 (KHTML, like Gecko) Version/17.2 Mobile/15E148 Safari/604.1"
103.253.27.34 - - [09/Sep/2026:07:55:18 -0600] "GET /wp-content/uploads/ALFA_DATA/alfacgiapi/404.php HTTP/1.1" 404 136259 "-" "Mozilla/5.0 (iPhone; CPU iPhone OS 17_2 like Mac OS X) AppleWebKit/605.1.15 (KHTML, like Gecko) Version/17.2 Mobile/15E148 Safari/604.1"
103.253.27.34 - - [09/Sep/2026:07:55:20 -0600] "GET /wp-content/plugins/alfacgiapi/ HTTP/1.1" 404 136122 "-" "Mozilla/5.0 (iPhone; CPU iPhone OS 17_2 like Mac OS X) AppleWebKit/605.1.15 (KHTML, like Gecko) Version/17.2 Mobile/15E148 Safari/604.1"
103.253.27.34 - - [09/Sep/2026:07:55:24 -0600] "GET /wp-content/plugins/alfacgiapi/radio.php HTTP/1.1" 404 136197 "-" "Mozilla/5.0 (iPhone; CPU iPhone OS 17_2 like Mac OS X) AppleWebKit/605.1.15 (KHTML, like Gecko) Version/17.2 Mobile/15E148 Safari/604.1"
103.253.27.34 - - [09/Sep/2026:07:55:27 -0600] "GET /wp-content/plugins/alfacgiapi/404.php HTTP/1.1" 404 136183 "-" "Mozilla/5.0 (iPhone; CPU iPhone OS 17_2 like Mac OS X) AppleWebKit/605.1.15 (KHTML, like Gecko) Version/17.2 Mobile/15E148 Safari/604.1"
116.179.37.45 - - [09/Sep/2026:07:55:29 -0600] "GET /wp-content/uploads/2022/05/Anisa-Shaheed-390x220.jpg HTTP/1.1" 200 17393 "http://ariapress.org/" "Mozilla/5.0 (iPhone; CPU iPhone OS 9_1 like Mac OS X) AppleWebKit/601.1.46 (KHTML, like Gecko) Version/9.0 Mobile/13B143 Safari/601.1 (compatible; Baiduspider-render/2.0; +http://www.baidu.com/search/spider.html)"
116.179.37.82 - - [09/Sep/2026:07:55:29 -0600] "GET /wp-content/uploads/2022/07/%D8%A7%DB%8C%D8%A8%DA%A9-390x220.jpg HTTP/1.1" 200 23002 "http://ariapress.org/" "Mozilla/5.0 (iPhone; CPU iPhone OS 9_1 like Mac OS X) AppleWebKit/601.1.46 (KHTML, like Gecko) Version/9.0 Mobile/13B143 Safari/601.1 (compatible; Baiduspider-render/2.0; +http://www.baidu.com/search/spider.html)"
103.253.27.34 - - [09/Sep/2026:07:55:29 -0600] "GET /wp-content/plugins/ALFA_DATA/alfacgiapi/ HTTP/1.1" 404 136198 "-" "Mozilla/5.0 (iPhone; CPU iPhone OS 17_2 like Mac OS X) AppleWebKit/605.1.15 (KHTML, like Gecko) Version/17.2 Mobile/15E148 Safari/604.1"
103.253.27.34 - - [09/Sep/2026:07:55:32 -0600] "GET /wp-content/plugins/ALFA_DATA/alfacgiapi/radio.php HTTP/1.1" 404 136273 "-" "Mozilla/5.0 (iPhone; CPU iPhone OS 17_2 like Mac OS X) AppleWebKit/605.1.15 (KHTML, like Gecko) Version/17.2 Mobile/15E148 Safari/604.1"
103.253.27.34 - - [09/Sep/2026:07:55:34 -0600] "GET /wp-content/plugins/ALFA_DATA/alfacgiapi/404.php HTTP/1.1" 404 136259 "-" "Mozilla/5.0 (iPhone; CPU iPhone OS 17_2 like Mac OS X) AppleWebKit/605.1.15 (KHTML, like Gecko) Version/17.2 Mobile/15E148 Safari/604.1"
116.179.37.188 - - [09/Sep/2026:07:55:35 -0600] "GET / HTTP/1.1" 301 - "http://ariapress.org/" "Mozilla/5.0 (iPhone; CPU iPhone OS 9_1 like Mac OS X) AppleWebKit/601.1.46 (KHTML, like Gecko) Version/9.0 Mobile/13B143 Safari/601.1 (compatible; Baiduspider-render/2.0; +http://www.baidu.com/search/spider.html)"
103.253.27.34 - - [09/Sep/2026:07:55:36 -0600] "GET /wp-content/themes/alfacgiapi/ HTTP/1.1" 404 136115 "-" "Mozilla/5.0 (iPhone; CPU iPhone OS 17_2 like Mac OS X) AppleWebKit/605.1.15 (KHTML, like Gecko) Version/17.2 Mobile/15E148 Safari/604.1"
162.240.68.55 - - [09/Sep/2026:07:55:40 -0600] "POST /wp-cron.php?doing_wp_cron=1788962140.3978550434112548828125 HTTP/1.1" 200 - "-" "WordPress/7.1; https://ariapress.org"
103.253.27.34 - - [09/Sep/2026:07:55:38 -0600] "GET /wp-content/themes/alfacgiapi/radio.php HTTP/1.1" 404 136190 "-" "Mozilla/5.0 (iPhone; CPU iPhone OS 17_2 like Mac OS X) AppleWebKit/605.1.15 (KHTML, like Gecko) Version/17.2 Mobile/15E148 Safari/604.1"
103.253.27.34 - - [09/Sep/2026:07:55:41 -0600] "GET /wp-content/themes/alfacgiapi/404.php HTTP/1.1" 404 136176 "-" "Mozilla/5.0 (iPhone; CPU iPhone OS 17_2 like Mac OS X) AppleWebKit/605.1.15 (KHTML, like Gecko) Version/17.2 Mobile/15E148 Safari/604.1"
103.253.27.34 - - [09/Sep/2026:07:55:44 -0600] "GET /wp-content/themes/ALFA_DATA/alfacgiapi/ HTTP/1.1" 404 136191 "-" "Mozilla/5.0 (iPhone; CPU iPhone OS 17_2 like Mac OS X) AppleWebKit/605.1.15 (KHTML, like Gecko) Version/17.2 Mobile/15E148 Safari/604.1"
103.253.27.34 - - [09/Sep/2026:07:55:46 -0600] "GET /wp-content/themes/ALFA_DATA/alfacgiapi/radio.php HTTP/1.1" 404 136266 "-" "Mozilla/5.0 (iPhone; CPU iPhone OS 17_2 like Mac OS X) AppleWebKit/605.1.15 (KHTML, like Gecko) Version/17.2 Mobile/15E148 Safari/604.1"
103.253.27.34 - - [09/Sep/2026:07:55:48 -0600] "GET /wp-content/themes/ALFA_DATA/alfacgiapi/404.php HTTP/1.1" 404 136252 "-" "Mozilla/5.0 (iPhone; CPU iPhone OS 17_2 like Mac OS X) AppleWebKit/605.1.15 (KHTML, like Gecko) Version/17.2 Mobile/15E148 Safari/604.1"
103.253.27.34 - - [09/Sep/2026:07:55:50 -0600] "GET /wp-content/upgrade/alfacgiapi/ HTTP/1.1" 404 136122 "-" "Mozilla/5.0 (iPhone; CPU iPhone OS 17_2 like Mac OS X) AppleWebKit/605.1.15 (KHTML, like Gecko) Version/17.2 Mobile/15E148 Safari/604.1"
103.253.27.34 - - [09/Sep/2026:07:55:53 -0600] "GET /wp-content/upgrade/alfacgiapi/radio.php HTTP/1.1" 404 136197 "-" "Mozilla/5.0 (iPhone; CPU iPhone OS 17_2 like Mac OS X) AppleWebKit/605.1.15 (KHTML, like Gecko) Version/17.2 Mobile/15E148 Safari/604.1"
103.253.27.34 - - [09/Sep/2026:07:55:55 -0600] "GET /wp-content/upgrade/alfacgiapi/404.php HTTP/1.1" 404 136183 "-" "Mozilla/5.0 (iPhone; CPU iPhone OS 17_2 like Mac OS X) AppleWebKit/605.1.15 (KHTML, like Gecko) Version/17.2 Mobile/15E148 Safari/604.1"
162.240.68.55 - - [09/Sep/2026:07:56:00 -0600] "POST /wp-cron.php?doing_wp_cron=1788962160.0753540992736816406250 HTTP/1.1" 200 - "-" "WordPress/7.1; https://ariapress.org"
103.253.27.34 - - [09/Sep/2026:07:55:58 -0600] "GET /wp-content/upgrade/ALFA_DATA/alfacgiapi/ HTTP/1.1" 404 136198 "-" "Mozilla/5.0 (iPhone; CPU iPhone OS 17_2 like Mac OS X) AppleWebKit/605.1.15 (KHTML, like Gecko) Version/17.2 Mobile/15E148 Safari/604.1"
103.253.27.34 - - [09/Sep/2026:07:56:00 -0600] "GET /wp-content/upgrade/ALFA_DATA/alfacgiapi/radio.php HTTP/1.1" 404 136273 "-" "Mozilla/5.0 (iPhone; CPU iPhone OS 17_2 like Mac OS X) AppleWebKit/605.1.15 (KHTML, like Gecko) Version/17.2 Mobile/15E148 Safari/604.1"
103.253.27.34 - - [09/Sep/2026:07:56:03 -0600] "GET /wp-content/upgrade/ALFA_DATA/alfacgiapi/404.php HTTP/1.1" 404 136259 "-" "Mozilla/5.0 (iPhone; CPU iPhone OS 17_2 like Mac OS X) AppleWebKit/605.1.15 (KHTML, like Gecko) Version/17.2 Mobile/15E148 Safari/604.1"
103.253.27.34 - - [09/Sep/2026:07:56:05 -0600] "GET /wp-content/updraft/alfacgiapi/ HTTP/1.1" 404 136122 "-" "Mozilla/5.0 (iPhone; CPU iPhone OS 17_2 like Mac OS X) AppleWebKit/605.1.15 (KHTML, like Gecko) Version/17.2 Mobile/15E148 Safari/604.1"
103.253.27.34 - - [09/Sep/2026:07:56:08 -0600] "GET /wp-content/updraft/alfacgiapi/radio.php HTTP/1.1" 404 136197 "-" "Mozilla/5.0 (iPhone; CPU iPhone OS 17_2 like Mac OS X) AppleWebKit/605.1.15 (KHTML, like Gecko) Version/17.2 Mobile/15E148 Safari/604.1"
103.253.27.34 - - [09/Sep/2026:07:56:11 -0600] "GET /wp-content/updraft/alfacgiapi/404.php HTTP/1.1" 404 136183 "-" "Mozilla/5.0 (iPhone; CPU iPhone OS 17_2 like Mac OS X) AppleWebKit/605.1.15 (KHTML, like Gecko) Version/17.2 Mobile/15E148 Safari/604.1"
103.253.27.34 - - [09/Sep/2026:07:56:13 -0600] "GET /wp-content/updraft/ALFA_DATA/alfacgiapi/ HTTP/1.1" 404 136198 "-" "Mozilla/5.0 (iPhone; CPU iPhone OS 17_2 like Mac OS X) AppleWebKit/605.1.15 (KHTML, like Gecko) Version/17.2 Mobile/15E148 Safari/604.1"
103.253.27.34 - - [09/Sep/2026:07:56:16 -0600] "GET /wp-content/updraft/ALFA_DATA/alfacgiapi/radio.php HTTP/1.1" 404 136273 "-" "Mozilla/5.0 (iPhone; CPU iPhone OS 17_2 like Mac OS X) AppleWebKit/605.1.15 (KHTML, like Gecko) Version/17.2 Mobile/15E148 Safari/604.1"
103.253.27.34 - - [09/Sep/2026:07:56:19 -0600] "GET /wp-content/updraft/ALFA_DATA/alfacgiapi/404.php HTTP/1.1" 404 136259 "-" "Mozilla/5.0 (iPhone; CPU iPhone OS 17_2 like Mac OS X) AppleWebKit/605.1.15 (KHTML, like Gecko) Version/17.2 Mobile/15E148 Safari/604.1"
103.253.27.34 - - [09/Sep/2026:07:56:22 -0600] "GET /wp-content/plugins/library/alfacgiapi/ HTTP/1.1" 404 136184 "-" "Mozilla/5.0 (iPhone; CPU iPhone OS 17_2 like Mac OS X) AppleWebKit/605.1.15 (KHTML, like Gecko) Version/17.2 Mobile/15E148 Safari/604.1"
103.253.27.34 - - [09/Sep/2026:07:56:24 -0600] "GET /wp-content/plugins/library/alfacgiapi/radio.php HTTP/1.1" 404 136259 "-" "Mozilla/5.0 (iPhone; CPU iPhone OS 17_2 like Mac OS X) AppleWebKit/605.1.15 (KHTML, like Gecko) Version/17.2 Mobile/15E148 Safari/604.1"
103.253.27.34 - - [09/Sep/2026:07:56:26 -0600] "GET /wp-content/plugins/library/alfacgiapi/404.php HTTP/1.1" 404 136245 "-" "Mozilla/5.0 (iPhone; CPU iPhone OS 17_2 like Mac OS X) AppleWebKit/605.1.15 (KHTML, like Gecko) Version/17.2 Mobile/15E148 Safari/604.1"
103.253.27.34 - - [09/Sep/2026:07:56:29 -0600] "GET /wp-content/plugins/library/ALFA_DATA/alfacgiapi/ HTTP/1.1" 404 136260 "-" "Mozilla/5.0 (iPhone; CPU iPhone OS 17_2 like Mac OS X) AppleWebKit/605.1.15 (KHTML, like Gecko) Version/17.2 Mobile/15E148 Safari/604.1"
103.253.27.34 - - [09/Sep/2026:07:56:32 -0600] "GET /wp-content/plugins/library/ALFA_DATA/alfacgiapi/radio.php HTTP/1.1" 404 136335 "-" "Mozilla/5.0 (iPhone; CPU iPhone OS 17_2 like Mac OS X) AppleWebKit/605.1.15 (KHTML, like Gecko) Version/17.2 Mobile/15E148 Safari/604.1"
162.240.68.55 - - [09/Sep/2026:07:56:39 -0600] "POST /wp-cron.php?doing_wp_cron=1788962199.1900689601898193359375 HTTP/1.1" 200 - "-" "WordPress/7.1; https://ariapress.org"
103.253.27.34 - - [09/Sep/2026:07:56:36 -0600] "GET /wp-content/plugins/library/ALFA_DATA/alfacgiapi/404.php HTTP/1.1" 404 136321 "-" "Mozilla/5.0 (iPhone; CPU iPhone OS 17_2 like Mac OS X) AppleWebKit/605.1.15 (KHTML, like Gecko) Version/17.2 Mobile/15E148 Safari/604.1"
103.253.27.34 - - [09/Sep/2026:07:56:40 -0600] "GET /wp-admin/alfacgiapi/ HTTP/1.1" 404 135987 "-" "Mozilla/5.0 (iPhone; CPU iPhone OS 17_2 like Mac OS X) AppleWebKit/605.1.15 (KHTML, like Gecko) Version/17.2 Mobile/15E148 Safari/604.1"
103.253.27.34 - - [09/Sep/2026:07:56:43 -0600] "GET /wp-admin/alfacgiapi/radio.php HTTP/1.1" 404 136121 "-" "Mozilla/5.0 (iPhone; CPU iPhone OS 17_2 like Mac OS X) AppleWebKit/605.1.15 (KHTML, like Gecko) Version/17.2 Mobile/15E148 Safari/604.1"
103.253.27.34 - - [09/Sep/2026:07:56:45 -0600] "GET /wp-admin/alfacgiapi/404.php HTTP/1.1" 404 136107 "-" "Mozilla/5.0 (iPhone; CPU iPhone OS 17_2 like Mac OS X) AppleWebKit/605.1.15 (KHTML, like Gecko) Version/17.2 Mobile/15E148 Safari/604.1"
103.253.27.34 - - [09/Sep/2026:07:56:49 -0600] "GET /wp-admin/ALFA_DATA/alfacgiapi/ HTTP/1.1" 404 136122 "-" "Mozilla/5.0 (iPhone; CPU iPhone OS 17_2 like Mac OS X) AppleWebKit/605.1.15 (KHTML, like Gecko) Version/17.2 Mobile/15E148 Safari/604.1"
103.253.27.34 - - [09/Sep/2026:07:56:52 -0600] "GET /wp-admin/ALFA_DATA/alfacgiapi/radio.php HTTP/1.1" 404 136197 "-" "Mozilla/5.0 (iPhone; CPU iPhone OS 17_2 like Mac OS X) AppleWebKit/605.1.15 (KHTML, like Gecko) Version/17.2 Mobile/15E148 Safari/604.1"
103.253.27.34 - - [09/Sep/2026:07:56:56 -0600] "GET /wp-admin/ALFA_DATA/alfacgiapi/404.php HTTP/1.1" 404 136183 "-" "Mozilla/5.0 (iPhone; CPU iPhone OS 17_2 like Mac OS X) AppleWebKit/605.1.15 (KHTML, like Gecko) Version/17.2 Mobile/15E148 Safari/604.1"
162.240.68.55 - - [09/Sep/2026:07:57:00 -0600] "POST /wp-cron.php?doing_wp_cron=1788962220.8254160881042480468750 HTTP/1.1" 200 - "-" "WordPress/7.1; https://ariapress.org"
103.253.27.34 - - [09/Sep/2026:07:56:58 -0600] "GET /wp-includes/alfacgiapi/ HTTP/1.1" 404 136008 "-" "Mozilla/5.0 (iPhone; CPU iPhone OS 17_2 like Mac OS X) AppleWebKit/605.1.15 (KHTML, like Gecko) Version/17.2 Mobile/15E148 Safari/604.1"
103.253.27.34 - - [09/Sep/2026:07:57:01 -0600] "GET /wp-includes/alfacgiapi/radio.php HTTP/1.1" 404 136142 "-" "Mozilla/5.0 (iPhone; CPU iPhone OS 17_2 like Mac OS X) AppleWebKit/605.1.15 (KHTML, like Gecko) Version/17.2 Mobile/15E148 Safari/604.1"
103.253.27.34 - - [09/Sep/2026:07:57:05 -0600] "GET /wp-includes/alfacgiapi/404.php HTTP/1.1" 404 136128 "-" "Mozilla/5.0 (iPhone; CPU iPhone OS 17_2 like Mac OS X) AppleWebKit/605.1.15 (KHTML, like Gecko) Version/17.2 Mobile/15E148 Safari/604.1"
103.253.27.34 - - [09/Sep/2026:07:57:08 -0600] "GET /wp-includes/ALFA_DATA/alfacgiapi/ HTTP/1.1" 404 136143 "-" "Mozilla/5.0 (iPhone; CPU iPhone OS 17_2 like Mac OS X) AppleWebKit/605.1.15 (KHTML, like Gecko) Version/17.2 Mobile/15E148 Safari/604.1"
103.253.27.34 - - [09/Sep/2026:07:57:11 -0600] "GET /wp-includes/ALFA_DATA/alfacgiapi/radio.php HTTP/1.1" 404 136218 "-" "Mozilla/5.0 (iPhone; CPU iPhone OS 17_2 like Mac OS X) AppleWebKit/605.1.15 (KHTML, like Gecko) Version/17.2 Mobile/15E148 Safari/604.1"
103.253.27.34 - - [09/Sep/2026:07:57:13 -0600] "GET /wp-includes/ALFA_DATA/alfacgiapi/404.php HTTP/1.1" 404 136204 "-" "Mozilla/5.0 (iPhone; CPU iPhone OS 17_2 like Mac OS X) AppleWebKit/605.1.15 (KHTML, like Gecko) Version/17.2 Mobile/15E148 Safari/604.1"
103.253.27.34 - - [09/Sep/2026:07:57:16 -0600] "GET /.well-known/alfacgiapi/ HTTP/1.1" 404 136008 "-" "Mozilla/5.0 (iPhone; CPU iPhone OS 17_2 like Mac OS X) AppleWebKit/605.1.15 (KHTML, like Gecko) Version/17.2 Mobile/15E148 Safari/604.1"
103.253.27.34 - - [09/Sep/2026:07:57:19 -0600] "GET /.well-known/alfacgiapi/radio.php HTTP/1.1" 404 136142 "-" "Mozilla/5.0 (iPhone; CPU iPhone OS 17_2 like Mac OS X) AppleWebKit/605.1.15 (KHTML, like Gecko) Version/17.2 Mobile/15E148 Safari/604.1"
103.253.27.34 - - [09/Sep/2026:07:57:22 -0600] "GET /.well-known/alfacgiapi/404.php HTTP/1.1" 404 136128 "-" "Mozilla/5.0 (iPhone; CPU iPhone OS 17_2 like Mac OS X) AppleWebKit/605.1.15 (KHTML, like Gecko) Version/17.2 Mobile/15E148 Safari/604.1"
103.253.27.34 - - [09/Sep/2026:07:57:26 -0600] "GET /.well-known/ALFA_DATA/alfacgiapi/ HTTP/1.1" 404 136143 "-" "Mozilla/5.0 (iPhone; CPU iPhone OS 17_2 like Mac OS X) AppleWebKit/605.1.15 (KHTML, like Gecko) Version/17.2 Mobile/15E148 Safari/604.1"
103.253.27.34 - - [09/Sep/2026:07:57:29 -0600] "GET /.well-known/ALFA_DATA/alfacgiapi/radio.php HTTP/1.1" 404 136218 "-" "Mozilla/5.0 (iPhone; CPU iPhone OS 17_2 like Mac OS X) AppleWebKit/605.1.15 (KHTML, like Gecko) Version/17.2 Mobile/15E148 Safari/604.1"
103.253.27.34 - - [09/Sep/2026:07:57:32 -0600] "GET /.well-known/ALFA_DATA/alfacgiapi/404.php HTTP/1.1" 404 136204 "-" "Mozilla/5.0 (iPhone; CPU iPhone OS 17_2 like Mac OS X) AppleWebKit/605.1.15 (KHTML, like Gecko) Version/17.2 Mobile/15E148 Safari/604.1"
162.240.68.55 - - [09/Sep/2026:07:57:39 -0600] "POST /wp-cron.php?doing_wp_cron=1788962259.3874709606170654296875 HTTP/1.1" 200 - "-" "WordPress/7.1; https://ariapress.org"
103.253.27.34 - - [09/Sep/2026:07:57:37 -0600] "GET /.well-known/acme-challenge/alfacgiapi/ HTTP/1.1" 404 136178 "-" "Mozilla/5.0 (iPhone; CPU iPhone OS 17_2 like Mac OS X) AppleWebKit/605.1.15 (KHTML, like Gecko) Version/17.2 Mobile/15E148 Safari/604.1"
103.253.27.34 - - [09/Sep/2026:07:57:40 -0600] "GET /.well-known/acme-challenge/alfacgiapi/radio.php HTTP/1.1" 404 136253 "-" "Mozilla/5.0 (iPhone; CPU iPhone OS 17_2 like Mac OS X) AppleWebKit/605.1.15 (KHTML, like Gecko) Version/17.2 Mobile/15E148 Safari/604.1"
103.253.27.34 - - [09/Sep/2026:07:57:44 -0600] "GET /.well-known/acme-challenge/alfacgiapi/404.php HTTP/1.1" 404 136239 "-" "Mozilla/5.0 (iPhone; CPU iPhone OS 17_2 like Mac OS X) AppleWebKit/605.1.15 (KHTML, like Gecko) Version/17.2 Mobile/15E148 Safari/604.1"
103.253.27.34 - - [09/Sep/2026:07:57:47 -0600] "GET /.well-known/acme-challenge/ALFA_DATA/alfacgiapi/ HTTP/1.1" 404 136254 "-" "Mozilla/5.0 (iPhone; CPU iPhone OS 17_2 like Mac OS X) AppleWebKit/605.1.15 (KHTML, like Gecko) Version/17.2 Mobile/15E148 Safari/604.1"
103.253.27.34 - - [09/Sep/2026:07:57:51 -0600] "GET /.well-known/acme-challenge/ALFA_DATA/alfacgiapi/radio.php HTTP/1.1" 404 136329 "-" "Mozilla/5.0 (iPhone; CPU iPhone OS 17_2 like Mac OS X) AppleWebKit/605.1.15 (KHTML, like Gecko) Version/17.2 Mobile/15E148 Safari/604.1"
103.253.27.34 - - [09/Sep/2026:07:57:54 -0600] "GET /.well-known/acme-challenge/ALFA_DATA/alfacgiapi/404.php HTTP/1.1" 404 136315 "-" "Mozilla/5.0 (iPhone; CPU iPhone OS 17_2 like Mac OS X) AppleWebKit/605.1.15 (KHTML, like Gecko) Version/17.2 Mobile/15E148 Safari/604.1"
162.240.68.55 - - [09/Sep/2026:07:58:00 -0600] "POST /wp-cron.php?doing_wp_cron=1788962280.4424610137939453125000 HTTP/1.1" 200 - "-" "WordPress/7.1; https://ariapress.org"
103.253.27.34 - - [09/Sep/2026:07:57:58 -0600] "GET /.well-known/pki-validation/alfacgiapi/ HTTP/1.1" 404 136178 "-" "Mozilla/5.0 (iPhone; CPU iPhone OS 17_2 like Mac OS X) AppleWebKit/605.1.15 (KHTML, like Gecko) Version/17.2 Mobile/15E148 Safari/604.1"
103.253.27.34 - - [09/Sep/2026:07:58:01 -0600] "GET /.well-known/pki-validation/alfacgiapi/radio.php HTTP/1.1" 404 136253 "-" "Mozilla/5.0 (iPhone; CPU iPhone OS 17_2 like Mac OS X) AppleWebKit/605.1.15 (KHTML, like Gecko) Version/17.2 Mobile/15E148 Safari/604.1"
103.253.27.34 - - [09/Sep/2026:07:58:03 -0600] "GET /.well-known/pki-validation/alfacgiapi/404.php HTTP/1.1" 404 136239 "-" "Mozilla/5.0 (iPhone; CPU iPhone OS 17_2 like Mac OS X) AppleWebKit/605.1.15 (KHTML, like Gecko) Version/17.2 Mobile/15E148 Safari/604.1"
103.253.27.34 - - [09/Sep/2026:07:58:05 -0600] "GET /.well-known/pki-validation/ALFA_DATA/alfacgiapi/ HTTP/1.1" 404 136254 "-" "Mozilla/5.0 (iPhone; CPU iPhone OS 17_2 like Mac OS X) AppleWebKit/605.1.15 (KHTML, like Gecko) Version/17.2 Mobile/15E148 Safari/604.1"
103.253.27.34 - - [09/Sep/2026:07:58:07 -0600] "GET /.well-known/pki-validation/ALFA_DATA/alfacgiapi/radio.php HTTP/1.1" 404 136329 "-" "Mozilla/5.0 (iPhone; CPU iPhone OS 17_2 like Mac OS X) AppleWebKit/605.1.15 (KHTML, like Gecko) Version/17.2 Mobile/15E148 Safari/604.1"
103.253.27.34 - - [09/Sep/2026:07:58:09 -0600] "GET /.well-known/pki-validation/ALFA_DATA/alfacgiapi/404.php HTTP/1.1" 404 136315 "-" "Mozilla/5.0 (iPhone; CPU iPhone OS 17_2 like Mac OS X) AppleWebKit/605.1.15 (KHTML, like Gecko) Version/17.2 Mobile/15E148 Safari/604.1"
103.253.27.34 - - [09/Sep/2026:07:58:13 -0600] "GET /.tmb/alfacgiapi/ HTTP/1.1" 404 135959 "-" "Mozilla/5.0 (iPhone; CPU iPhone OS 17_2 like Mac OS X) AppleWebKit/605.1.15 (KHTML, like Gecko) Version/17.2 Mobile/15E148 Safari/604.1"
103.253.27.34 - - [09/Sep/2026:07:58:17 -0600] "GET /.tmb/alfacgiapi/radio.php HTTP/1.1" 404 136093 "-" "Mozilla/5.0 (iPhone; CPU iPhone OS 17_2 like Mac OS X) AppleWebKit/605.1.15 (KHTML, like Gecko) Version/17.2 Mobile/15E148 Safari/604.1"
103.253.27.34 - - [09/Sep/2026:07:58:20 -0600] "GET /.tmb/alfacgiapi/404.php HTTP/1.1" 404 136079 "-" "Mozilla/5.0 (iPhone; CPU iPhone OS 17_2 like Mac OS X) AppleWebKit/605.1.15 (KHTML, like Gecko) Version/17.2 Mobile/15E148 Safari/604.1"
103.253.27.34 - - [09/Sep/2026:07:58:23 -0600] "GET /.tmb/ALFA_DATA/alfacgiapi/ HTTP/1.1" 404 136094 "-" "Mozilla/5.0 (iPhone; CPU iPhone OS 17_2 like Mac OS X) AppleWebKit/605.1.15 (KHTML, like Gecko) Version/17.2 Mobile/15E148 Safari/604.1"
103.253.27.34 - - [09/Sep/2026:07:58:27 -0600] "GET /.tmb/ALFA_DATA/alfacgiapi/radio.php HTTP/1.1" 404 136169 "-" "Mozilla/5.0 (iPhone; CPU iPhone OS 17_2 like Mac OS X) AppleWebKit/605.1.15 (KHTML, like Gecko) Version/17.2 Mobile/15E148 Safari/604.1"
103.253.27.34 - - [09/Sep/2026:07:58:30 -0600] "GET /.tmb/ALFA_DATA/alfacgiapi/404.php HTTP/1.1" 404 136155 "-" "Mozilla/5.0 (iPhone; CPU iPhone OS 17_2 like Mac OS X) AppleWebKit/605.1.15 (KHTML, like Gecko) Version/17.2 Mobile/15E148 Safari/604.1"
17.166.150.184 - - [09/Sep/2026:07:58:33 -0600] "GET /robots.txt HTTP/1.1" 200 159 "-" "Mozilla/5.0 (Macintosh; Intel Mac OS X 10_15_7) AppleWebKit/605.1.15 (KHTML, like Gecko) Version/17.4 Safari/605.1.15 (Applebot/0.1; +http://www.apple.com/go/applebot)"
103.253.27.34 - - [09/Sep/2026:07:58:34 -0600] "GET /.quarantine/alfacgiapi/ HTTP/1.1" 404 136008 "-" "Mozilla/5.0 (iPhone; CPU iPhone OS 17_2 like Mac OS X) AppleWebKit/605.1.15 (KHTML, like Gecko) Version/17.2 Mobile/15E148 Safari/604.1"
17.166.150.184 - - [09/Sep/2026:07:58:35 -0600] "GET /tag/%D8%A7%D8%B4%D8%B1%D9%81-%D8%BA%D9%86%DB%8C/ HTTP/1.1" 200 159490 "-" "Mozilla/5.0 (Macintosh; Intel Mac OS X 10_15_7) AppleWebKit/605.1.15 (KHTML, like Gecko) Version/17.4 Safari/605.1.15 (Applebot/0.1; +http://www.apple.com/go/applebot)"
162.240.68.55 - - [09/Sep/2026:07:58:39 -0600] "POST /wp-cron.php?doing_wp_cron=1788962319.7144989967346191406250 HTTP/1.1" 200 - "-" "WordPress/7.1; https://ariapress.org"
103.253.27.34 - - [09/Sep/2026:07:58:37 -0600] "GET /.quarantine/alfacgiapi/radio.php HTTP/1.1" 404 136142 "-" "Mozilla/5.0 (iPhone; CPU iPhone OS 17_2 like Mac OS X) AppleWebKit/605.1.15 (KHTML, like Gecko) Version/17.2 Mobile/15E148 Safari/604.1"
103.253.27.34 - - [09/Sep/2026:07:58:40 -0600] "GET /.quarantine/alfacgiapi/404.php HTTP/1.1" 404 136128 "-" "Mozilla/5.0 (iPhone; CPU iPhone OS 17_2 like Mac OS X) AppleWebKit/605.1.15 (KHTML, like Gecko) Version/17.2 Mobile/15E148 Safari/604.1"
103.253.27.34 - - [09/Sep/2026:07:58:44 -0600] "GET /.quarantine/ALFA_DATA/alfacgiapi/ HTTP/1.1" 404 136143 "-" "Mozilla/5.0 (iPhone; CPU iPhone OS 17_2 like Mac OS X) AppleWebKit/605.1.15 (KHTML, like Gecko) Version/17.2 Mobile/15E148 Safari/604.1"
103.253.27.34 - - [09/Sep/2026:07:58:48 -0600] "GET /.quarantine/ALFA_DATA/alfacgiapi/radio.php HTTP/1.1" 404 136218 "-" "Mozilla/5.0 (iPhone; CPU iPhone OS 17_2 like Mac OS X) AppleWebKit/605.1.15 (KHTML, like Gecko) Version/17.2 Mobile/15E148 Safari/604.1"
103.253.27.34 - - [09/Sep/2026:07:58:51 -0600] "GET /.quarantine/ALFA_DATA/alfacgiapi/404.php HTTP/1.1" 404 136204 "-" "Mozilla/5.0 (iPhone; CPU iPhone OS 17_2 like Mac OS X) AppleWebKit/605.1.15 (KHTML, like Gecko) Version/17.2 Mobile/15E148 Safari/604.1"
103.253.27.34 - - [09/Sep/2026:07:58:55 -0600] "GET /cgi-bin/alfacgiapi/ HTTP/1.1" 404 135980 "-" "Mozilla/5.0 (iPhone; CPU iPhone OS 17_2 like Mac OS X) AppleWebKit/605.1.15 (KHTML, like Gecko) Version/17.2 Mobile/15E148 Safari/604.1"
162.240.68.55 - - [09/Sep/2026:07:59:02 -0600] "POST /wp-cron.php?doing_wp_cron=1788962342.1753180027008056640625 HTTP/1.1" 200 - "-" "WordPress/7.1; https://ariapress.org"
103.253.27.34 - - [09/Sep/2026:07:58:59 -0600] "GET /cgi-bin/alfacgiapi/radio.php HTTP/1.1" 404 136114 "-" "Mozilla/5.0 (iPhone; CPU iPhone OS 17_2 like Mac OS X) AppleWebKit/605.1.15 (KHTML, like Gecko) Version/17.2 Mobile/15E148 Safari/604.1"
103.253.27.34 - - [09/Sep/2026:07:59:03 -0600] "GET /cgi-bin/alfacgiapi/404.php HTTP/1.1" 404 136100 "-" "Mozilla/5.0 (iPhone; CPU iPhone OS 17_2 like Mac OS X) AppleWebKit/605.1.15 (KHTML, like Gecko) Version/17.2 Mobile/15E148 Safari/604.1"
103.253.27.34 - - [09/Sep/2026:07:59:07 -0600] "GET /cgi-bin/ALFA_DATA/alfacgiapi/ HTTP/1.1" 404 136115 "-" "Mozilla/5.0 (iPhone; CPU iPhone OS 17_2 like Mac OS X) AppleWebKit/605.1.15 (KHTML, like Gecko) Version/17.2 Mobile/15E148 Safari/604.1"
103.253.27.34 - - [09/Sep/2026:07:59:11 -0600] "GET /cgi-bin/ALFA_DATA/alfacgiapi/radio.php HTTP/1.1" 404 136190 "-" "Mozilla/5.0 (iPhone; CPU iPhone OS 17_2 like Mac OS X) AppleWebKit/605.1.15 (KHTML, like Gecko) Version/17.2 Mobile/15E148 Safari/604.1"
103.253.27.34 - - [09/Sep/2026:07:59:14 -0600] "GET /cgi-bin/ALFA_DATA/alfacgiapi/404.php HTTP/1.1" 404 136176 "-" "Mozilla/5.0 (iPhone; CPU iPhone OS 17_2 like Mac OS X) AppleWebKit/605.1.15 (KHTML, like Gecko) Version/17.2 Mobile/15E148 Safari/604.1"
103.253.27.34 - - [09/Sep/2026:07:59:18 -0600] "GET /images/alfacgiapi/ HTTP/1.1" 404 135973 "-" "Mozilla/5.0 (iPhone; CPU iPhone OS 17_2 like Mac OS X) AppleWebKit/605.1.15 (KHTML, like Gecko) Version/17.2 Mobile/15E148 Safari/604.1"
103.253.27.34 - - [09/Sep/2026:07:59:22 -0600] "GET /images/alfacgiapi/radio.php HTTP/1.1" 404 136107 "-" "Mozilla/5.0 (iPhone; CPU iPhone OS 17_2 like Mac OS X) AppleWebKit/605.1.15 (KHTML, like Gecko) Version/17.2 Mobile/15E148 Safari/604.1"
103.253.27.34 - - [09/Sep/2026:07:59:33 -0600] "GET /images/alfacgiapi/404.php HTTP/1.1" 404 136093 "-" "Mozilla/5.0 (iPhone; CPU iPhone OS 17_2 like Mac OS X) AppleWebKit/605.1.15 (KHTML, like Gecko) Version/17.2 Mobile/15E148 Safari/604.1"
162.240.68.55 - - [09/Sep/2026:07:59:40 -0600] "POST /wp-cron.php?doing_wp_cron=1788962380.6895599365234375000000 HTTP/1.1" 200 - "-" "WordPress/7.1; https://ariapress.org"
103.253.27.34 - - [09/Sep/2026:07:59:38 -0600] "GET /images/ALFA_DATA/alfacgiapi/ HTTP/1.1" 404 136108 "-" "Mozilla/5.0 (iPhone; CPU iPhone OS 17_2 like Mac OS X) AppleWebKit/605.1.15 (KHTML, like Gecko) Version/17.2 Mobile/15E148 Safari/604.1"
66.249.68.68 - - [09/Sep/2026:07:59:45 -0600] "GET /wp-content/uploads/2024/02/123-390x220.png HTTP/1.1" 304 - "-" "Googlebot-Image/1.0"
103.253.27.34 - - [09/Sep/2026:07:59:42 -0600] "GET /images/ALFA_DATA/alfacgiapi/radio.php HTTP/1.1" 404 136183 "-" "Mozilla/5.0 (iPhone; CPU iPhone OS 17_2 like Mac OS X) AppleWebKit/605.1.15 (KHTML, like Gecko) Version/17.2 Mobile/15E148 Safari/604.1"
17.166.21.250 - - [09/Sep/2026:07:59:45 -0600] "GET /tag/%D8%AF%DB%8C%D9%88%D8%A7%D9%86%D9%87/ HTTP/1.1" 200 151559 "-" "Mozilla/5.0 (Macintosh; Intel Mac OS X 10_15_7) AppleWebKit/605.1.15 (KHTML, like Gecko) Version/17.4 Safari/605.1.15 (Applebot/0.1; +http://www.apple.com/go/applebot)"
103.253.27.34 - - [09/Sep/2026:07:59:46 -0600] "GET /images/ALFA_DATA/alfacgiapi/404.php HTTP/1.1" 404 136169 "-" "Mozilla/5.0 (iPhone; CPU iPhone OS 17_2 like Mac OS X) AppleWebKit/605.1.15 (KHTML, like Gecko) Version/17.2 Mobile/15E148 Safari/604.1"
103.253.27.34 - - [09/Sep/2026:07:59:51 -0600] "GET /components/alfacgiapi/ HTTP/1.1" 404 136001 "-" "Mozilla/5.0 (iPhone; CPU iPhone OS 17_2 like Mac OS X) AppleWebKit/605.1.15 (KHTML, like Gecko) Version/17.2 Mobile/15E148 Safari/604.1"
103.253.27.34 - - [09/Sep/2026:07:59:55 -0600] "GET /components/alfacgiapi/radio.php HTTP/1.1" 404 136135 "-" "Mozilla/5.0 (iPhone; CPU iPhone OS 17_2 like Mac OS X) AppleWebKit/605.1.15 (KHTML, like Gecko) Version/17.2 Mobile/15E148 Safari/604.1"
162.240.68.55 - - [09/Sep/2026:08:00:00 -0600] "POST /wp-cron.php?doing_wp_cron=1788962400.9621260166168212890625 HTTP/1.1" 200 - "-" "WordPress/7.1; https://ariapress.org"
103.253.27.34 - - [09/Sep/2026:07:59:58 -0600] "GET /components/alfacgiapi/404.php HTTP/1.1" 404 136121 "-" "Mozilla/5.0 (iPhone; CPU iPhone OS 17_2 like Mac OS X) AppleWebKit/605.1.15 (KHTML, like Gecko) Version/17.2 Mobile/15E148 Safari/604.1"
103.253.27.34 - - [09/Sep/2026:08:00:02 -0600] "GET /components/ALFA_DATA/alfacgiapi/ HTTP/1.1" 404 136136 "-" "Mozilla/5.0 (iPhone; CPU iPhone OS 17_2 like Mac OS X) AppleWebKit/605.1.15 (KHTML, like Gecko) Version/17.2 Mobile/15E148 Safari/604.1"
52.167.144.179 - - [09/Sep/2026:08:00:02 -0600] "GET /%D8%A2%D8%AE%D8%B1%DB%8C%D9%86-%DA%AF%D8%B2%D8%A7%D8%B1%D8%B4-%D9%87%D8%A7-%D8%A7%D8%B2-%D9%86%D8%A8%D8%B1%D8%AF-%D9%87%D8%A7%DB%8C-%D8%AF%D9%88-%D8%B1%D9%88%D8%B2-%DA%AF%D8%B0%D8%B4%D8%AA%D9%87/ HTTP/1.1" 200 220725 "-" "Mozilla/5.0 AppleWebKit/537.36 (KHTML, like Gecko; compatible; bingbot/2.0; +http://www.bing.com/bingbot.htm) Chrome/116.0.1938.76 Safari/537.36"
103.253.27.34 - - [09/Sep/2026:08:00:05 -0600] "GET /components/ALFA_DATA/alfacgiapi/radio.php HTTP/1.1" 404 136211 "-" "Mozilla/5.0 (iPhone; CPU iPhone OS 17_2 like Mac OS X) AppleWebKit/605.1.15 (KHTML, like Gecko) Version/17.2 Mobile/15E148 Safari/604.1"
103.253.27.34 - - [09/Sep/2026:08:00:08 -0600] "GET /components/ALFA_DATA/alfacgiapi/404.php HTTP/1.1" 404 136197 "-" "Mozilla/5.0 (iPhone; CPU iPhone OS 17_2 like Mac OS X) AppleWebKit/605.1.15 (KHTML, like Gecko) Version/17.2 Mobile/15E148 Safari/604.1"
103.253.27.34 - - [09/Sep/2026:08:00:12 -0600] "GET /wordpress/alfacgiapi/ HTTP/1.1" 404 135994 "-" "Mozilla/5.0 (iPhone; CPU iPhone OS 17_2 like Mac OS X) AppleWebKit/605.1.15 (KHTML, like Gecko) Version/17.2 Mobile/15E148 Safari/604.1"
103.253.27.34 - - [09/Sep/2026:08:00:15 -0600] "GET /wordpress/alfacgiapi/radio.php HTTP/1.1" 404 136128 "-" "Mozilla/5.0 (iPhone; CPU iPhone OS 17_2 like Mac OS X) AppleWebKit/605.1.15 (KHTML, like Gecko) Version/17.2 Mobile/15E148 Safari/604.1"
103.253.27.34 - - [09/Sep/2026:08:00:19 -0600] "GET /wordpress/alfacgiapi/404.php HTTP/1.1" 404 136114 "-" "Mozilla/5.0 (iPhone; CPU iPhone OS 17_2 like Mac OS X) AppleWebKit/605.1.15 (KHTML, like Gecko) Version/17.2 Mobile/15E148 Safari/604.1"
103.253.27.34 - - [09/Sep/2026:08:00:22 -0600] "GET /wordpress/ALFA_DATA/alfacgiapi/ HTTP/1.1" 404 136129 "-" "Mozilla/5.0 (iPhone; CPU iPhone OS 17_2 like Mac OS X) AppleWebKit/605.1.15 (KHTML, like Gecko) Version/17.2 Mobile/15E148 Safari/604.1"
103.253.27.34 - - [09/Sep/2026:08:00:26 -0600] "GET /wordpress/ALFA_DATA/alfacgiapi/radio.php HTTP/1.1" 404 136204 "-" "Mozilla/5.0 (iPhone; CPU iPhone OS 17_2 like Mac OS X) AppleWebKit/605.1.15 (KHTML, like Gecko) Version/17.2 Mobile/15E148 Safari/604.1"
103.253.27.34 - - [09/Sep/2026:08:00:30 -0600] "GET /wordpress/ALFA_DATA/alfacgiapi/404.php HTTP/1.1" 404 136190 "-" "Mozilla/5.0 (iPhone; CPU iPhone OS 17_2 like Mac OS X) AppleWebKit/605.1.15 (KHTML, like Gecko) Version/17.2 Mobile/15E148 Safari/604.1"
103.253.27.34 - - [09/Sep/2026:08:00:33 -0600] "GET /wp/alfacgiapi/ HTTP/1.1" 404 135945 "-" "Mozilla/5.0 (iPhone; CPU iPhone OS 17_2 like Mac OS X) AppleWebKit/605.1.15 (KHTML, like Gecko) Version/17.2 Mobile/15E148 Safari/604.1"
162.240.68.55 - - [09/Sep/2026:08:00:40 -0600] "POST /wp-cron.php?doing_wp_cron=1788962440.0681190490722656250000 HTTP/1.1" 200 - "-" "WordPress/7.1; https://ariapress.org"
103.253.27.34 - - [09/Sep/2026:08:00:37 -0600] "GET /wp/alfacgiapi/radio.php HTTP/1.1" 404 136079 "-" "Mozilla/5.0 (iPhone; CPU iPhone OS 17_2 like Mac OS X) AppleWebKit/605.1.15 (KHTML, like Gecko) Version/17.2 Mobile/15E148 Safari/604.1"
103.253.27.34 - - [09/Sep/2026:08:00:41 -0600] "GET /wp/alfacgiapi/404.php HTTP/1.1" 404 136065 "-" "Mozilla/5.0 (iPhone; CPU iPhone OS 17_2 like Mac OS X) AppleWebKit/605.1.15 (KHTML, like Gecko) Version/17.2 Mobile/15E148 Safari/604.1"
103.253.27.34 - - [09/Sep/2026:08:00:44 -0600] "GET /wp/ALFA_DATA/alfacgiapi/ HTTP/1.1" 404 136080 "-" "Mozilla/5.0 (iPhone; CPU iPhone OS 17_2 like Mac OS X) AppleWebKit/605.1.15 (KHTML, like Gecko) Version/17.2 Mobile/15E148 Safari/604.1"
103.253.27.34 - - [09/Sep/2026:08:00:48 -0600] "GET /wp/ALFA_DATA/alfacgiapi/radio.php HTTP/1.1" 404 136155 "-" "Mozilla/5.0 (iPhone; CPU iPhone OS 17_2 like Mac OS X) AppleWebKit/605.1.15 (KHTML, like Gecko) Version/17.2 Mobile/15E148 Safari/604.1"
185.191.171.10 - - [09/Sep/2026:08:00:49 -0600] "GET /%D8%A7%D9%85%D8%A7%D8%B1%D8%AA-%D8%B7%D8%A7%D9%84%D8%A8%D8%A7%D9%86-%D9%88-%D8%A2%D8%B1%D8%B2%D9%88-%D9%87%D8%A7%DB%8C-%D8%A8%D8%B1%D8%A8%D8%A7%D8%AF-%D8%B1%D9%81%D8%AA%DB%80-%D8%B9%D9%84%D9%85%D8%A7/ HTTP/1.1" 200 245688 "-" "Mozilla/5.0 (compatible; SemrushBot/7~bl; +http://www.semrush.com/bot.html)"
103.253.27.34 - - [09/Sep/2026:08:00:52 -0600] "GET /wp/ALFA_DATA/alfacgiapi/404.php HTTP/1.1" 404 136141 "-" "Mozilla/5.0 (iPhone; CPU iPhone OS 17_2 like Mac OS X) AppleWebKit/605.1.15 (KHTML, like Gecko) Version/17.2 Mobile/15E148 Safari/604.1"
103.253.27.34 - - [09/Sep/2026:08:00:55 -0600] "GET /new/alfacgiapi/ HTTP/1.1" 404 135952 "-" "Mozilla/5.0 (iPhone; CPU iPhone OS 17_2 like Mac OS X) AppleWebKit/605.1.15 (KHTML, like Gecko) Version/17.2 Mobile/15E148 Safari/604.1"
162.240.68.55 - - [09/Sep/2026:08:01:02 -0600] "POST /wp-cron.php?doing_wp_cron=1788962462.0923860073089599609375 HTTP/1.1" 200 - "-" "WordPress/7.1; https://ariapress.org"
103.253.27.34 - - [09/Sep/2026:08:00:58 -0600] "GET /new/alfacgiapi/radio.php HTTP/1.1" 404 136086 "-" "Mozilla/5.0 (iPhone; CPU iPhone OS 17_2 like Mac OS X) AppleWebKit/605.1.15 (KHTML, like Gecko) Version/17.2 Mobile/15E148 Safari/604.1"
103.253.27.34 - - [09/Sep/2026:08:01:03 -0600] "GET /new/alfacgiapi/404.php HTTP/1.1" 404 136072 "-" "Mozilla/5.0 (iPhone; CPU iPhone OS 17_2 like Mac OS X) AppleWebKit/605.1.15 (KHTML, like Gecko) Version/17.2 Mobile/15E148 Safari/604.1"
103.253.27.34 - - [09/Sep/2026:08:01:06 -0600] "GET /new/ALFA_DATA/alfacgiapi/ HTTP/1.1" 404 136087 "-" "Mozilla/5.0 (iPhone; CPU iPhone OS 17_2 like Mac OS X) AppleWebKit/605.1.15 (KHTML, like Gecko) Version/17.2 Mobile/15E148 Safari/604.1"
103.253.27.34 - - [09/Sep/2026:08:01:10 -0600] "GET /new/ALFA_DATA/alfacgiapi/radio.php HTTP/1.1" 404 136162 "-" "Mozilla/5.0 (iPhone; CPU iPhone OS 17_2 like Mac OS X) AppleWebKit/605.1.15 (KHTML, like Gecko) Version/17.2 Mobile/15E148 Safari/604.1"
103.253.27.34 - - [09/Sep/2026:08:01:13 -0600] "GET /new/ALFA_DATA/alfacgiapi/404.php HTTP/1.1" 404 136148 "-" "Mozilla/5.0 (iPhone; CPU iPhone OS 17_2 like Mac OS X) AppleWebKit/605.1.15 (KHTML, like Gecko) Version/17.2 Mobile/15E148 Safari/604.1"
103.253.27.34 - - [09/Sep/2026:08:01:17 -0600] "GET /old/alfacgiapi/ HTTP/1.1" 404 135952 "-" "Mozilla/5.0 (iPhone; CPU iPhone OS 17_2 like Mac OS X) AppleWebKit/605.1.15 (KHTML, like Gecko) Version/17.2 Mobile/15E148 Safari/604.1"
103.253.27.34 - - [09/Sep/2026:08:01:20 -0600] "GET /old/alfacgiapi/radio.php HTTP/1.1" 404 136086 "-" "Mozilla/5.0 (iPhone; CPU iPhone OS 17_2 like Mac OS X) AppleWebKit/605.1.15 (KHTML, like Gecko) Version/17.2 Mobile/15E148 Safari/604.1"
103.253.27.34 - - [09/Sep/2026:08:01:24 -0600] "GET /old/alfacgiapi/404.php HTTP/1.1" 404 136072 "-" "Mozilla/5.0 (iPhone; CPU iPhone OS 17_2 like Mac OS X) AppleWebKit/605.1.15 (KHTML, like Gecko) Version/17.2 Mobile/15E148 Safari/604.1"
103.253.27.34 - - [09/Sep/2026:08:01:26 -0600] "GET /old/ALFA_DATA/alfacgiapi/ HTTP/1.1" 404 136087 "-" "Mozilla/5.0 (iPhone; CPU iPhone OS 17_2 like Mac OS X) AppleWebKit/605.1.15 (KHTML, like Gecko) Version/17.2 Mobile/15E148 Safari/604.1"
103.253.27.34 - - [09/Sep/2026:08:01:29 -0600] "GET /old/ALFA_DATA/alfacgiapi/radio.php HTTP/1.1" 404 136162 "-" "Mozilla/5.0 (iPhone; CPU iPhone OS 17_2 like Mac OS X) AppleWebKit/605.1.15 (KHTML, like Gecko) Version/17.2 Mobile/15E148 Safari/604.1"
103.253.27.34 - - [09/Sep/2026:08:01:33 -0600] "GET /old/ALFA_DATA/alfacgiapi/404.php HTTP/1.1" 404 136148 "-" "Mozilla/5.0 (iPhone; CPU iPhone OS 17_2 like Mac OS X) AppleWebKit/605.1.15 (KHTML, like Gecko) Version/17.2 Mobile/15E148 Safari/604.1"
162.240.68.55 - - [09/Sep/2026:08:01:39 -0600] "POST /wp-cron.php?doing_wp_cron=1788962499.9001889228820800781250 HTTP/1.1" 200 - "-" "WordPress/7.1; https://ariapress.org"
103.253.27.34 - - [09/Sep/2026:08:01:36 -0600] "GET /backup/alfacgiapi/ HTTP/1.1" 404 135973 "-" "Mozilla/5.0 (iPhone; CPU iPhone OS 17_2 like Mac OS X) AppleWebKit/605.1.15 (KHTML, like Gecko) Version/17.2 Mobile/15E148 Safari/604.1"
103.253.27.34 - - [09/Sep/2026:08:01:40 -0600] "GET /backup/alfacgiapi/radio.php HTTP/1.1" 404 136107 "-" "Mozilla/5.0 (iPhone; CPU iPhone OS 17_2 like Mac OS X) AppleWebKit/605.1.15 (KHTML, like Gecko) Version/17.2 Mobile/15E148 Safari/604.1"
103.253.27.34 - - [09/Sep/2026:08:01:45 -0600] "GET /backup/alfacgiapi/404.php HTTP/1.1" 404 136093 "-" "Mozilla/5.0 (iPhone; CPU iPhone OS 17_2 like Mac OS X) AppleWebKit/605.1.15 (KHTML, like Gecko) Version/17.2 Mobile/15E148 Safari/604.1"
103.253.27.34 - - [09/Sep/2026:08:01:48 -0600] "GET /backup/ALFA_DATA/alfacgiapi/ HTTP/1.1" 404 136108 "-" "Mozilla/5.0 (iPhone; CPU iPhone OS 17_2 like Mac OS X) AppleWebKit/605.1.15 (KHTML, like Gecko) Version/17.2 Mobile/15E148 Safari/604.1"
103.253.27.34 - - [09/Sep/2026:08:01:52 -0600] "GET /backup/ALFA_DATA/alfacgiapi/radio.php HTTP/1.1" 404 136183 "-" "Mozilla/5.0 (iPhone; CPU iPhone OS 17_2 like Mac OS X) AppleWebKit/605.1.15 (KHTML, like Gecko) Version/17.2 Mobile/15E148 Safari/604.1"
103.253.27.34 - - [09/Sep/2026:08:01:56 -0600] "GET /backup/ALFA_DATA/alfacgiapi/404.php HTTP/1.1" 404 136169 "-" "Mozilla/5.0 (iPhone; CPU iPhone OS 17_2 like Mac OS X) AppleWebKit/605.1.15 (KHTML, like Gecko) Version/17.2 Mobile/15E148 Safari/604.1"
162.240.68.55 - - [09/Sep/2026:08:02:02 -0600] "POST /wp-cron.php?doing_wp_cron=1788962522.2176098823547363281250 HTTP/1.1" 200 - "-" "WordPress/7.1; https://ariapress.org"
103.253.27.34 - - [09/Sep/2026:08:01:59 -0600] "GET /app_master/telerik.web.ui.dialoghandler.aspx HTTP/1.1" 404 136161 "-" "Mozilla/5.0 (iPhone; CPU iPhone OS 17_2 like Mac OS X) AppleWebKit/605.1.15 (KHTML, like Gecko) Version/17.2 Mobile/15E148 Safari/604.1"
103.253.27.34 - - [09/Sep/2026:08:02:03 -0600] "GET /DesktopModules/dnnWerk.RadEditorProvider/DialogHandler.aspx HTTP/1.1" 404 136331 "-" "Mozilla/5.0 (iPhone; CPU iPhone OS 17_2 like Mac OS X) AppleWebKit/605.1.15 (KHTML, like Gecko) Version/17.2 Mobile/15E148 Safari/604.1"
103.253.27.34 - - [09/Sep/2026:08:02:07 -0600] "GET /DesktopModules/Admin/RadEditorProvider/DialogHandler.aspx HTTP/1.1" 404 136323 "-" "Mozilla/5.0 (iPhone; CPU iPhone OS 17_2 like Mac OS X) AppleWebKit/605.1.15 (KHTML, like Gecko) Version/17.2 Mobile/15E148 Safari/604.1"
103.253.27.34 - - [09/Sep/2026:08:02:10 -0600] "GET /Providers/HtmlEditorProviders/Telerik/Telerik.Web.UI.DialogHandler.aspx HTTP/1.1" 404 136421 "-" "Mozilla/5.0 (iPhone; CPU iPhone OS 17_2 like Mac OS X) AppleWebKit/605.1.15 (KHTML, like Gecko) Version/17.2 Mobile/15E148 Safari/604.1"
103.253.27.34 - - [09/Sep/2026:08:02:14 -0600] "GET /common/admin/Jobs2/Telerik.Web.UI.DialogHandler.aspx HTTP/1.1" 404 136288 "-" "Mozilla/5.0 (iPhone; CPU iPhone OS 17_2 like Mac OS X) AppleWebKit/605.1.15 (KHTML, like Gecko) Version/17.2 Mobile/15E148 Safari/604.1"
103.253.27.34 - - [09/Sep/2026:08:02:17 -0600] "GET /desktopmodules/telerikwebui/radeditorprovider/telerik.web.ui.dialoghandler.aspx HTTP/1.1" 404 136477 "-" "Mozilla/5.0 (iPhone; CPU iPhone OS 17_2 like Mac OS X) AppleWebKit/605.1.15 (KHTML, like Gecko) Version/17.2 Mobile/15E148 Safari/604.1"
103.253.27.34 - - [09/Sep/2026:08:02:21 -0600] "GET /assets/editor/fileman/dev.html HTTP/1.1" 404 136134 "-" "Mozilla/5.0 (iPhone; CPU iPhone OS 17_2 like Mac OS X) AppleWebKit/605.1.15 (KHTML, like Gecko) Version/17.2 Mobile/15E148 Safari/604.1"
103.253.27.34 - - [09/Sep/2026:08:02:25 -0600] "GET /assets/editor/fileman/ HTTP/1.1" 404 136066 "-" "Mozilla/5.0 (iPhone; CPU iPhone OS 17_2 like Mac OS X) AppleWebKit/605.1.15 (KHTML, like Gecko) Version/17.2 Mobile/15E148 Safari/604.1"
103.253.27.34 - - [09/Sep/2026:08:02:28 -0600] "GET /js/fileman/dev.html HTTP/1.1" 404 136051 "-" "Mozilla/5.0 (iPhone; CPU iPhone OS 17_2 like Mac OS X) AppleWebKit/605.1.15 (KHTML, like Gecko) Version/17.2 Mobile/15E148 Safari/604.1"
103.253.27.34 - - [09/Sep/2026:08:02:31 -0600] "GET /js/fileman/ HTTP/1.1" 404 135924 "-" "Mozilla/5.0 (iPhone; CPU iPhone OS 17_2 like Mac OS X) AppleWebKit/605.1.15 (KHTML, like Gecko) Version/17.2 Mobile/15E148 Safari/604.1"
103.253.27.34 - - [09/Sep/2026:08:02:34 -0600] "GET /fileman/ HTTP/1.1" 404 135897 "-" "Mozilla/5.0 (iPhone; CPU iPhone OS 17_2 like Mac OS X) AppleWebKit/605.1.15 (KHTML, like Gecko) Version/17.2 Mobile/15E148 Safari/604.1"
162.240.68.55 - - [09/Sep/2026:08:02:40 -0600] "POST /wp-cron.php?doing_wp_cron=1788962560.9814739227294921875000 HTTP/1.1" 200 - "-" "WordPress/7.1; https://ariapress.org"
103.253.27.34 - - [09/Sep/2026:08:02:38 -0600] "GET /fileman/dev.html HTTP/1.1" 404 135965 "-" "Mozilla/5.0 (iPhone; CPU iPhone OS 17_2 like Mac OS X) AppleWebKit/605.1.15 (KHTML, like Gecko) Version/17.2 Mobile/15E148 Safari/604.1"
103.253.27.34 - - [09/Sep/2026:08:02:41 -0600] "GET /lib/fileman/ HTTP/1.1" 404 135931 "-" "Mozilla/5.0 (iPhone; CPU iPhone OS 17_2 like Mac OS X) AppleWebKit/605.1.15 (KHTML, like Gecko) Version/17.2 Mobile/15E148 Safari/604.1"
103.253.27.34 - - [09/Sep/2026:08:02:45 -0600] "GET /lib/fileman/dev.html HTTP/1.1" 404 136058 "-" "Mozilla/5.0 (iPhone; CPU iPhone OS 17_2 like Mac OS X) AppleWebKit/605.1.15 (KHTML, like Gecko) Version/17.2 Mobile/15E148 Safari/604.1"
103.253.27.34 - - [09/Sep/2026:08:02:48 -0600] "GET /admin/fileman/ HTTP/1.1" 404 135945 "-" "Mozilla/5.0 (iPhone; CPU iPhone OS 17_2 like Mac OS X) AppleWebKit/605.1.15 (KHTML, like Gecko) Version/17.2 Mobile/15E148 Safari/604.1"
103.253.27.34 - - [09/Sep/2026:08:02:52 -0600] "GET /admin/fileman/dev.html HTTP/1.1" 404 136072 "-" "Mozilla/5.0 (iPhone; CPU iPhone OS 17_2 like Mac OS X) AppleWebKit/605.1.15 (KHTML, like Gecko) Version/17.2 Mobile/15E148 Safari/604.1"
162.240.68.55 - - [09/Sep/2026:08:02:58 -0600] "POST /wp-cron.php?doing_wp_cron=1788962578.2153780460357666015625 HTTP/1.1" 200 - "-" "WordPress/7.1; https://ariapress.org"
103.253.27.34 - - [09/Sep/2026:08:02:55 -0600] "GET /filemanager/dialog.php HTTP/1.1" 404 136007 "-" "Mozilla/5.0 (iPhone; CPU iPhone OS 17_2 like Mac OS X) AppleWebKit/605.1.15 (KHTML, like Gecko) Version/17.2 Mobile/15E148 Safari/604.1"
Anon7 — 2022 •
AnonSec Team