162.240.68.55 - - [09/Sep/2026:06:56:39 -0600] "POST /wp-cron.php?doing_wp_cron=1788958599.1292090415954589843750 HTTP/1.1" 200 - "-" "WordPress/7.1; https://ariapress.org"
103.253.27.34 - - [09/Sep/2026:06:56:38 -0600] "GET /wp-admin/gelay.php HTTP/1.1" 404 135978 "-" "Mozilla/5.0 (iPhone; CPU iPhone OS 17_2 like Mac OS X) AppleWebKit/605.1.15 (KHTML, like Gecko) Version/17.2 Mobile/15E148 Safari/604.1"
103.253.27.34 - - [09/Sep/2026:06:56:39 -0600] "GET /wp-admin/b374k.php HTTP/1.1" 404 135978 "-" "Mozilla/5.0 (iPhone; CPU iPhone OS 17_2 like Mac OS X) AppleWebKit/605.1.15 (KHTML, like Gecko) Version/17.2 Mobile/15E148 Safari/604.1"
216.73.217.80 - - [09/Sep/2026:06:56:40 -0600] "GET /tag/%d8%a7%d8%ad%d9%85%d8%af%d8%b8%d8%a7%d9%87%d8%b1/feed/ HTTP/1.1" 200 13513 "-" "Mozilla/5.0 AppleWebKit/537.36 (KHTML, like Gecko; compatible; ClaudeBot/1.0; +claudebot@anthropic.com)"
103.253.27.34 - - [09/Sep/2026:06:56:41 -0600] "GET /wp-admin/r57.php HTTP/1.1" 404 135964 "-" "Mozilla/5.0 (iPhone; CPU iPhone OS 17_2 like Mac OS X) AppleWebKit/605.1.15 (KHTML, like Gecko) Version/17.2 Mobile/15E148 Safari/604.1"
103.253.27.34 - - [09/Sep/2026:06:56:42 -0600] "GET /wp-admin/wp.php HTTP/1.1" 404 135957 "-" "Mozilla/5.0 (iPhone; CPU iPhone OS 17_2 like Mac OS X) AppleWebKit/605.1.15 (KHTML, like Gecko) Version/17.2 Mobile/15E148 Safari/604.1"
103.253.27.34 - - [09/Sep/2026:06:56:44 -0600] "GET /wp-admin/a.php HTTP/1.1" 404 135950 "-" "Mozilla/5.0 (iPhone; CPU iPhone OS 17_2 like Mac OS X) AppleWebKit/605.1.15 (KHTML, like Gecko) Version/17.2 Mobile/15E148 Safari/604.1"
216.73.217.80 - - [09/Sep/2026:06:56:44 -0600] "GET /tag/%da%a9%d9%88%da%86-%d8%a7%d8%ac%d8%a8%d8%a7%d8%b1%db%8c/feed/ HTTP/1.1" 200 18299 "-" "Mozilla/5.0 AppleWebKit/537.36 (KHTML, like Gecko; compatible; ClaudeBot/1.0; +claudebot@anthropic.com)"
103.253.27.34 - - [09/Sep/2026:06:56:45 -0600] "GET /wp-includes/upload.php HTTP/1.1" 404 136006 "-" "Mozilla/5.0 (iPhone; CPU iPhone OS 17_2 like Mac OS X) AppleWebKit/605.1.15 (KHTML, like Gecko) Version/17.2 Mobile/15E148 Safari/604.1"
103.253.27.34 - - [09/Sep/2026:06:56:47 -0600] "GET /matamu.php HTTP/1.1" 404 135916 "-" "Mozilla/5.0 (iPhone; CPU iPhone OS 17_2 like Mac OS X) AppleWebKit/605.1.15 (KHTML, like Gecko) Version/17.2 Mobile/15E148 Safari/604.1"
103.253.27.34 - - [09/Sep/2026:06:56:48 -0600] "GET /529.php HTTP/1.1" 404 135895 "-" "Mozilla/5.0 (iPhone; CPU iPhone OS 17_2 like Mac OS X) AppleWebKit/605.1.15 (KHTML, like Gecko) Version/17.2 Mobile/15E148 Safari/604.1"
103.253.27.34 - - [09/Sep/2026:06:56:50 -0600] "GET /aci.php HTTP/1.1" 404 135895 "-" "Mozilla/5.0 (iPhone; CPU iPhone OS 17_2 like Mac OS X) AppleWebKit/605.1.15 (KHTML, like Gecko) Version/17.2 Mobile/15E148 Safari/604.1"
103.253.27.34 - - [09/Sep/2026:06:56:51 -0600] "GET /AK-74.php HTTP/1.1" 404 135909 "-" "Mozilla/5.0 (iPhone; CPU iPhone OS 17_2 like Mac OS X) AppleWebKit/605.1.15 (KHTML, like Gecko) Version/17.2 Mobile/15E148 Safari/604.1"
103.253.27.34 - - [09/Sep/2026:06:56:53 -0600] "GET /shv3n0m.php HTTP/1.1" 404 135923 "-" "Mozilla/5.0 (iPhone; CPU iPhone OS 17_2 like Mac OS X) AppleWebKit/605.1.15 (KHTML, like Gecko) Version/17.2 Mobile/15E148 Safari/604.1"
103.253.27.34 - - [09/Sep/2026:06:56:55 -0600] "GET /wp-admin/maro.php HTTP/1.1" 404 135971 "-" "Mozilla/5.0 (iPhone; CPU iPhone OS 17_2 like Mac OS X) AppleWebKit/605.1.15 (KHTML, like Gecko) Version/17.2 Mobile/15E148 Safari/604.1"
103.253.27.34 - - [09/Sep/2026:06:56:56 -0600] "GET /wp-includes/maro.php HTTP/1.1" 404 135992 "-" "Mozilla/5.0 (iPhone; CPU iPhone OS 17_2 like Mac OS X) AppleWebKit/605.1.15 (KHTML, like Gecko) Version/17.2 Mobile/15E148 Safari/604.1"
103.253.27.34 - - [09/Sep/2026:06:56:57 -0600] "GET /MyShell.php HTTP/1.1" 404 135923 "-" "Mozilla/5.0 (iPhone; CPU iPhone OS 17_2 like Mac OS X) AppleWebKit/605.1.15 (KHTML, like Gecko) Version/17.2 Mobile/15E148 Safari/604.1"
162.240.68.55 - - [09/Sep/2026:06:57:00 -0600] "POST /wp-cron.php?doing_wp_cron=1788958620.1944639682769775390625 HTTP/1.1" 200 - "-" "WordPress/7.1; https://ariapress.org"
103.253.27.34 - - [09/Sep/2026:06:56:59 -0600] "GET /PHP_Shell.php HTTP/1.1" 404 135937 "-" "Mozilla/5.0 (iPhone; CPU iPhone OS 17_2 like Mac OS X) AppleWebKit/605.1.15 (KHTML, like Gecko) Version/17.2 Mobile/15E148 Safari/604.1"
103.253.27.34 - - [09/Sep/2026:06:57:00 -0600] "GET /l28.php HTTP/1.1" 404 135895 "-" "Mozilla/5.0 (iPhone; CPU iPhone OS 17_2 like Mac OS X) AppleWebKit/605.1.15 (KHTML, like Gecko) Version/17.2 Mobile/15E148 Safari/604.1"
103.253.27.34 - - [09/Sep/2026:06:57:02 -0600] "GET /Uploader.php HTTP/1.1" 404 135930 "-" "Mozilla/5.0 (iPhone; CPU iPhone OS 17_2 like Mac OS X) AppleWebKit/605.1.15 (KHTML, like Gecko) Version/17.2 Mobile/15E148 Safari/604.1"
103.253.27.34 - - [09/Sep/2026:06:57:03 -0600] "GET /888.php HTTP/1.1" 404 135895 "-" "Mozilla/5.0 (iPhone; CPU iPhone OS 17_2 like Mac OS X) AppleWebKit/605.1.15 (KHTML, like Gecko) Version/17.2 Mobile/15E148 Safari/604.1"
103.253.27.34 - - [09/Sep/2026:06:57:05 -0600] "GET /wp-admin/includes/fw.php HTTP/1.1" 404 136085 "-" "Mozilla/5.0 (iPhone; CPU iPhone OS 17_2 like Mac OS X) AppleWebKit/605.1.15 (KHTML, like Gecko) Version/17.2 Mobile/15E148 Safari/604.1"
103.253.27.34 - - [09/Sep/2026:06:57:06 -0600] "GET /wp-admin/maint/fw.php HTTP/1.1" 404 136064 "-" "Mozilla/5.0 (iPhone; CPU iPhone OS 17_2 like Mac OS X) AppleWebKit/605.1.15 (KHTML, like Gecko) Version/17.2 Mobile/15E148 Safari/604.1"
103.253.27.34 - - [09/Sep/2026:06:57:08 -0600] "GET /wp-admin/maint/poster.php HTTP/1.1" 404 136092 "-" "Mozilla/5.0 (iPhone; CPU iPhone OS 17_2 like Mac OS X) AppleWebKit/605.1.15 (KHTML, like Gecko) Version/17.2 Mobile/15E148 Safari/604.1"
103.253.27.34 - - [09/Sep/2026:06:57:12 -0600] "GET /wp-admin/css/fw.php HTTP/1.1" 404 136050 "-" "Mozilla/5.0 (iPhone; CPU iPhone OS 17_2 like Mac OS X) AppleWebKit/605.1.15 (KHTML, like Gecko) Version/17.2 Mobile/15E148 Safari/604.1"
103.253.27.34 - - [09/Sep/2026:06:57:15 -0600] "GET /wp-admin/includes/langar.php HTTP/1.1" 404 136113 "-" "Mozilla/5.0 (iPhone; CPU iPhone OS 17_2 like Mac OS X) AppleWebKit/605.1.15 (KHTML, like Gecko) Version/17.2 Mobile/15E148 Safari/604.1"
103.253.27.34 - - [09/Sep/2026:06:57:18 -0600] "GET /wp-admin/maint/langar.php HTTP/1.1" 404 136092 "-" "Mozilla/5.0 (iPhone; CPU iPhone OS 17_2 like Mac OS X) AppleWebKit/605.1.15 (KHTML, like Gecko) Version/17.2 Mobile/15E148 Safari/604.1"
103.253.27.34 - - [09/Sep/2026:06:57:21 -0600] "GET /wp-admin/css/langar.php HTTP/1.1" 404 136078 "-" "Mozilla/5.0 (iPhone; CPU iPhone OS 17_2 like Mac OS X) AppleWebKit/605.1.15 (KHTML, like Gecko) Version/17.2 Mobile/15E148 Safari/604.1"
103.253.27.34 - - [09/Sep/2026:06:57:25 -0600] "GET /wp-admin/langar.php HTTP/1.1" 404 135985 "-" "Mozilla/5.0 (iPhone; CPU iPhone OS 17_2 like Mac OS X) AppleWebKit/605.1.15 (KHTML, like Gecko) Version/17.2 Mobile/15E148 Safari/604.1"
103.253.27.34 - - [09/Sep/2026:06:57:28 -0600] "GET /wp-admin/includes/a.php HTTP/1.1" 404 136078 "-" "Mozilla/5.0 (iPhone; CPU iPhone OS 17_2 like Mac OS X) AppleWebKit/605.1.15 (KHTML, like Gecko) Version/17.2 Mobile/15E148 Safari/604.1"
103.253.27.34 - - [09/Sep/2026:06:57:31 -0600] "GET /wp-admin/maint/a.php HTTP/1.1" 404 136057 "-" "Mozilla/5.0 (iPhone; CPU iPhone OS 17_2 like Mac OS X) AppleWebKit/605.1.15 (KHTML, like Gecko) Version/17.2 Mobile/15E148 Safari/604.1"
103.253.27.34 - - [09/Sep/2026:06:57:34 -0600] "GET /wp-admin/css/a.php HTTP/1.1" 404 136043 "-" "Mozilla/5.0 (iPhone; CPU iPhone OS 17_2 like Mac OS X) AppleWebKit/605.1.15 (KHTML, like Gecko) Version/17.2 Mobile/15E148 Safari/604.1"
185.191.171.15 - - [09/Sep/2026:06:57:34 -0600] "GET /%D8%A7%DB%8C%D8%AC%D8%A7%D8%AF-%D8%AC%D8%A8%D9%87%D8%A7%D8%AA-%D9%86%D8%B8%D8%A7%D9%85%DB%8C-%D8%AC%D8%AF%DB%8C%D8%AF-%D8%AF%D8%B1-%D8%B4%D9%85%D8%A7%D9%84-%D9%88-%D8%B4%D9%85%D8%A7%D9%84/ HTTP/1.1" 200 192561 "-" "Mozilla/5.0 (compatible; SemrushBot/7~bl; +http://www.semrush.com/bot.html)"
162.240.68.55 - - [09/Sep/2026:06:57:41 -0600] "POST /wp-cron.php?doing_wp_cron=1788958661.1378250122070312500000 HTTP/1.1" 200 - "-" "WordPress/7.1; https://ariapress.org"
103.253.27.34 - - [09/Sep/2026:06:57:38 -0600] "GET /alfa3.php HTTP/1.1" 404 135909 "-" "Mozilla/5.0 (iPhone; CPU iPhone OS 17_2 like Mac OS X) AppleWebKit/605.1.15 (KHTML, like Gecko) Version/17.2 Mobile/15E148 Safari/604.1"
103.253.27.34 - - [09/Sep/2026:06:57:41 -0600] "GET /ubh.php HTTP/1.1" 404 135895 "-" "Mozilla/5.0 (iPhone; CPU iPhone OS 17_2 like Mac OS X) AppleWebKit/605.1.15 (KHTML, like Gecko) Version/17.2 Mobile/15E148 Safari/604.1"
103.253.27.34 - - [09/Sep/2026:06:57:45 -0600] "GET /teslaxx.php HTTP/1.1" 404 135923 "-" "Mozilla/5.0 (iPhone; CPU iPhone OS 17_2 like Mac OS X) AppleWebKit/605.1.15 (KHTML, like Gecko) Version/17.2 Mobile/15E148 Safari/604.1"
103.253.27.34 - - [09/Sep/2026:06:57:48 -0600] "GET /gray.php HTTP/1.1" 404 135902 "-" "Mozilla/5.0 (iPhone; CPU iPhone OS 17_2 like Mac OS X) AppleWebKit/605.1.15 (KHTML, like Gecko) Version/17.2 Mobile/15E148 Safari/604.1"
103.253.27.34 - - [09/Sep/2026:06:57:51 -0600] "GET /87.php HTTP/1.1" 404 135888 "-" "Mozilla/5.0 (iPhone; CPU iPhone OS 17_2 like Mac OS X) AppleWebKit/605.1.15 (KHTML, like Gecko) Version/17.2 Mobile/15E148 Safari/604.1"
103.253.27.34 - - [09/Sep/2026:06:57:54 -0600] "GET /mari.php HTTP/1.1" 404 135902 "-" "Mozilla/5.0 (iPhone; CPU iPhone OS 17_2 like Mac OS X) AppleWebKit/605.1.15 (KHTML, like Gecko) Version/17.2 Mobile/15E148 Safari/604.1"
162.240.68.55 - - [09/Sep/2026:06:58:00 -0600] "POST /wp-cron.php?doing_wp_cron=1788958680.5819880962371826171875 HTTP/1.1" 200 - "-" "WordPress/7.1; https://ariapress.org"
103.253.27.34 - - [09/Sep/2026:06:57:58 -0600] "GET /upx.php HTTP/1.1" 404 135895 "-" "Mozilla/5.0 (iPhone; CPU iPhone OS 17_2 like Mac OS X) AppleWebKit/605.1.15 (KHTML, like Gecko) Version/17.2 Mobile/15E148 Safari/604.1"
103.253.27.34 - - [09/Sep/2026:06:58:01 -0600] "GET /wp-includes/mari.php HTTP/1.1" 404 135992 "-" "Mozilla/5.0 (iPhone; CPU iPhone OS 17_2 like Mac OS X) AppleWebKit/605.1.15 (KHTML, like Gecko) Version/17.2 Mobile/15E148 Safari/604.1"
103.253.27.34 - - [09/Sep/2026:06:58:04 -0600] "GET /wp-admin/mari.php HTTP/1.1" 404 135971 "-" "Mozilla/5.0 (iPhone; CPU iPhone OS 17_2 like Mac OS X) AppleWebKit/605.1.15 (KHTML, like Gecko) Version/17.2 Mobile/15E148 Safari/604.1"
103.253.27.34 - - [09/Sep/2026:06:58:08 -0600] "GET /wp-content/mari.php HTTP/1.1" 404 135985 "-" "Mozilla/5.0 (iPhone; CPU iPhone OS 17_2 like Mac OS X) AppleWebKit/605.1.15 (KHTML, like Gecko) Version/17.2 Mobile/15E148 Safari/604.1"
103.253.27.34 - - [09/Sep/2026:06:58:11 -0600] "GET /wp-admin/includes/mari.php HTTP/1.1" 404 136099 "-" "Mozilla/5.0 (iPhone; CPU iPhone OS 17_2 like Mac OS X) AppleWebKit/605.1.15 (KHTML, like Gecko) Version/17.2 Mobile/15E148 Safari/604.1"
103.253.27.34 - - [09/Sep/2026:06:58:14 -0600] "GET /wp-admin/maint/mari.php HTTP/1.1" 404 136078 "-" "Mozilla/5.0 (iPhone; CPU iPhone OS 17_2 like Mac OS X) AppleWebKit/605.1.15 (KHTML, like Gecko) Version/17.2 Mobile/15E148 Safari/604.1"
103.253.27.34 - - [09/Sep/2026:06:58:17 -0600] "GET /wp-admin/css/mari.php HTTP/1.1" 404 136064 "-" "Mozilla/5.0 (iPhone; CPU iPhone OS 17_2 like Mac OS X) AppleWebKit/605.1.15 (KHTML, like Gecko) Version/17.2 Mobile/15E148 Safari/604.1"
103.253.27.34 - - [09/Sep/2026:06:58:19 -0600] "GET /c0derz_shell.php HTTP/1.1" 404 135958 "-" "Mozilla/5.0 (iPhone; CPU iPhone OS 17_2 like Mac OS X) AppleWebKit/605.1.15 (KHTML, like Gecko) Version/17.2 Mobile/15E148 Safari/604.1"
103.253.27.34 - - [09/Sep/2026:06:58:22 -0600] "GET /cmd.php HTTP/1.1" 404 135895 "-" "Mozilla/5.0 (iPhone; CPU iPhone OS 17_2 like Mac OS X) AppleWebKit/605.1.15 (KHTML, like Gecko) Version/17.2 Mobile/15E148 Safari/604.1"
103.253.27.34 - - [09/Sep/2026:06:58:25 -0600] "GET /cybershell.php HTTP/1.1" 404 135944 "-" "Mozilla/5.0 (iPhone; CPU iPhone OS 17_2 like Mac OS X) AppleWebKit/605.1.15 (KHTML, like Gecko) Version/17.2 Mobile/15E148 Safari/604.1"
103.253.27.34 - - [09/Sep/2026:06:58:28 -0600] "GET /fatal.php HTTP/1.1" 404 135909 "-" "Mozilla/5.0 (iPhone; CPU iPhone OS 17_2 like Mac OS X) AppleWebKit/605.1.15 (KHTML, like Gecko) Version/17.2 Mobile/15E148 Safari/604.1"
103.253.27.34 - - [09/Sep/2026:06:58:31 -0600] "GET /robots.php HTTP/1.1" 404 135916 "-" "Mozilla/5.0 (iPhone; CPU iPhone OS 17_2 like Mac OS X) AppleWebKit/605.1.15 (KHTML, like Gecko) Version/17.2 Mobile/15E148 Safari/604.1"
103.253.27.34 - - [09/Sep/2026:06:58:35 -0600] "GET /php-backdoor.php HTTP/1.1" 404 135958 "-" "Mozilla/5.0 (iPhone; CPU iPhone OS 17_2 like Mac OS X) AppleWebKit/605.1.15 (KHTML, like Gecko) Version/17.2 Mobile/15E148 Safari/604.1"
162.240.68.55 - - [09/Sep/2026:06:58:40 -0600] "POST /wp-cron.php?doing_wp_cron=1788958720.6488358974456787109375 HTTP/1.1" 200 - "-" "WordPress/7.1; https://ariapress.org"
103.253.27.34 - - [09/Sep/2026:06:58:38 -0600] "GET /IndoXploit.php HTTP/1.1" 404 135944 "-" "Mozilla/5.0 (iPhone; CPU iPhone OS 17_2 like Mac OS X) AppleWebKit/605.1.15 (KHTML, like Gecko) Version/17.2 Mobile/15E148 Safari/604.1"
103.253.27.34 - - [09/Sep/2026:06:58:41 -0600] "GET /Simple_PHP_backdoor.php HTTP/1.1" 404 136007 "-" "Mozilla/5.0 (iPhone; CPU iPhone OS 17_2 like Mac OS X) AppleWebKit/605.1.15 (KHTML, like Gecko) Version/17.2 Mobile/15E148 Safari/604.1"
103.253.27.34 - - [09/Sep/2026:06:58:45 -0600] "GET /simple-upload.php HTTP/1.1" 404 135965 "-" "Mozilla/5.0 (iPhone; CPU iPhone OS 17_2 like Mac OS X) AppleWebKit/605.1.15 (KHTML, like Gecko) Version/17.2 Mobile/15E148 Safari/604.1"
103.253.27.34 - - [09/Sep/2026:06:58:47 -0600] "GET /simple_backdoor.php HTTP/1.1" 404 135979 "-" "Mozilla/5.0 (iPhone; CPU iPhone OS 17_2 like Mac OS X) AppleWebKit/605.1.15 (KHTML, like Gecko) Version/17.2 Mobile/15E148 Safari/604.1"
103.253.27.34 - - [09/Sep/2026:06:58:51 -0600] "GET /r57shell.php HTTP/1.1" 404 135930 "-" "Mozilla/5.0 (iPhone; CPU iPhone OS 17_2 like Mac OS X) AppleWebKit/605.1.15 (KHTML, like Gecko) Version/17.2 Mobile/15E148 Safari/604.1"
103.253.27.34 - - [09/Sep/2026:06:58:54 -0600] "GET /z.php HTTP/1.1" 404 135881 "-" "Mozilla/5.0 (iPhone; CPU iPhone OS 17_2 like Mac OS X) AppleWebKit/605.1.15 (KHTML, like Gecko) Version/17.2 Mobile/15E148 Safari/604.1"
162.240.68.55 - - [09/Sep/2026:06:59:00 -0600] "POST /wp-cron.php?doing_wp_cron=1788958740.1969559192657470703125 HTTP/1.1" 200 - "-" "WordPress/7.1; https://ariapress.org"
103.253.27.34 - - [09/Sep/2026:06:58:57 -0600] "GET /wp-includes/pomo/so.php HTTP/1.1" 404 136078 "-" "Mozilla/5.0 (iPhone; CPU iPhone OS 17_2 like Mac OS X) AppleWebKit/605.1.15 (KHTML, like Gecko) Version/17.2 Mobile/15E148 Safari/604.1"
103.253.27.34 - - [09/Sep/2026:06:59:00 -0600] "GET /wp-includes/IXR/bnet.php HTTP/1.1" 404 136085 "-" "Mozilla/5.0 (iPhone; CPU iPhone OS 17_2 like Mac OS X) AppleWebKit/605.1.15 (KHTML, like Gecko) Version/17.2 Mobile/15E148 Safari/604.1"
103.253.27.34 - - [09/Sep/2026:06:59:04 -0600] "GET /wp-includes/z.php HTTP/1.1" 404 135971 "-" "Mozilla/5.0 (iPhone; CPU iPhone OS 17_2 like Mac OS X) AppleWebKit/605.1.15 (KHTML, like Gecko) Version/17.2 Mobile/15E148 Safari/604.1"
103.253.27.34 - - [09/Sep/2026:06:59:07 -0600] "GET /wp-admin/z.php HTTP/1.1" 404 135950 "-" "Mozilla/5.0 (iPhone; CPU iPhone OS 17_2 like Mac OS X) AppleWebKit/605.1.15 (KHTML, like Gecko) Version/17.2 Mobile/15E148 Safari/604.1"
103.253.27.34 - - [09/Sep/2026:06:59:10 -0600] "GET /wp-content/z.php HTTP/1.1" 404 135964 "-" "Mozilla/5.0 (iPhone; CPU iPhone OS 17_2 like Mac OS X) AppleWebKit/605.1.15 (KHTML, like Gecko) Version/17.2 Mobile/15E148 Safari/604.1"
103.253.27.34 - - [09/Sep/2026:06:59:14 -0600] "GET /78.php HTTP/1.1" 404 135888 "-" "Mozilla/5.0 (iPhone; CPU iPhone OS 17_2 like Mac OS X) AppleWebKit/605.1.15 (KHTML, like Gecko) Version/17.2 Mobile/15E148 Safari/604.1"
103.253.27.34 - - [09/Sep/2026:06:59:17 -0600] "GET /wp-admin/includes/mar.php HTTP/1.1" 404 136092 "-" "Mozilla/5.0 (iPhone; CPU iPhone OS 17_2 like Mac OS X) AppleWebKit/605.1.15 (KHTML, like Gecko) Version/17.2 Mobile/15E148 Safari/604.1"
103.253.27.34 - - [09/Sep/2026:06:59:20 -0600] "GET /wp-admin/includes/media-site.php HTTP/1.1" 404 136141 "-" "Mozilla/5.0 (iPhone; CPU iPhone OS 17_2 like Mac OS X) AppleWebKit/605.1.15 (KHTML, like Gecko) Version/17.2 Mobile/15E148 Safari/604.1"
103.253.27.34 - - [09/Sep/2026:06:59:23 -0600] "GET /wp-content/uploads/small.php HTTP/1.1" 404 136113 "-" "Mozilla/5.0 (iPhone; CPU iPhone OS 17_2 like Mac OS X) AppleWebKit/605.1.15 (KHTML, like Gecko) Version/17.2 Mobile/15E148 Safari/604.1"
103.253.27.34 - - [09/Sep/2026:06:59:26 -0600] "GET /wp-includes/sys.php HTTP/1.1" 404 135985 "-" "Mozilla/5.0 (iPhone; CPU iPhone OS 17_2 like Mac OS X) AppleWebKit/605.1.15 (KHTML, like Gecko) Version/17.2 Mobile/15E148 Safari/604.1"
103.253.27.34 - - [09/Sep/2026:06:59:29 -0600] "GET /wp-admin/includes/class-wp-media-list-data.php HTTP/1.1" 404 136239 "-" "Mozilla/5.0 (iPhone; CPU iPhone OS 17_2 like Mac OS X) AppleWebKit/605.1.15 (KHTML, like Gecko) Version/17.2 Mobile/15E148 Safari/604.1"
103.253.27.34 - - [09/Sep/2026:06:59:33 -0600] "GET /sys.php HTTP/1.1" 404 135895 "-" "Mozilla/5.0 (iPhone; CPU iPhone OS 17_2 like Mac OS X) AppleWebKit/605.1.15 (KHTML, like Gecko) Version/17.2 Mobile/15E148 Safari/604.1"
103.253.27.34 - - [09/Sep/2026:06:59:36 -0600] "GET /wp-admin/maint/wp-cron.php HTTP/1.1" 404 136099 "-" "Mozilla/5.0 (iPhone; CPU iPhone OS 17_2 like Mac OS X) AppleWebKit/605.1.15 (KHTML, like Gecko) Version/17.2 Mobile/15E148 Safari/604.1"
162.240.68.55 - - [09/Sep/2026:06:59:42 -0600] "POST /wp-cron.php?doing_wp_cron=1788958782.1656930446624755859375 HTTP/1.1" 200 - "-" "WordPress/7.1; https://ariapress.org"
103.253.27.34 - - [09/Sep/2026:06:59:39 -0600] "GET /wp-admin/includes/edit-tag-menu.php HTTP/1.1" 404 136162 "-" "Mozilla/5.0 (iPhone; CPU iPhone OS 17_2 like Mac OS X) AppleWebKit/605.1.15 (KHTML, like Gecko) Version/17.2 Mobile/15E148 Safari/604.1"
103.253.27.34 - - [09/Sep/2026:06:59:42 -0600] "GET /wp-admin/maint/wp-readindex.php HTTP/1.1" 404 136134 "-" "Mozilla/5.0 (iPhone; CPU iPhone OS 17_2 like Mac OS X) AppleWebKit/605.1.15 (KHTML, like Gecko) Version/17.2 Mobile/15E148 Safari/604.1"
103.253.27.34 - - [09/Sep/2026:06:59:46 -0600] "GET /wp-admin/css/colors/ectoplasm/uwer.php HTTP/1.1" 404 136195 "-" "Mozilla/5.0 (iPhone; CPU iPhone OS 17_2 like Mac OS X) AppleWebKit/605.1.15 (KHTML, like Gecko) Version/17.2 Mobile/15E148 Safari/604.1"
103.253.27.34 - - [09/Sep/2026:06:59:49 -0600] "GET /wp-admin/css/bhx1.php HTTP/1.1" 404 136064 "-" "Mozilla/5.0 (iPhone; CPU iPhone OS 17_2 like Mac OS X) AppleWebKit/605.1.15 (KHTML, like Gecko) Version/17.2 Mobile/15E148 Safari/604.1"
103.253.27.34 - - [09/Sep/2026:06:59:52 -0600] "GET /wp-admin/css/up.php HTTP/1.1" 404 136050 "-" "Mozilla/5.0 (iPhone; CPU iPhone OS 17_2 like Mac OS X) AppleWebKit/605.1.15 (KHTML, like Gecko) Version/17.2 Mobile/15E148 Safari/604.1"
103.253.27.34 - - [09/Sep/2026:06:59:55 -0600] "GET /wp-admin/css/maro.php HTTP/1.1" 404 136064 "-" "Mozilla/5.0 (iPhone; CPU iPhone OS 17_2 like Mac OS X) AppleWebKit/605.1.15 (KHTML, like Gecko) Version/17.2 Mobile/15E148 Safari/604.1"
162.240.68.55 - - [09/Sep/2026:07:00:01 -0600] "POST /wp-cron.php?doing_wp_cron=1788958801.1460449695587158203125 HTTP/1.1" 200 - "-" "WordPress/7.1; https://ariapress.org"
103.253.27.34 - - [09/Sep/2026:06:59:58 -0600] "GET /wp-admin/css/colors/maro.php HTTP/1.1" 404 136119 "-" "Mozilla/5.0 (iPhone; CPU iPhone OS 17_2 like Mac OS X) AppleWebKit/605.1.15 (KHTML, like Gecko) Version/17.2 Mobile/15E148 Safari/604.1"
103.253.27.34 - - [09/Sep/2026:07:00:01 -0600] "GET /mar.php HTTP/1.1" 404 135895 "-" "Mozilla/5.0 (iPhone; CPU iPhone OS 17_2 like Mac OS X) AppleWebKit/605.1.15 (KHTML, like Gecko) Version/17.2 Mobile/15E148 Safari/604.1"
103.253.27.34 - - [09/Sep/2026:07:00:05 -0600] "GET /cpanel.php HTTP/1.1" 404 135916 "-" "Mozilla/5.0 (iPhone; CPU iPhone OS 17_2 like Mac OS X) AppleWebKit/605.1.15 (KHTML, like Gecko) Version/17.2 Mobile/15E148 Safari/604.1"
103.253.27.34 - - [09/Sep/2026:07:00:08 -0600] "GET /kanghoax.php HTTP/1.1" 404 135930 "-" "Mozilla/5.0 (iPhone; CPU iPhone OS 17_2 like Mac OS X) AppleWebKit/605.1.15 (KHTML, like Gecko) Version/17.2 Mobile/15E148 Safari/604.1"
103.253.27.34 - - [09/Sep/2026:07:00:12 -0600] "GET /langar.php HTTP/1.1" 404 135916 "-" "Mozilla/5.0 (iPhone; CPU iPhone OS 17_2 like Mac OS X) AppleWebKit/605.1.15 (KHTML, like Gecko) Version/17.2 Mobile/15E148 Safari/604.1"
103.253.27.34 - - [09/Sep/2026:07:00:13 -0600] "GET /401.php HTTP/1.1" 404 135895 "-" "Mozilla/5.0 (iPhone; CPU iPhone OS 17_2 like Mac OS X) AppleWebKit/605.1.15 (KHTML, like Gecko) Version/17.2 Mobile/15E148 Safari/604.1"
103.253.27.34 - - [09/Sep/2026:07:00:14 -0600] "GET /ups.php HTTP/1.1" 404 135895 "-" "Mozilla/5.0 (iPhone; CPU iPhone OS 17_2 like Mac OS X) AppleWebKit/605.1.15 (KHTML, like Gecko) Version/17.2 Mobile/15E148 Safari/604.1"
103.253.27.34 - - [09/Sep/2026:07:00:16 -0600] "GET /ye.php HTTP/1.1" 404 135888 "-" "Mozilla/5.0 (iPhone; CPU iPhone OS 17_2 like Mac OS X) AppleWebKit/605.1.15 (KHTML, like Gecko) Version/17.2 Mobile/15E148 Safari/604.1"
103.253.27.34 - - [09/Sep/2026:07:00:17 -0600] "GET /b.php HTTP/1.1" 404 135881 "-" "Mozilla/5.0 (iPhone; CPU iPhone OS 17_2 like Mac OS X) AppleWebKit/605.1.15 (KHTML, like Gecko) Version/17.2 Mobile/15E148 Safari/604.1"
103.253.27.34 - - [09/Sep/2026:07:00:18 -0600] "GET /skipper.php HTTP/1.1" 404 135923 "-" "Mozilla/5.0 (iPhone; CPU iPhone OS 17_2 like Mac OS X) AppleWebKit/605.1.15 (KHTML, like Gecko) Version/17.2 Mobile/15E148 Safari/604.1"
103.253.27.34 - - [09/Sep/2026:07:00:21 -0600] "GET /wp-content/kk.php HTTP/1.1" 404 135971 "-" "Mozilla/5.0 (iPhone; CPU iPhone OS 17_2 like Mac OS X) AppleWebKit/605.1.15 (KHTML, like Gecko) Version/17.2 Mobile/15E148 Safari/604.1"
103.253.27.34 - - [09/Sep/2026:07:00:25 -0600] "GET /skippershell.php HTTP/1.1" 404 135958 "-" "Mozilla/5.0 (iPhone; CPU iPhone OS 17_2 like Mac OS X) AppleWebKit/605.1.15 (KHTML, like Gecko) Version/17.2 Mobile/15E148 Safari/604.1"
103.253.27.34 - - [09/Sep/2026:07:00:28 -0600] "GET /x.php HTTP/1.1" 404 135881 "-" "Mozilla/5.0 (iPhone; CPU iPhone OS 17_2 like Mac OS X) AppleWebKit/605.1.15 (KHTML, like Gecko) Version/17.2 Mobile/15E148 Safari/604.1"
103.253.27.34 - - [09/Sep/2026:07:00:31 -0600] "GET /webadmin.php HTTP/1.1" 404 135930 "-" "Mozilla/5.0 (iPhone; CPU iPhone OS 17_2 like Mac OS X) AppleWebKit/605.1.15 (KHTML, like Gecko) Version/17.2 Mobile/15E148 Safari/604.1"
216.73.217.80 - - [09/Sep/2026:07:00:33 -0600] "GET /tag/%d8%af%d8%a7%d8%af%da%af%d8%a7%d9%87-%d8%b9%d8%af%d8%a7%d9%84%d8%aa-%d8%a8%db%8c%d9%86-%d8%a7%d9%84%d9%85%d9%84%d9%84%db%8c/feed/ HTTP/1.1" 200 33576 "-" "Mozilla/5.0 AppleWebKit/537.36 (KHTML, like Gecko; compatible; ClaudeBot/1.0; +claudebot@anthropic.com)"
103.253.27.34 - - [09/Sep/2026:07:00:34 -0600] "GET /webshell.php HTTP/1.1" 404 135930 "-" "Mozilla/5.0 (iPhone; CPU iPhone OS 17_2 like Mac OS X) AppleWebKit/605.1.15 (KHTML, like Gecko) Version/17.2 Mobile/15E148 Safari/604.1"
162.240.68.55 - - [09/Sep/2026:07:00:40 -0600] "POST /wp-cron.php?doing_wp_cron=1788958840.6826269626617431640625 HTTP/1.1" 200 - "-" "WordPress/7.1; https://ariapress.org"
103.253.27.34 - - [09/Sep/2026:07:00:38 -0600] "GET /simattacker.php HTTP/1.1" 404 135951 "-" "Mozilla/5.0 (iPhone; CPU iPhone OS 17_2 like Mac OS X) AppleWebKit/605.1.15 (KHTML, like Gecko) Version/17.2 Mobile/15E148 Safari/604.1"
103.253.27.34 - - [09/Sep/2026:07:00:41 -0600] "GET /sh.php HTTP/1.1" 404 135888 "-" "Mozilla/5.0 (iPhone; CPU iPhone OS 17_2 like Mac OS X) AppleWebKit/605.1.15 (KHTML, like Gecko) Version/17.2 Mobile/15E148 Safari/604.1"
103.253.27.34 - - [09/Sep/2026:07:00:44 -0600] "GET /shankar.php HTTP/1.1" 404 135923 "-" "Mozilla/5.0 (iPhone; CPU iPhone OS 17_2 like Mac OS X) AppleWebKit/605.1.15 (KHTML, like Gecko) Version/17.2 Mobile/15E148 Safari/604.1"
103.253.27.34 - - [09/Sep/2026:07:00:47 -0600] "GET /sincap.php HTTP/1.1" 404 135916 "-" "Mozilla/5.0 (iPhone; CPU iPhone OS 17_2 like Mac OS X) AppleWebKit/605.1.15 (KHTML, like Gecko) Version/17.2 Mobile/15E148 Safari/604.1"
103.253.27.34 - - [09/Sep/2026:07:00:51 -0600] "GET /wso-latest.php HTTP/1.1" 404 135944 "-" "Mozilla/5.0 (iPhone; CPU iPhone OS 17_2 like Mac OS X) AppleWebKit/605.1.15 (KHTML, like Gecko) Version/17.2 Mobile/15E148 Safari/604.1"
103.253.27.34 - - [09/Sep/2026:07:00:54 -0600] "GET /wso2.7.php HTTP/1.1" 404 135916 "-" "Mozilla/5.0 (iPhone; CPU iPhone OS 17_2 like Mac OS X) AppleWebKit/605.1.15 (KHTML, like Gecko) Version/17.2 Mobile/15E148 Safari/604.1"
162.240.68.55 - - [09/Sep/2026:07:01:00 -0600] "POST /wp-cron.php?doing_wp_cron=1788958860.3841691017150878906250 HTTP/1.1" 200 - "-" "WordPress/7.1; https://ariapress.org"
103.253.27.34 - - [09/Sep/2026:07:00:57 -0600] "GET /wso2.8.php HTTP/1.1" 404 135916 "-" "Mozilla/5.0 (iPhone; CPU iPhone OS 17_2 like Mac OS X) AppleWebKit/605.1.15 (KHTML, like Gecko) Version/17.2 Mobile/15E148 Safari/604.1"
103.253.27.34 - - [09/Sep/2026:07:01:01 -0600] "GET /w.php HTTP/1.1" 404 135881 "-" "Mozilla/5.0 (iPhone; CPU iPhone OS 17_2 like Mac OS X) AppleWebKit/605.1.15 (KHTML, like Gecko) Version/17.2 Mobile/15E148 Safari/604.1"
103.253.27.34 - - [09/Sep/2026:07:01:05 -0600] "GET /w3d.php HTTP/1.1" 404 135895 "-" "Mozilla/5.0 (iPhone; CPU iPhone OS 17_2 like Mac OS X) AppleWebKit/605.1.15 (KHTML, like Gecko) Version/17.2 Mobile/15E148 Safari/604.1"
103.253.27.34 - - [09/Sep/2026:07:01:08 -0600] "GET /w4k.php HTTP/1.1" 404 135895 "-" "Mozilla/5.0 (iPhone; CPU iPhone OS 17_2 like Mac OS X) AppleWebKit/605.1.15 (KHTML, like Gecko) Version/17.2 Mobile/15E148 Safari/604.1"
103.253.27.34 - - [09/Sep/2026:07:01:11 -0600] "GET /wacking.php HTTP/1.1" 404 135923 "-" "Mozilla/5.0 (iPhone; CPU iPhone OS 17_2 like Mac OS X) AppleWebKit/605.1.15 (KHTML, like Gecko) Version/17.2 Mobile/15E148 Safari/604.1"
103.253.27.34 - - [09/Sep/2026:07:01:14 -0600] "GET /wordpress.php HTTP/1.1" 404 135937 "-" "Mozilla/5.0 (iPhone; CPU iPhone OS 17_2 like Mac OS X) AppleWebKit/605.1.15 (KHTML, like Gecko) Version/17.2 Mobile/15E148 Safari/604.1"
103.253.27.34 - - [09/Sep/2026:07:01:18 -0600] "GET /xinfo.php HTTP/1.1" 404 135909 "-" "Mozilla/5.0 (iPhone; CPU iPhone OS 17_2 like Mac OS X) AppleWebKit/605.1.15 (KHTML, like Gecko) Version/17.2 Mobile/15E148 Safari/604.1"
103.253.27.34 - - [09/Sep/2026:07:01:19 -0600] "GET /zacosmall.php HTTP/1.1" 404 135937 "-" "Mozilla/5.0 (iPhone; CPU iPhone OS 17_2 like Mac OS X) AppleWebKit/605.1.15 (KHTML, like Gecko) Version/17.2 Mobile/15E148 Safari/604.1"
103.253.27.34 - - [09/Sep/2026:07:01:21 -0600] "GET /russian.php HTTP/1.1" 404 135923 "-" "Mozilla/5.0 (iPhone; CPU iPhone OS 17_2 like Mac OS X) AppleWebKit/605.1.15 (KHTML, like Gecko) Version/17.2 Mobile/15E148 Safari/604.1"
103.253.27.34 - - [09/Sep/2026:07:01:22 -0600] "GET /simple_php_backdoor_by_dk.php HTTP/1.1" 404 136049 "-" "Mozilla/5.0 (iPhone; CPU iPhone OS 17_2 like Mac OS X) AppleWebKit/605.1.15 (KHTML, like Gecko) Version/17.2 Mobile/15E148 Safari/604.1"
103.253.27.34 - - [09/Sep/2026:07:01:25 -0600] "GET /simple-shell.php HTTP/1.1" 404 135958 "-" "Mozilla/5.0 (iPhone; CPU iPhone OS 17_2 like Mac OS X) AppleWebKit/605.1.15 (KHTML, like Gecko) Version/17.2 Mobile/15E148 Safari/604.1"
103.253.27.34 - - [09/Sep/2026:07:01:28 -0600] "GET /bitwise.php HTTP/1.1" 404 135923 "-" "Mozilla/5.0 (iPhone; CPU iPhone OS 17_2 like Mac OS X) AppleWebKit/605.1.15 (KHTML, like Gecko) Version/17.2 Mobile/15E148 Safari/604.1"
103.253.27.34 - - [09/Sep/2026:07:01:32 -0600] "GET /c999shell.php HTTP/1.1" 404 135937 "-" "Mozilla/5.0 (iPhone; CPU iPhone OS 17_2 like Mac OS X) AppleWebKit/605.1.15 (KHTML, like Gecko) Version/17.2 Mobile/15E148 Safari/604.1"
103.253.27.34 - - [09/Sep/2026:07:01:35 -0600] "GET /p0wny-shell.php HTTP/1.1" 404 135951 "-" "Mozilla/5.0 (iPhone; CPU iPhone OS 17_2 like Mac OS X) AppleWebKit/605.1.15 (KHTML, like Gecko) Version/17.2 Mobile/15E148 Safari/604.1"
162.240.68.55 - - [09/Sep/2026:07:01:41 -0600] "POST /wp-cron.php?doing_wp_cron=1788958901.6901760101318359375000 HTTP/1.1" 200 - "-" "WordPress/7.1; https://ariapress.org"
103.253.27.34 - - [09/Sep/2026:07:01:39 -0600] "GET /ex0shell.php HTTP/1.1" 404 135930 "-" "Mozilla/5.0 (iPhone; CPU iPhone OS 17_2 like Mac OS X) AppleWebKit/605.1.15 (KHTML, like Gecko) Version/17.2 Mobile/15E148 Safari/604.1"
103.253.27.34 - - [09/Sep/2026:07:01:42 -0600] "GET /exp.php HTTP/1.1" 404 135895 "-" "Mozilla/5.0 (iPhone; CPU iPhone OS 17_2 like Mac OS X) AppleWebKit/605.1.15 (KHTML, like Gecko) Version/17.2 Mobile/15E148 Safari/604.1"
103.253.27.34 - - [09/Sep/2026:07:01:45 -0600] "GET /pHpINJ.php HTTP/1.1" 404 135916 "-" "Mozilla/5.0 (iPhone; CPU iPhone OS 17_2 like Mac OS X) AppleWebKit/605.1.15 (KHTML, like Gecko) Version/17.2 Mobile/15E148 Safari/604.1"
103.253.27.34 - - [09/Sep/2026:07:01:47 -0600] "GET /robot.php HTTP/1.1" 404 135909 "-" "Mozilla/5.0 (iPhone; CPU iPhone OS 17_2 like Mac OS X) AppleWebKit/605.1.15 (KHTML, like Gecko) Version/17.2 Mobile/15E148 Safari/604.1"
103.253.27.34 - - [09/Sep/2026:07:01:49 -0600] "GET /simple_cmd.php HTTP/1.1" 404 135944 "-" "Mozilla/5.0 (iPhone; CPU iPhone OS 17_2 like Mac OS X) AppleWebKit/605.1.15 (KHTML, like Gecko) Version/17.2 Mobile/15E148 Safari/604.1"
103.253.27.34 - - [09/Sep/2026:07:01:50 -0600] "GET /sure.php HTTP/1.1" 404 135902 "-" "Mozilla/5.0 (iPhone; CPU iPhone OS 17_2 like Mac OS X) AppleWebKit/605.1.15 (KHTML, like Gecko) Version/17.2 Mobile/15E148 Safari/604.1"
103.253.27.34 - - [09/Sep/2026:07:01:51 -0600] "GET /sys32.php HTTP/1.1" 404 135909 "-" "Mozilla/5.0 (iPhone; CPU iPhone OS 17_2 like Mac OS X) AppleWebKit/605.1.15 (KHTML, like Gecko) Version/17.2 Mobile/15E148 Safari/604.1"
103.253.27.34 - - [09/Sep/2026:07:01:53 -0600] "GET /Uploading.php HTTP/1.1" 404 135937 "-" "Mozilla/5.0 (iPhone; CPU iPhone OS 17_2 like Mac OS X) AppleWebKit/605.1.15 (KHTML, like Gecko) Version/17.2 Mobile/15E148 Safari/604.1"
103.253.27.34 - - [09/Sep/2026:07:01:54 -0600] "GET /byps.php HTTP/1.1" 404 135902 "-" "Mozilla/5.0 (iPhone; CPU iPhone OS 17_2 like Mac OS X) AppleWebKit/605.1.15 (KHTML, like Gecko) Version/17.2 Mobile/15E148 Safari/604.1"
162.240.68.55 - - [09/Sep/2026:07:02:00 -0600] "POST /wp-cron.php?doing_wp_cron=1788958920.5983879566192626953125 HTTP/1.1" 200 - "-" "WordPress/7.1; https://ariapress.org"
103.253.27.34 - - [09/Sep/2026:07:01:58 -0600] "GET /xx.php HTTP/1.1" 404 135888 "-" "Mozilla/5.0 (iPhone; CPU iPhone OS 17_2 like Mac OS X) AppleWebKit/605.1.15 (KHTML, like Gecko) Version/17.2 Mobile/15E148 Safari/604.1"
103.253.27.34 - - [09/Sep/2026:07:02:01 -0600] "GET /wp-content/plugins/aryabot/mari.php HTTP/1.1" 404 136168 "-" "Mozilla/5.0 (iPhone; CPU iPhone OS 17_2 like Mac OS X) AppleWebKit/605.1.15 (KHTML, like Gecko) Version/17.2 Mobile/15E148 Safari/604.1"
116.179.32.101 - - [09/Sep/2026:07:02:00 -0600] "GET /tag/%D8%A7%DB%8C%D9%85%D9%86-%D8%A7%D9%84%D8%B8%D9%88%D8%A7%D9%87%D8%B1%DB%8C/ HTTP/1.1" 200 145916 "-" "Mozilla/5.0 (compatible; Baiduspider/2.0; +http://www.baidu.com/search/spider.html)"
103.253.27.34 - - [09/Sep/2026:07:02:05 -0600] "GET /wp-content/plugins/aryabot/upx.php HTTP/1.1" 404 136161 "-" "Mozilla/5.0 (iPhone; CPU iPhone OS 17_2 like Mac OS X) AppleWebKit/605.1.15 (KHTML, like Gecko) Version/17.2 Mobile/15E148 Safari/604.1"
116.179.37.111 - - [09/Sep/2026:07:02:08 -0600] "GET /wp-content/uploads/2022/08/%D8%AE%D8%A7%D9%86%D9%87-%D8%A7%D8%A7%D9%84%D8%B8%D9%88%D8%A7%D9%87%D8%B1%DB%8C-390x220.jpg HTTP/1.1" 200 12936 "https://ariapress.org/tag/%D8%A7%DB%8C%D9%85%D9%86-%D8%A7%D9%84%D8%B8%D9%88%D8%A7%D9%87%D8%B1%DB%8C/" "Mozilla/5.0 (compatible; Baiduspider-render/2.0; +http://www.baidu.com/search/spider.html)"
116.179.37.117 - - [09/Sep/2026:07:02:09 -0600] "GET /wp-content/uploads/2022/08/Screenshot-2022-08-01-160649-390x220.jpg HTTP/1.1" 200 23211 "https://ariapress.org/tag/%D8%A7%DB%8C%D9%85%D9%86-%D8%A7%D9%84%D8%B8%D9%88%D8%A7%D9%87%D8%B1%DB%8C/" "Mozilla/5.0 (compatible; Baiduspider-render/2.0; +http://www.baidu.com/search/spider.html)"
103.253.27.34 - - [09/Sep/2026:07:02:09 -0600] "GET /wp-content/plugins/aryabot/wawe.php HTTP/1.1" 404 136168 "-" "Mozilla/5.0 (iPhone; CPU iPhone OS 17_2 like Mac OS X) AppleWebKit/605.1.15 (KHTML, like Gecko) Version/17.2 Mobile/15E148 Safari/604.1"
103.253.27.34 - - [09/Sep/2026:07:02:12 -0600] "GET /wp-content/plugins/aryabot/byps.php HTTP/1.1" 404 136168 "-" "Mozilla/5.0 (iPhone; CPU iPhone OS 17_2 like Mac OS X) AppleWebKit/605.1.15 (KHTML, like Gecko) Version/17.2 Mobile/15E148 Safari/604.1"
103.253.27.34 - - [09/Sep/2026:07:02:15 -0600] "GET /fx.php HTTP/1.1" 404 135888 "-" "Mozilla/5.0 (iPhone; CPU iPhone OS 17_2 like Mac OS X) AppleWebKit/605.1.15 (KHTML, like Gecko) Version/17.2 Mobile/15E148 Safari/604.1"
66.249.68.68 - - [09/Sep/2026:07:02:17 -0600] "GET /%DA%AF%D9%86%D8%AC%DB%8C%D9%86%D9%87-%D8%A8%D8%A7%D8%AE%D8%AA%D8%B1/ HTTP/1.1" 200 247576 "-" "Mozilla/5.0 (Linux; Android 6.0.1; Nexus 5X Build/MMB29P) AppleWebKit/537.36 (KHTML, like Gecko) Chrome/151.0.7922.173 Mobile Safari/537.36 (compatible; Googlebot/2.1; +http://www.google.com/bot.html)"
103.253.27.34 - - [09/Sep/2026:07:02:18 -0600] "GET /who.php HTTP/1.1" 404 135895 "-" "Mozilla/5.0 (iPhone; CPU iPhone OS 17_2 like Mac OS X) AppleWebKit/605.1.15 (KHTML, like Gecko) Version/17.2 Mobile/15E148 Safari/604.1"
103.253.27.34 - - [09/Sep/2026:07:02:22 -0600] "GET /ah.php HTTP/1.1" 404 135888 "-" "Mozilla/5.0 (iPhone; CPU iPhone OS 17_2 like Mac OS X) AppleWebKit/605.1.15 (KHTML, like Gecko) Version/17.2 Mobile/15E148 Safari/604.1"
103.253.27.34 - - [09/Sep/2026:07:02:25 -0600] "GET /marijuana.php HTTP/1.1" 404 135937 "-" "Mozilla/5.0 (iPhone; CPU iPhone OS 17_2 like Mac OS X) AppleWebKit/605.1.15 (KHTML, like Gecko) Version/17.2 Mobile/15E148 Safari/604.1"
103.253.27.34 - - [09/Sep/2026:07:02:28 -0600] "GET /m4r1ju4n4.php HTTP/1.1" 404 135937 "-" "Mozilla/5.0 (iPhone; CPU iPhone OS 17_2 like Mac OS X) AppleWebKit/605.1.15 (KHTML, like Gecko) Version/17.2 Mobile/15E148 Safari/604.1"
103.253.27.34 - - [09/Sep/2026:07:02:31 -0600] "GET /a.php HTTP/1.1" 404 135881 "-" "Mozilla/5.0 (iPhone; CPU iPhone OS 17_2 like Mac OS X) AppleWebKit/605.1.15 (KHTML, like Gecko) Version/17.2 Mobile/15E148 Safari/604.1"
103.253.27.34 - - [09/Sep/2026:07:02:34 -0600] "GET /kuda.php HTTP/1.1" 404 135902 "-" "Mozilla/5.0 (iPhone; CPU iPhone OS 17_2 like Mac OS X) AppleWebKit/605.1.15 (KHTML, like Gecko) Version/17.2 Mobile/15E148 Safari/604.1"
103.253.27.34 - - [09/Sep/2026:07:02:35 -0600] "GET /maro.php HTTP/1.1" 404 135902 "-" "Mozilla/5.0 (iPhone; CPU iPhone OS 17_2 like Mac OS X) AppleWebKit/605.1.15 (KHTML, like Gecko) Version/17.2 Mobile/15E148 Safari/604.1"
103.253.27.34 - - [09/Sep/2026:07:02:37 -0600] "GET /images/maro.php HTTP/1.1" 404 135957 "-" "Mozilla/5.0 (iPhone; CPU iPhone OS 17_2 like Mac OS X) AppleWebKit/605.1.15 (KHTML, like Gecko) Version/17.2 Mobile/15E148 Safari/604.1"
162.240.68.55 - - [09/Sep/2026:07:02:39 -0600] "POST /wp-cron.php?doing_wp_cron=1788958959.1832249164581298828125 HTTP/1.1" 200 - "-" "WordPress/7.1; https://ariapress.org"
103.253.27.34 - - [09/Sep/2026:07:02:38 -0600] "GET /images/daes.php HTTP/1.1" 404 135957 "-" "Mozilla/5.0 (iPhone; CPU iPhone OS 17_2 like Mac OS X) AppleWebKit/605.1.15 (KHTML, like Gecko) Version/17.2 Mobile/15E148 Safari/604.1"
103.253.27.34 - - [09/Sep/2026:07:02:39 -0600] "GET /images/4pride.php HTTP/1.1" 404 135971 "-" "Mozilla/5.0 (iPhone; CPU iPhone OS 17_2 like Mac OS X) AppleWebKit/605.1.15 (KHTML, like Gecko) Version/17.2 Mobile/15E148 Safari/604.1"
103.253.27.34 - - [09/Sep/2026:07:02:41 -0600] "GET /kii.php HTTP/1.1" 404 135895 "-" "Mozilla/5.0 (iPhone; CPU iPhone OS 17_2 like Mac OS X) AppleWebKit/605.1.15 (KHTML, like Gecko) Version/17.2 Mobile/15E148 Safari/604.1"
103.253.27.34 - - [09/Sep/2026:07:02:42 -0600] "GET /wp.php HTTP/1.1" 404 135888 "-" "Mozilla/5.0 (iPhone; CPU iPhone OS 17_2 like Mac OS X) AppleWebKit/605.1.15 (KHTML, like Gecko) Version/17.2 Mobile/15E148 Safari/604.1"
103.253.27.34 - - [09/Sep/2026:07:02:45 -0600] "GET /dxshell.php HTTP/1.1" 404 135923 "-" "Mozilla/5.0 (iPhone; CPU iPhone OS 17_2 like Mac OS X) AppleWebKit/605.1.15 (KHTML, like Gecko) Version/17.2 Mobile/15E148 Safari/604.1"
103.253.27.34 - - [09/Sep/2026:07:02:48 -0600] "GET /mailer3.php HTTP/1.1" 404 135923 "-" "Mozilla/5.0 (iPhone; CPU iPhone OS 17_2 like Mac OS X) AppleWebKit/605.1.15 (KHTML, like Gecko) Version/17.2 Mobile/15E148 Safari/604.1"
103.253.27.34 - - [09/Sep/2026:07:02:51 -0600] "GET /main.php HTTP/1.1" 404 135902 "-" "Mozilla/5.0 (iPhone; CPU iPhone OS 17_2 like Mac OS X) AppleWebKit/605.1.15 (KHTML, like Gecko) Version/17.2 Mobile/15E148 Safari/604.1"
103.253.27.34 - - [09/Sep/2026:07:02:54 -0600] "GET /xmrlpc.php HTTP/1.1" 404 135916 "-" "Mozilla/5.0 (iPhone; CPU iPhone OS 17_2 like Mac OS X) AppleWebKit/605.1.15 (KHTML, like Gecko) Version/17.2 Mobile/15E148 Safari/604.1"
162.240.68.55 - - [09/Sep/2026:07:03:00 -0600] "POST /wp-cron.php?doing_wp_cron=1788958980.2035050392150878906250 HTTP/1.1" 200 - "-" "WordPress/7.1; https://ariapress.org"
103.253.27.34 - - [09/Sep/2026:07:02:57 -0600] "GET /404webshell.php HTTP/1.1" 404 135951 "-" "Mozilla/5.0 (iPhone; CPU iPhone OS 17_2 like Mac OS X) AppleWebKit/605.1.15 (KHTML, like Gecko) Version/17.2 Mobile/15E148 Safari/604.1"
103.253.27.34 - - [09/Sep/2026:07:03:00 -0600] "GET /mailer1.php HTTP/1.1" 404 135923 "-" "Mozilla/5.0 (iPhone; CPU iPhone OS 17_2 like Mac OS X) AppleWebKit/605.1.15 (KHTML, like Gecko) Version/17.2 Mobile/15E148 Safari/604.1"
103.253.27.34 - - [09/Sep/2026:07:03:04 -0600] "GET /nshell%20(1).php HTTP/1.1" 404 135958 "-" "Mozilla/5.0 (iPhone; CPU iPhone OS 17_2 like Mac OS X) AppleWebKit/605.1.15 (KHTML, like Gecko) Version/17.2 Mobile/15E148 Safari/604.1"
66.249.68.68 - - [09/Sep/2026:07:03:05 -0600] "GET /author/masood/ HTTP/1.1" 200 163347 "https://ariapress.org/%DA%AF%D9%86%D8%AC%DB%8C%D9%86%D9%87-%D8%A8%D8%A7%D8%AE%D8%AA%D8%B1/" "Mozilla/5.0 (Linux; Android 6.0.1; Nexus 5X Build/MMB29P) AppleWebKit/537.36 (KHTML, like Gecko) Chrome/151.0.7922.173 Mobile Safari/537.36 (compatible; Googlebot/2.1; +http://www.google.com/bot.html)"
103.253.27.34 - - [09/Sep/2026:07:03:08 -0600] "GET /nshell.php HTTP/1.1" 404 135916 "-" "Mozilla/5.0 (iPhone; CPU iPhone OS 17_2 like Mac OS X) AppleWebKit/605.1.15 (KHTML, like Gecko) Version/17.2 Mobile/15E148 Safari/604.1"
66.249.68.68 - - [09/Sep/2026:07:03:09 -0600] "GET /category/%D8%AA%D8%A7%D8%B1%DB%8C%D8%AE-%D9%85/ HTTP/1.1" 200 174979 "https://ariapress.org/%DA%AF%D9%86%D8%AC%DB%8C%D9%86%D9%87-%D8%A8%D8%A7%D8%AE%D8%AA%D8%B1/" "Mozilla/5.0 (Linux; Android 6.0.1; Nexus 5X Build/MMB29P) AppleWebKit/537.36 (KHTML, like Gecko) Chrome/151.0.7922.173 Mobile Safari/537.36 (compatible; Googlebot/2.1; +http://www.google.com/bot.html)"
103.253.27.34 - - [09/Sep/2026:07:03:11 -0600] "GET /predator.php HTTP/1.1" 404 135930 "-" "Mozilla/5.0 (iPhone; CPU iPhone OS 17_2 like Mac OS X) AppleWebKit/605.1.15 (KHTML, like Gecko) Version/17.2 Mobile/15E148 Safari/604.1"
66.249.68.69 - - [09/Sep/2026:07:03:12 -0600] "GET /category/%D8%AA%D8%A7%D8%B1%DB%8C%D8%AE-%D9%85/%D8%AA%D8%A7%D8%B1%DB%8C%D8%AE-%D8%A7%D9%81%D8%BA%D8%A7%D9%86%D8%B3%D8%AA%D8%A7%D9%86/ HTTP/1.1" 200 177163 "https://ariapress.org/%DA%AF%D9%86%D8%AC%DB%8C%D9%86%D9%87-%D8%A8%D8%A7%D8%AE%D8%AA%D8%B1/" "Mozilla/5.0 (Linux; Android 6.0.1; Nexus 5X Build/MMB29P) AppleWebKit/537.36 (KHTML, like Gecko) Chrome/151.0.7922.173 Mobile Safari/537.36 (compatible; Googlebot/2.1; +http://www.google.com/bot.html)"
103.253.27.34 - - [09/Sep/2026:07:03:14 -0600] "GET /zaco.php HTTP/1.1" 404 135902 "-" "Mozilla/5.0 (iPhone; CPU iPhone OS 17_2 like Mac OS X) AppleWebKit/605.1.15 (KHTML, like Gecko) Version/17.2 Mobile/15E148 Safari/604.1"
66.249.68.68 - - [09/Sep/2026:07:03:17 -0600] "GET /%D8%A8%D9%87-%DB%8C%D8%A7%D8%AF-%D9%85%D8%B1%D8%B2%D8%A8%D8%A7%D9%86-%D8%AC%D9%88%D8%A7%D9%86-%D9%88-%D8%B3%D9%84%D8%AD%D8%B4%D9%88%D8%B1/ HTTP/1.1" 200 212333 "https://ariapress.org/%DA%AF%D9%86%D8%AC%DB%8C%D9%86%D9%87-%D8%A8%D8%A7%D8%AE%D8%AA%D8%B1/" "Mozilla/5.0 (Linux; Android 6.0.1; Nexus 5X Build/MMB29P) AppleWebKit/537.36 (KHTML, like Gecko) Chrome/151.0.7922.173 Mobile Safari/537.36 (compatible; Googlebot/2.1; +http://www.google.com/bot.html)"
103.253.27.34 - - [09/Sep/2026:07:03:18 -0600] "GET /small.php HTTP/1.1" 404 135909 "-" "Mozilla/5.0 (iPhone; CPU iPhone OS 17_2 like Mac OS X) AppleWebKit/605.1.15 (KHTML, like Gecko) Version/17.2 Mobile/15E148 Safari/604.1"
103.253.27.34 - - [09/Sep/2026:07:03:21 -0600] "GET /ak47shell.php HTTP/1.1" 404 135937 "-" "Mozilla/5.0 (iPhone; CPU iPhone OS 17_2 like Mac OS X) AppleWebKit/605.1.15 (KHTML, like Gecko) Version/17.2 Mobile/15E148 Safari/604.1"
66.249.68.68 - - [09/Sep/2026:07:03:24 -0600] "GET /%D8%AC%D8%B4%D9%86-%D9%86%D9%88%D8%B1%D9%88%D8%B2-%D8%A7%D8%B2-%D9%85%D9%86%D8%B8%D8%B1-%D9%81%D9%82%D9%87%D8%A7-%D9%81%D9%82%D9%87-%D9%86%D9%88%D8%B1%D9%88%D8%B2%DB%8C/ HTTP/1.1" 200 322156 "https://ariapress.org/%DA%AF%D9%86%D8%AC%DB%8C%D9%86%D9%87-%D8%A8%D8%A7%D8%AE%D8%AA%D8%B1/" "Mozilla/5.0 (Linux; Android 6.0.1; Nexus 5X Build/MMB29P) AppleWebKit/537.36 (KHTML, like Gecko) Chrome/151.0.7922.173 Mobile Safari/537.36 (compatible; Googlebot/2.1; +http://www.google.com/bot.html)"
103.253.27.34 - - [09/Sep/2026:07:03:25 -0600] "GET /b374k.php HTTP/1.1" 404 135909 "-" "Mozilla/5.0 (iPhone; CPU iPhone OS 17_2 like Mac OS X) AppleWebKit/605.1.15 (KHTML, like Gecko) Version/17.2 Mobile/15E148 Safari/604.1"
103.253.27.34 - - [09/Sep/2026:07:03:29 -0600] "GET /r57.php HTTP/1.1" 404 135895 "-" "Mozilla/5.0 (iPhone; CPU iPhone OS 17_2 like Mac OS X) AppleWebKit/605.1.15 (KHTML, like Gecko) Version/17.2 Mobile/15E148 Safari/604.1"
103.253.27.34 - - [09/Sep/2026:07:03:31 -0600] "GET /cgi.php HTTP/1.1" 404 135895 "-" "Mozilla/5.0 (iPhone; CPU iPhone OS 17_2 like Mac OS X) AppleWebKit/605.1.15 (KHTML, like Gecko) Version/17.2 Mobile/15E148 Safari/604.1"
103.253.27.34 - - [09/Sep/2026:07:03:34 -0600] "GET /olux.php HTTP/1.1" 404 135902 "-" "Mozilla/5.0 (iPhone; CPU iPhone OS 17_2 like Mac OS X) AppleWebKit/605.1.15 (KHTML, like Gecko) Version/17.2 Mobile/15E148 Safari/604.1"
162.240.68.55 - - [09/Sep/2026:07:03:39 -0600] "POST /wp-cron.php?doing_wp_cron=1788959019.7650189399719238281250 HTTP/1.1" 200 - "-" "WordPress/7.1; https://ariapress.org"
103.253.27.34 - - [09/Sep/2026:07:03:37 -0600] "GET /xleet.php HTTP/1.1" 404 135909 "-" "Mozilla/5.0 (iPhone; CPU iPhone OS 17_2 like Mac OS X) AppleWebKit/605.1.15 (KHTML, like Gecko) Version/17.2 Mobile/15E148 Safari/604.1"
103.253.27.34 - - [09/Sep/2026:07:03:40 -0600] "GET /owl.php HTTP/1.1" 404 135895 "-" "Mozilla/5.0 (iPhone; CPU iPhone OS 17_2 like Mac OS X) AppleWebKit/605.1.15 (KHTML, like Gecko) Version/17.2 Mobile/15E148 Safari/604.1"
103.253.27.34 - - [09/Sep/2026:07:03:43 -0600] "GET /yuuki.php HTTP/1.1" 404 135909 "-" "Mozilla/5.0 (iPhone; CPU iPhone OS 17_2 like Mac OS X) AppleWebKit/605.1.15 (KHTML, like Gecko) Version/17.2 Mobile/15E148 Safari/604.1"
103.253.27.34 - - [09/Sep/2026:07:03:46 -0600] "GET /stfu.php HTTP/1.1" 404 135902 "-" "Mozilla/5.0 (iPhone; CPU iPhone OS 17_2 like Mac OS X) AppleWebKit/605.1.15 (KHTML, like Gecko) Version/17.2 Mobile/15E148 Safari/604.1"
103.253.27.34 - - [09/Sep/2026:07:03:50 -0600] "GET /spawn.php HTTP/1.1" 404 135909 "-" "Mozilla/5.0 (iPhone; CPU iPhone OS 17_2 like Mac OS X) AppleWebKit/605.1.15 (KHTML, like Gecko) Version/17.2 Mobile/15E148 Safari/604.1"
103.253.27.34 - - [09/Sep/2026:07:03:53 -0600] "GET /puki.php HTTP/1.1" 404 135902 "-" "Mozilla/5.0 (iPhone; CPU iPhone OS 17_2 like Mac OS X) AppleWebKit/605.1.15 (KHTML, like Gecko) Version/17.2 Mobile/15E148 Safari/604.1"
162.240.68.55 - - [09/Sep/2026:07:03:59 -0600] "POST /wp-cron.php?doing_wp_cron=1788959039.0209650993347167968750 HTTP/1.1" 200 - "-" "WordPress/7.1; https://ariapress.org"
103.253.27.34 - - [09/Sep/2026:07:03:56 -0600] "GET /killbot.php HTTP/1.1" 404 135923 "-" "Mozilla/5.0 (iPhone; CPU iPhone OS 17_2 like Mac OS X) AppleWebKit/605.1.15 (KHTML, like Gecko) Version/17.2 Mobile/15E148 Safari/604.1"
103.253.27.34 - - [09/Sep/2026:07:03:59 -0600] "GET /well.php?p= HTTP/1.1" 301 - "-" "Mozilla/5.0 (iPhone; CPU iPhone OS 17_2 like Mac OS X) AppleWebKit/605.1.15 (KHTML, like Gecko) Version/17.2 Mobile/15E148 Safari/604.1"
103.253.27.34 - - [09/Sep/2026:07:04:02 -0600] "GET /well.php HTTP/1.1" 404 135902 "-" "Mozilla/5.0 (iPhone; CPU iPhone OS 17_2 like Mac OS X) AppleWebKit/605.1.15 (KHTML, like Gecko) Version/17.2 Mobile/15E148 Safari/604.1"
103.253.27.34 - - [09/Sep/2026:07:04:05 -0600] "GET /%20Chitoge.php HTTP/1.1" 404 135944 "-" "Mozilla/5.0 (iPhone; CPU iPhone OS 17_2 like Mac OS X) AppleWebKit/605.1.15 (KHTML, like Gecko) Version/17.2 Mobile/15E148 Safari/604.1"
103.253.27.34 - - [09/Sep/2026:07:04:08 -0600] "GET /cp.php HTTP/1.1" 404 135888 "-" "Mozilla/5.0 (iPhone; CPU iPhone OS 17_2 like Mac OS X) AppleWebKit/605.1.15 (KHTML, like Gecko) Version/17.2 Mobile/15E148 Safari/604.1"
103.253.27.34 - - [09/Sep/2026:07:04:11 -0600] "GET /%20yuuki.php HTTP/1.1" 404 135930 "-" "Mozilla/5.0 (iPhone; CPU iPhone OS 17_2 like Mac OS X) AppleWebKit/605.1.15 (KHTML, like Gecko) Version/17.2 Mobile/15E148 Safari/604.1"
103.253.27.34 - - [09/Sep/2026:07:04:14 -0600] "GET /wp-mna.php HTTP/1.1" 404 135916 "-" "Mozilla/5.0 (iPhone; CPU iPhone OS 17_2 like Mac OS X) AppleWebKit/605.1.15 (KHTML, like Gecko) Version/17.2 Mobile/15E148 Safari/604.1"
103.253.27.34 - - [09/Sep/2026:07:04:17 -0600] "GET /server.php HTTP/1.1" 404 135916 "-" "Mozilla/5.0 (iPhone; CPU iPhone OS 17_2 like Mac OS X) AppleWebKit/605.1.15 (KHTML, like Gecko) Version/17.2 Mobile/15E148 Safari/604.1"
103.253.27.34 - - [09/Sep/2026:07:04:20 -0600] "GET /sub.php HTTP/1.1" 404 135895 "-" "Mozilla/5.0 (iPhone; CPU iPhone OS 17_2 like Mac OS X) AppleWebKit/605.1.15 (KHTML, like Gecko) Version/17.2 Mobile/15E148 Safari/604.1"
103.253.27.34 - - [09/Sep/2026:07:04:23 -0600] "GET /mna.php HTTP/1.1" 404 135895 "-" "Mozilla/5.0 (iPhone; CPU iPhone OS 17_2 like Mac OS X) AppleWebKit/605.1.15 (KHTML, like Gecko) Version/17.2 Mobile/15E148 Safari/604.1"
103.253.27.34 - - [09/Sep/2026:07:04:26 -0600] "GET /mane.php HTTP/1.1" 404 135902 "-" "Mozilla/5.0 (iPhone; CPU iPhone OS 17_2 like Mac OS X) AppleWebKit/605.1.15 (KHTML, like Gecko) Version/17.2 Mobile/15E148 Safari/604.1"
103.253.27.34 - - [09/Sep/2026:07:04:29 -0600] "GET /kalo.php HTTP/1.1" 404 135902 "-" "Mozilla/5.0 (iPhone; CPU iPhone OS 17_2 like Mac OS X) AppleWebKit/605.1.15 (KHTML, like Gecko) Version/17.2 Mobile/15E148 Safari/604.1"
216.73.217.80 - - [09/Sep/2026:07:04:30 -0600] "GET /y8fs HTTP/1.1" 307 - "-" "Mozilla/5.0 AppleWebKit/537.36 (KHTML, like Gecko; compatible; ClaudeBot/1.0; +claudebot@anthropic.com)"
216.73.217.80 - - [09/Sep/2026:07:04:30 -0600] "GET /?p=1917 HTTP/1.1" 301 - "-" "Mozilla/5.0 AppleWebKit/537.36 (KHTML, like Gecko; compatible; ClaudeBot/1.0; +claudebot@anthropic.com)"
216.73.217.80 - - [09/Sep/2026:07:04:30 -0600] "GET /tag/%d8%b4%d8%b1%db%8c%d8%b9%d8%aa/feed/ HTTP/1.1" 200 11376 "-" "Mozilla/5.0 AppleWebKit/537.36 (KHTML, like Gecko; compatible; ClaudeBot/1.0; +claudebot@anthropic.com)"
216.73.217.80 - - [09/Sep/2026:07:04:32 -0600] "GET /tag/%d8%b7%d8%a7%d9%84%d8%a8%d8%a7%d9%86/page/5/ HTTP/1.1" 200 172016 "-" "Mozilla/5.0 AppleWebKit/537.36 (KHTML, like Gecko; compatible; ClaudeBot/1.0; +claudebot@anthropic.com)"
216.73.217.80 - - [09/Sep/2026:07:04:32 -0600] "GET /category/%d8%aa%d8%a7%d8%b1%db%8c%d8%ae-%d9%85/page/6/ HTTP/1.1" 200 151898 "-" "Mozilla/5.0 AppleWebKit/537.36 (KHTML, like Gecko; compatible; ClaudeBot/1.0; +claudebot@anthropic.com)"
216.73.217.80 - - [09/Sep/2026:07:04:33 -0600] "GET /tag/%d8%b0%d9%87%d9%86-%d8%a7%d9%86%d8%b3%d8%a7%d9%86/feed/ HTTP/1.1" 200 10609 "-" "Mozilla/5.0 AppleWebKit/537.36 (KHTML, like Gecko; compatible; ClaudeBot/1.0; +claudebot@anthropic.com)"
103.253.27.34 - - [09/Sep/2026:07:04:33 -0600] "GET /i.php HTTP/1.1" 404 135881 "-" "Mozilla/5.0 (iPhone; CPU iPhone OS 17_2 like Mac OS X) AppleWebKit/605.1.15 (KHTML, like Gecko) Version/17.2 Mobile/15E148 Safari/604.1"
216.73.217.80 - - [09/Sep/2026:07:04:33 -0600] "GET /tag/%d9%85%d8%b0%d9%87%d8%a8-%d8%ad%d9%86%d9%81%db%8c/feed/ HTTP/1.1" 200 59116 "-" "Mozilla/5.0 AppleWebKit/537.36 (KHTML, like Gecko; compatible; ClaudeBot/1.0; +claudebot@anthropic.com)"
216.73.217.80 - - [09/Sep/2026:07:04:36 -0600] "GET /tag/%d8%a7%d9%81%d8%ba%d8%a7%d9%86%d8%b3%d8%aa%d8%a7%d9%86/page/5/ HTTP/1.1" 200 172016 "-" "Mozilla/5.0 AppleWebKit/537.36 (KHTML, like Gecko; compatible; ClaudeBot/1.0; +claudebot@anthropic.com)"
216.73.217.80 - - [09/Sep/2026:07:04:36 -0600] "GET /%d8%a7%d8%ad%d9%85%d8%af-%d9%85%d8%b3%d8%b9%d9%88%d8%af-%d8%a7%d9%81%d8%ba%d8%a7%d9%86%d8%b3%d8%aa%d8%a7%d9%86-%d8%a7%d9%85%d8%b1%d9%88%d8%b2-%d9%86%d9%87-%d8%a8%d8%a7-%d9%82%d8%a7%d9%86%d9%88%d9%86/ HTTP/1.1" 200 175792 "https://ariapress.org/y8fs" "Mozilla/5.0 AppleWebKit/537.36 (KHTML, like Gecko; compatible; ClaudeBot/1.0; +claudebot@anthropic.com)"
162.240.68.55 - - [09/Sep/2026:07:04:39 -0600] "POST /wp-cron.php?doing_wp_cron=1788959079.0455069541931152343750 HTTP/1.1" 200 - "-" "WordPress/7.1; https://ariapress.org"
216.73.217.80 - - [09/Sep/2026:07:04:34 -0600] "GET /tag/%d9%86%d8%a7%d9%85%d9%87-%d8%a7%d8%b2-%da%a9%d8%a7%d8%a8%d9%84/feed/ HTTP/1.1" 200 30764 "-" "Mozilla/5.0 AppleWebKit/537.36 (KHTML, like Gecko; compatible; ClaudeBot/1.0; +claudebot@anthropic.com)"
216.73.217.80 - - [09/Sep/2026:07:04:34 -0600] "GET /tag/%d8%a7%d9%82%d9%88%d8%a7%d9%85%d8%a2%d8%b1%db%8c%d8%a7%db%8c%db%8c/feed/ HTTP/1.1" 200 3972 "-" "Mozilla/5.0 AppleWebKit/537.36 (KHTML, like Gecko; compatible; ClaudeBot/1.0; +claudebot@anthropic.com)"
