216.73.217.80 - - [09/Sep/2026:06:30:56 -0600] "GET /tag/%d8%ad%d9%85%d9%84%d9%87-%d8%a7%d9%85%d8%b1%db%8c%da%a9%d8%a7-%da%a9%d8%a7%d8%a8%d9%84/ HTTP/1.1" 200 144038 "-" "Mozilla/5.0 AppleWebKit/537.36 (KHTML, like Gecko; compatible; ClaudeBot/1.0; +claudebot@anthropic.com)"
103.253.27.34 - - [09/Sep/2026:06:30:56 -0600] "GET /%D8%A8%D8%B1%D8%B1%D8%B3%DB%8C-%D9%85%D9%82%D8%A7%DB%8C%D8%B3%D9%87%D8%A7%DB%8C-%D8%A7%D8%B5%D9%88%D9%84%D9%86%D8%A7%D9%85%DB%80-%D8%AC%D8%B2%D8%A7%DB%8C%DB%8C-%D8%B7%D8%A7%D9%84%D8%A8%D8%A7/php.php HTTP/1.1" 404 137501 "-" "Mozilla/5.0 (Windows NT 10.0; Win64; x64) AppleWebKit/537.36 (KHTML, like Gecko) Chrome/120.0.0.0 Safari/537.36"
162.240.68.55 - - [09/Sep/2026:06:30:59 -0600] "POST /wp-cron.php?doing_wp_cron=1788957059.8510351181030273437500 HTTP/1.1" 200 - "-" "WordPress/7.1; https://ariapress.org"
216.73.217.80 - - [09/Sep/2026:06:30:58 -0600] "GET /tag/%d8%b1%d9%88%d8%a7%d9%86%d8%b4%d9%86%d8%a7%d8%b3%db%8c-%d8%ae%d8%b4%d9%88%d9%86%d8%aa/ HTTP/1.1" 200 152469 "-" "Mozilla/5.0 AppleWebKit/537.36 (KHTML, like Gecko; compatible; ClaudeBot/1.0; +claudebot@anthropic.com)"
216.73.217.80 - - [09/Sep/2026:06:30:58 -0600] "GET /tag/%d8%b3%d9%81%db%8c%d8%b1%d8%a7%d9%86-%d8%a7%d8%af%d8%a7%d8%b1%d9%87-%d8%ba%d9%86%db%8c/ HTTP/1.1" 200 145881 "-" "Mozilla/5.0 AppleWebKit/537.36 (KHTML, like Gecko; compatible; ClaudeBot/1.0; +claudebot@anthropic.com)"
46.143.106.53 - - [09/Sep/2026:06:31:01 -0600] "GET /wp-content/uploads/2022/06/330.jpg HTTP/1.1" 200 17699 "https://www.google.com/" "Mozilla/5.0 (Macintosh; Intel Mac OS X 10_15_7) AppleWebKit/605.1.15 (KHTML, like Gecko) Version/26.5.2 Safari/605.1.15"
103.253.27.34 - - [09/Sep/2026:06:30:59 -0600] "GET /%D8%A8%D8%B1%D8%B1%D8%B3%DB%8C-%D9%85%D9%82%D8%A7%DB%8C%D8%B3%D9%87%D8%A7%DB%8C-%D8%A7%D8%B5%D9%88%D9%84%D9%86%D8%A7%D9%85%DB%80-%D8%AC%D8%B2%D8%A7%DB%8C%DB%8C-%D8%B7%D8%A7%D9%84%D8%A8%D8%A7/shell.php HTTP/1.1" 404 137515 "-" "Mozilla/5.0 (Windows NT 10.0; Win64; x64) AppleWebKit/537.36 (KHTML, like Gecko) Chrome/120.0.0.0 Safari/537.36"
216.73.217.80 - - [09/Sep/2026:06:31:00 -0600] "GET /tag/%d9%85%d8%ad%d8%af%d9%88%d8%af%db%8c%d8%aa-%d8%a8%d8%b1%d8%a7%db%8c-%d8%b2%d9%86%d8%a7%d9%86/ HTTP/1.1" 200 144014 "-" "Mozilla/5.0 AppleWebKit/537.36 (KHTML, like Gecko; compatible; ClaudeBot/1.0; +claudebot@anthropic.com)"
216.73.217.80 - - [09/Sep/2026:06:31:01 -0600] "GET /tag/%d8%ad%d9%82-%d8%af%d8%b1%d8%b3-%d8%a8%d8%b1%d8%a7%db%8c-%d8%af%d8%ae%d8%aa%d8%b1%d8%a7%d9%86/ HTTP/1.1" 200 145594 "-" "Mozilla/5.0 AppleWebKit/537.36 (KHTML, like Gecko; compatible; ClaudeBot/1.0; +claudebot@anthropic.com)"
103.253.27.34 - - [09/Sep/2026:06:31:02 -0600] "GET /%D8%A8%D8%B1%D8%B1%D8%B3%DB%8C-%D9%85%D9%82%D8%A7%DB%8C%D8%B3%D9%87%D8%A7%DB%8C-%D8%A7%D8%B5%D9%88%D9%84%D9%86%D8%A7%D9%85%DB%80-%D8%AC%D8%B2%D8%A7%DB%8C%DB%8C-%D8%B7%D8%A7%D9%84%D8%A8%D8%A7/cmd.php HTTP/1.1" 404 137501 "-" "Mozilla/5.0 (Windows NT 10.0; Win64; x64) AppleWebKit/537.36 (KHTML, like Gecko) Chrome/120.0.0.0 Safari/537.36"
216.73.217.80 - - [09/Sep/2026:06:31:02 -0600] "GET /tag/%d8%a7%d8%b9%d8%aa%d8%b1%d8%a7%d8%b6-%d8%af%d8%a7%d9%86%d8%b4%d8%ac%d9%88%db%8c%d8%a7%d9%86/ HTTP/1.1" 200 144377 "-" "Mozilla/5.0 AppleWebKit/537.36 (KHTML, like Gecko; compatible; ClaudeBot/1.0; +claudebot@anthropic.com)"
216.73.217.80 - - [09/Sep/2026:06:31:02 -0600] "GET /tag/%d9%85%d9%84%d8%a7-%d8%b9%d8%a8%d8%af%d8%a7%d9%84%d9%82%db%8c%d9%88%d9%85-%d8%b0%d8%a7%da%a9%d8%b1/ HTTP/1.1" 200 143744 "-" "Mozilla/5.0 AppleWebKit/537.36 (KHTML, like Gecko; compatible; ClaudeBot/1.0; +claudebot@anthropic.com)"
216.73.217.80 - - [09/Sep/2026:06:31:02 -0600] "GET /tag/%d9%85%d9%86%d8%b4%d9%88%d8%b1-%d8%ac%d8%a8%d9%87%d9%87-%d9%85%d9%82%d8%a7%d9%88%d9%85%d8%aa/ HTTP/1.1" 200 145015 "-" "Mozilla/5.0 AppleWebKit/537.36 (KHTML, like Gecko; compatible; ClaudeBot/1.0; +claudebot@anthropic.com)"
216.73.217.80 - - [09/Sep/2026:06:31:03 -0600] "GET /tag/%d8%a7%d9%85%d8%a7%d9%86-%d8%a7%d9%84%d8%af%db%8c%d9%86-%d9%85%d9%86%d8%b5%d9%88%d8%b1/ HTTP/1.1" 200 143601 "-" "Mozilla/5.0 AppleWebKit/537.36 (KHTML, like Gecko; compatible; ClaudeBot/1.0; +claudebot@anthropic.com)"
216.73.217.80 - - [09/Sep/2026:06:31:05 -0600] "GET /%d9%86%d8%a8%d8%b1%d8%af-%d9%87%d8%a7%db%8c-%d8%af%d9%88-%d8%b1%d9%88%d8%b2-%da%af%d8%b0%d8%b4%d8%aa%d9%87%d8%9b-%d8%b9%d8%a8%d9%88%d8%b1-%da%86%d8%b1%db%8c%da%a9-%d9%87%d8%a7-%d8%a7%d8%b2-%d9%85/feed/ HTTP/1.1" 200 1243 "-" "Mozilla/5.0 AppleWebKit/537.36 (KHTML, like Gecko; compatible; ClaudeBot/1.0; +claudebot@anthropic.com)"
216.73.217.80 - - [09/Sep/2026:06:31:05 -0600] "GET /%d8%af%d8%ae%d8%aa%d8%b1%d8%a7%d9%86-%d9%85%d8%b9%d8%aa%d8%b1%d8%b6-%d8%af%d8%a7%d9%86%d8%b4%da%af%d8%a7%d9%87-%da%a9%d8%a7%d8%a8%d9%84-%d9%85%d8%a7-%d8%b1%d8%a7-%d9%86%da%a9%d8%b4%db%8c%d8%af%d8%8c/feed/ HTTP/1.1" 200 1250 "-" "Mozilla/5.0 AppleWebKit/537.36 (KHTML, like Gecko; compatible; ClaudeBot/1.0; +claudebot@anthropic.com)"
216.73.217.80 - - [09/Sep/2026:06:31:05 -0600] "GET /%d8%af%d8%b1-%d8%a7%d9%81%d8%ba%d8%a7%d9%86%d8%b3%d8%aa%d8%a7%d9%86-%d9%85%d8%a7-%da%af%d8%b0%d8%b4%d8%aa%db%80-%d8%ae%d9%88%d8%af-%d8%b1%d8%a7-%d9%86%d8%a7%d8%a8%d9%88%d8%af-%d9%85%db%8c/ HTTP/1.1" 200 206777 "-" "Mozilla/5.0 AppleWebKit/537.36 (KHTML, like Gecko; compatible; ClaudeBot/1.0; +claudebot@anthropic.com)"
103.253.27.34 - - [09/Sep/2026:06:31:06 -0600] "GET /%D8%A8%D8%B1%D8%B1%D8%B3%DB%8C-%D9%85%D9%82%D8%A7%DB%8C%D8%B3%D9%87%D8%A7%DB%8C-%D8%A7%D8%B5%D9%88%D9%84%D9%86%D8%A7%D9%85%DB%80-%D8%AC%D8%B2%D8%A7%DB%8C%DB%8C-%D8%B7%D8%A7%D9%84%D8%A8%D8%A7/wso.php HTTP/1.1" 404 137501 "-" "Mozilla/5.0 (Windows NT 10.0; Win64; x64) AppleWebKit/537.36 (KHTML, like Gecko) Chrome/120.0.0.0 Safari/537.36"
216.73.217.80 - - [09/Sep/2026:06:31:08 -0600] "GET /%d9%82%d8%a7%d8%b1%db%8c-%d8%b5%d9%84%d8%a7%d8%ad-%d8%a7%d9%84%d8%af%db%8c%d9%86-%d8%a7%db%8c%d9%88%d8%a8%db%8c%d8%8c-%d9%81%d8%b1%d9%85%d8%a7%d9%86%d8%af%d9%87-%d8%a7%d8%b2%d8%a8%db%8c%da%a9/feed/ HTTP/1.1" 200 1265 "-" "Mozilla/5.0 AppleWebKit/537.36 (KHTML, like Gecko; compatible; ClaudeBot/1.0; +claudebot@anthropic.com)"
216.73.217.80 - - [09/Sep/2026:06:31:09 -0600] "GET /%d8%b3%db%8c%d8%b1%db%8c-%d8%af%d8%b1-%d9%85%d9%81%d8%a7%d9%87%db%8c%d9%85-%d9%88-%d9%86%d8%b8%d8%b1%db%8c%d9%87%d9%87%d8%a7%db%8c-%d8%b1%d9%88%d8%a7%d9%86%d8%b4%d9%86%d8%a7%d8%ae%d8%aa/feed/ HTTP/1.1" 200 1222 "-" "Mozilla/5.0 AppleWebKit/537.36 (KHTML, like Gecko; compatible; ClaudeBot/1.0; +claudebot@anthropic.com)"
216.73.217.80 - - [09/Sep/2026:06:31:09 -0600] "GET /%d9%85%d8%a7%d9%85%d9%88%d8%b1%db%8c%d8%aa-%d8%af%d8%b4%d9%88%d8%a7%d8%b1-%d8%b3%d8%a7%d8%b2%d9%85%d8%a7%d9%86-%d9%85%d9%84%d9%84-%d8%af%d8%b1-%d8%b3%d9%81%db%8c%d8%af%d8%b3%d8%a7%d8%b2%db%8c-%d8%b3/feed/ HTTP/1.1" 200 1221 "-" "Mozilla/5.0 AppleWebKit/537.36 (KHTML, like Gecko; compatible; ClaudeBot/1.0; +claudebot@anthropic.com)"
103.253.27.34 - - [09/Sep/2026:06:31:09 -0600] "GET /%D8%A8%D8%B1%D8%B1%D8%B3%DB%8C-%D9%85%D9%82%D8%A7%DB%8C%D8%B3%D9%87%D8%A7%DB%8C-%D8%A7%D8%B5%D9%88%D9%84%D9%86%D8%A7%D9%85%DB%80-%D8%AC%D8%B2%D8%A7%DB%8C%DB%8C-%D8%B7%D8%A7%D9%84%D8%A8%D8%A7/c99.php HTTP/1.1" 404 137501 "-" "Mozilla/5.0 (Windows NT 10.0; Win64; x64) AppleWebKit/537.36 (KHTML, like Gecko) Chrome/120.0.0.0 Safari/537.36"
216.73.217.80 - - [09/Sep/2026:06:31:11 -0600] "GET /%d8%a7%d8%b9%d8%b6%d8%a7%db%8c-%d8%aa%db%8c%d9%85-%da%a9%d8%b1%db%8c%da%a9%d8%aa-%d8%a7%d9%81%d8%ba%d8%a7%d9%86%d8%b3%d8%aa%d8%a7%d9%86-%d8%a8%d8%a7-%d8%b3%d8%b1%d8%a7%d8%ac-%d8%a7%d9%84%d8%af%db%8c/feed/ HTTP/1.1" 200 1250 "-" "Mozilla/5.0 AppleWebKit/537.36 (KHTML, like Gecko; compatible; ClaudeBot/1.0; +claudebot@anthropic.com)"
216.73.217.80 - - [09/Sep/2026:06:31:11 -0600] "GET /%d8%a2%db%8c%d8%a7-%d8%b9%d8%b5%d8%b1-%d8%af%d9%88%d8%b3%d8%aa%db%8c-%d9%85%db%8c%d8%a7%d9%86-%d8%b7%d8%a7%d9%84%d8%a8%d8%a7%d9%86-%d9%88%d9%be%d8%a7%da%a9%d8%b3%d8%aa%d8%a7%d9%86-%d8%a8%d9%87-%d9%be/ HTTP/1.1" 200 229173 "-" "Mozilla/5.0 AppleWebKit/537.36 (KHTML, like Gecko; compatible; ClaudeBot/1.0; +claudebot@anthropic.com)"
216.73.217.80 - - [09/Sep/2026:06:31:11 -0600] "GET /%d8%a2%d9%85%d8%b1%d8%b5%d8%a7%d8%ad%d8%a8-%d8%b4%d9%87%db%8c%d8%af-%d8%a8%d8%a7%d8%b4%d9%85-%d9%86%d8%a8%d8%a7%d8%b4%d9%85%d8%8c-%d9%85%d9%82%d8%a7%d9%88%d9%85%d8%aa-%d8%a7%d8%af%d8%a7%d9%85%d9%87-3/ HTTP/1.1" 200 317254 "-" "Mozilla/5.0 AppleWebKit/537.36 (KHTML, like Gecko; compatible; ClaudeBot/1.0; +claudebot@anthropic.com)"
216.73.217.80 - - [09/Sep/2026:06:31:13 -0600] "GET /%d9%be%d8%a7%db%8c%d8%a7%d9%86-%d8%af%d8%b1%da%af%db%8c%d8%b1%db%8c%d9%87%d8%a7-%d9%85%db%8c%d8%a7%d9%86-%d9%86%db%8c%d8%b1%d9%88%d9%87%d8%a7%db%8c-%d8%ac%d8%a8%d9%87%d9%87-%d9%85%d9%82%d8%a7/feed/ HTTP/1.1" 200 1276 "-" "Mozilla/5.0 AppleWebKit/537.36 (KHTML, like Gecko; compatible; ClaudeBot/1.0; +claudebot@anthropic.com)"
103.253.27.34 - - [09/Sep/2026:06:31:12 -0600] "GET /category/%D8%AE%D8%A8%D8%B1-%D9%87%D8%A7/%D8%A7%D8%AE%D8%A8%D8%A7%D8%B1-%D8%AE%D8%A7%D8%B1%D8%AC%DB%8C/ HTTP/1.1" 200 179298 "-" "Mozilla/5.0 (Windows NT 10.0; Win64; x64) AppleWebKit/537.36 (KHTML, like Gecko) Chrome/120.0.0.0 Safari/537.36"
216.73.217.80 - - [09/Sep/2026:06:31:14 -0600] "GET /%d8%a2%db%8c%db%8c%d9%86-%d8%a8%d8%b1%da%af%d8%b2%d8%a7%d8%b1%db%8c-%d8%ac%d8%b4%d9%86-%d9%86%d9%88%d8%b1%d9%88%d8%b2-%d8%af%d8%b1-%d9%86%d8%b2%d8%af-%d8%b4%d8%a7%d9%87%d8%a7%d9%86-%d9%82%d8%af%db%8c/feed/ HTTP/1.1" 200 1220 "-" "Mozilla/5.0 AppleWebKit/537.36 (KHTML, like Gecko; compatible; ClaudeBot/1.0; +claudebot@anthropic.com)"
216.73.217.80 - - [09/Sep/2026:06:31:14 -0600] "GET /%da%86%d8%b1%d8%a7-%d8%b7%d8%a7%d9%84%d8%a8%d8%a7%d9%86-%d8%aa%d9%84%d9%88%db%8c%d8%b2%db%8c%d9%88%d9%86%d9%87%d8%a7%db%8c-%d9%86%d9%88%d8%b1-%d9%88-%d8%a8%d8%b1%db%8c%d8%a7-%d8%b1%d8%a7/feed/ HTTP/1.1" 200 1203 "-" "Mozilla/5.0 AppleWebKit/537.36 (KHTML, like Gecko; compatible; ClaudeBot/1.0; +claudebot@anthropic.com)"
103.253.27.34 - - [09/Sep/2026:06:31:16 -0600] "GET /category/%D8%AE%D8%A8%D8%B1-%D9%87%D8%A7/%D8%A7%D8%AE%D8%A8%D8%A7%D8%B1-%D8%AE%D8%A7%D8%B1%D8%AC%DB%8C/index.php HTTP/1.1" 301 - "-" "Mozilla/5.0 (Windows NT 10.0; Win64; x64) AppleWebKit/537.36 (KHTML, like Gecko) Chrome/120.0.0.0 Safari/537.36"
103.253.27.34 - - [09/Sep/2026:06:31:17 -0600] "GET /category/%D8%AE%D8%A8%D8%B1-%D9%87%D8%A7/%D8%A7%D8%AE%D8%A8%D8%A7%D8%B1-%D8%AE%D8%A7%D8%B1%D8%AC%DB%8C/php.php HTTP/1.1" 404 136897 "-" "Mozilla/5.0 (Windows NT 10.0; Win64; x64) AppleWebKit/537.36 (KHTML, like Gecko) Chrome/120.0.0.0 Safari/537.36"
216.73.217.80 - - [09/Sep/2026:06:31:19 -0600] "GET /%d8%b3%d8%b1%d8%b7%d8%a7%d9%86-%d8%ae%d9%88%d9%86-%d9%88-%d8%a8%d9%88%d8%a7%d8%b3%db%8c%d8%b1%d8%9b-%d8%af%d8%b4%d9%85%d9%86%d8%a7%d9%86-%d8%ae%d8%b7%d8%b1%d9%86%d8%a7%da%a9-%d9%88%d8%b2%db%8c%d8%b1/ HTTP/1.1" 200 214948 "-" "Mozilla/5.0 AppleWebKit/537.36 (KHTML, like Gecko; compatible; ClaudeBot/1.0; +claudebot@anthropic.com)"
103.253.27.34 - - [09/Sep/2026:06:31:19 -0600] "GET /category/%D8%AE%D8%A8%D8%B1-%D9%87%D8%A7/%D8%A7%D8%AE%D8%A8%D8%A7%D8%B1-%D8%AE%D8%A7%D8%B1%D8%AC%DB%8C/shell.php HTTP/1.1" 404 136911 "-" "Mozilla/5.0 (Windows NT 10.0; Win64; x64) AppleWebKit/537.36 (KHTML, like Gecko) Chrome/120.0.0.0 Safari/537.36"
216.73.217.80 - - [09/Sep/2026:06:31:19 -0600] "GET /%d8%a2%d9%85%d8%b1%d8%b5%d8%a7%d8%ad%d8%a8-%d8%b4%d9%87%db%8c%d8%af-%d8%a8%d8%a7%d8%b4%d9%85-%d9%86%d8%a8%d8%a7%d8%b4%d9%85%d8%8c-%d9%85%d9%82%d8%a7%d9%88%d9%85%d8%aa-%d8%a7%d8%af%d8%a7%d9%85%d9%87-4/ HTTP/1.1" 200 258559 "-" "Mozilla/5.0 AppleWebKit/537.36 (KHTML, like Gecko; compatible; ClaudeBot/1.0; +claudebot@anthropic.com)"
216.73.217.80 - - [09/Sep/2026:06:31:19 -0600] "GET /%da%a9%d8%b1%d8%a8%d9%84%d8%a7%db%8c-%da%a9%d8%a7%d8%a8%d9%84%d8%9b-%d8%b4%d9%87%d8%a7%d8%af%d8%aa-%d8%af%d9%87-%d9%87%d8%a7-%d8%aa%d9%86-%d8%a7%d8%b2-%d8%b9%d8%b2%d8%a7%d8%af%d8%a7%d8%b1%d8%a7%d9%86/ HTTP/1.1" 200 200394 "-" "Mozilla/5.0 AppleWebKit/537.36 (KHTML, like Gecko; compatible; ClaudeBot/1.0; +claudebot@anthropic.com)"
216.73.217.80 - - [09/Sep/2026:06:31:22 -0600] "GET /%da%a9%d8%b4%d8%aa%d9%87-%d8%b4%d8%af%d9%86-%db%8c%da%a9%db%8c-%d8%a7%d8%b2-%d8%a7%d8%b9%d8%b6%d8%a7%db%8c-%d8%a7%d8%b1%d8%b4%d8%af-%d8%b4%d8%a7%d8%ae%d9%87-%d8%ad%d9%82%d8%a7%d9%86%db%8c-%d8%af%d8%b1/feed/ HTTP/1.1" 200 1230 "-" "Mozilla/5.0 AppleWebKit/537.36 (KHTML, like Gecko; compatible; ClaudeBot/1.0; +claudebot@anthropic.com)"
216.73.217.80 - - [09/Sep/2026:06:31:22 -0600] "GET /%d9%81%d8%b1%d9%85%d8%a7%d9%86-%d8%ac%d8%af%db%8c%d8%af-%d8%b7%d8%a7%d9%84%d8%a8%d8%a7%d9%86-%d8%af%d8%a7%d9%86%d8%b4%da%af%d8%a7%d9%87%d9%87%d8%a7%db%8c-%d8%ae%d8%b5%d9%88%d8%b5%db%8c/ HTTP/1.1" 200 209284 "-" "Mozilla/5.0 AppleWebKit/537.36 (KHTML, like Gecko; compatible; ClaudeBot/1.0; +claudebot@anthropic.com)"
216.73.217.80 - - [09/Sep/2026:06:31:22 -0600] "GET /%d9%85%db%8c%d8%af%d8%a7%d9%86%d9%87%d9%88%d8%a7%db%8c%db%8c-%da%a9%d8%a7%d8%a8%d9%84-%d8%af%d8%b1-%d8%aa%db%8c%d8%b1%d8%b1%d8%b3-%d9%86%db%8c%d8%b1%d9%88%d9%87%d8%a7%db%8c-%d8%ac%d8%a8%d9%87/feed/ HTTP/1.1" 200 1223 "-" "Mozilla/5.0 AppleWebKit/537.36 (KHTML, like Gecko; compatible; ClaudeBot/1.0; +claudebot@anthropic.com)"
103.253.27.34 - - [09/Sep/2026:06:31:22 -0600] "GET /category/%D8%AE%D8%A8%D8%B1-%D9%87%D8%A7/%D8%A7%D8%AE%D8%A8%D8%A7%D8%B1-%D8%AE%D8%A7%D8%B1%D8%AC%DB%8C/cmd.php HTTP/1.1" 404 136897 "-" "Mozilla/5.0 (Windows NT 10.0; Win64; x64) AppleWebKit/537.36 (KHTML, like Gecko) Chrome/120.0.0.0 Safari/537.36"
216.73.217.80 - - [09/Sep/2026:06:31:24 -0600] "GET /%da%af%d9%81%d8%aa%da%af%d9%88%db%8c-%d8%aa%db%8c%d9%84%d9%81%d9%88%d9%86%db%8c-%d8%a7%d8%ad%d9%85%d8%af%d9%85%d8%b3%d8%b9%d9%88%d8%af-%d8%a8%d8%a7-%d8%ad%d9%85%d8%af%d8%a7%d9%84%d9%84%d9%87-%d9%85/ HTTP/1.1" 200 209160 "-" "Mozilla/5.0 AppleWebKit/537.36 (KHTML, like Gecko; compatible; ClaudeBot/1.0; +claudebot@anthropic.com)"
8.217.145.188 - - [09/Sep/2026:06:31:24 -0600] "GET / HTTP/1.1" 200 204097 "-" "Mozilla/5.0 (Windows NT 10.0; Win64; x64) AppleWebKit/537.36 (KHTML, like Gecko) Chrome/120.0.0.0 Safari/537.36"
216.73.217.80 - - [09/Sep/2026:06:31:25 -0600] "GET /%d8%a2%d9%86%d9%87%d8%a7-%d9%85%d8%a7-%d8%b1%d8%a7-%d8%a8%d9%87-%d8%a8%d8%b1%d8%af%da%af%d8%a7%d9%86-%d8%ae%d9%88%db%8c%d8%b4-%d9%85%d8%a8%d8%af%d9%84-%d8%ae%d9%88%d8%a7%d9%87%d9%86%d8%af-%da%a9%d8%b1/feed/ HTTP/1.1" 200 1223 "-" "Mozilla/5.0 AppleWebKit/537.36 (KHTML, like Gecko; compatible; ClaudeBot/1.0; +claudebot@anthropic.com)"
103.253.27.34 - - [09/Sep/2026:06:31:26 -0600] "GET /category/%D8%AE%D8%A8%D8%B1-%D9%87%D8%A7/%D8%A7%D8%AE%D8%A8%D8%A7%D8%B1-%D8%AE%D8%A7%D8%B1%D8%AC%DB%8C/wso.php HTTP/1.1" 404 136897 "-" "Mozilla/5.0 (Windows NT 10.0; Win64; x64) AppleWebKit/537.36 (KHTML, like Gecko) Chrome/120.0.0.0 Safari/537.36"
216.73.217.80 - - [09/Sep/2026:06:31:27 -0600] "GET /%d8%b3%d9%86%d8%a7%d8%aa%d9%88%d8%b1-%d9%84%db%8c%d9%86%d8%af%d8%b3%db%8c-%da%af%d8%b1%d8%a7%d9%87%d8%a7%d9%85-%d9%85%d8%a7-%d8%a8%d8%a7%db%8c%d8%af-%d8%ac%d8%a8%d9%87%db%80-%d9%85%d9%82%d8%a7%d9%88/ HTTP/1.1" 200 208305 "-" "Mozilla/5.0 AppleWebKit/537.36 (KHTML, like Gecko; compatible; ClaudeBot/1.0; +claudebot@anthropic.com)"
216.73.217.80 - - [09/Sep/2026:06:31:27 -0600] "GET /%d8%ae%d8%a8%d8%b1-%d9%81%d9%88%d8%b1%db%8c-%d8%a7%d8%b2-%d9%be%d9%86%d8%ac%d8%b4%db%8c%d8%b1%d8%9b-%d8%af%d8%b1-%d8%a7%d8%ab%d8%b1-%d8%a7%d9%86%d9%81%d8%ac%d8%a7%d8%b1-%db%8c%da%a9-%d9%85%d8%a7%db%8c/feed/ HTTP/1.1" 200 3172 "-" "Mozilla/5.0 AppleWebKit/537.36 (KHTML, like Gecko; compatible; ClaudeBot/1.0; +claudebot@anthropic.com)"
103.253.27.34 - - [09/Sep/2026:06:31:28 -0600] "GET /category/%D8%AE%D8%A8%D8%B1-%D9%87%D8%A7/%D8%A7%D8%AE%D8%A8%D8%A7%D8%B1-%D8%AE%D8%A7%D8%B1%D8%AC%DB%8C/c99.php HTTP/1.1" 404 136897 "-" "Mozilla/5.0 (Windows NT 10.0; Win64; x64) AppleWebKit/537.36 (KHTML, like Gecko) Chrome/120.0.0.0 Safari/537.36"
216.73.217.80 - - [09/Sep/2026:06:31:29 -0600] "GET /%d8%a7%db%8c%d9%85%d8%a7%d9%86%d9%88%db%8c%d9%84-%d9%85%da%a9%d8%b1%d9%88%d9%86-%d8%a8%d8%b1%d8%a7%db%8c-%d8%a8%d8%a7%d8%b1-%d8%af%d9%88%d9%85-%d8%b1%db%8c%db%8c%d8%b3-%d8%ac%d9%85%d9%87%d9%88%d8%b1/feed/ HTTP/1.1" 200 1233 "-" "Mozilla/5.0 AppleWebKit/537.36 (KHTML, like Gecko; compatible; ClaudeBot/1.0; +claudebot@anthropic.com)"
216.73.217.80 - - [09/Sep/2026:06:31:29 -0600] "GET /%d9%85%d9%84%d8%a7-%d9%81%d8%a7%d8%b6%d9%84-%d8%a7%d8%b2-%d9%85%d8%a7%d9%85%d9%88%d8%b1%db%8c%d8%aa-%da%af%d8%b1%d9%81%d8%aa%d8%a7%d8%b1%db%8c-%d8%b5%d9%84%d8%a7%d8%ad-%d8%a7%d9%84%d8%af%db%8c%d9%86/feed/ HTTP/1.1" 200 2357 "-" "Mozilla/5.0 AppleWebKit/537.36 (KHTML, like Gecko; compatible; ClaudeBot/1.0; +claudebot@anthropic.com)"
65.49.1.172 - - [09/Sep/2026:06:31:30 -0600] "GET /.git/config HTTP/1.1" 404 136243 "-" "Mozilla/5.0 (Windows NT 6.1; rv:102.0) Gecko/20100101 Goanna/6.6 Firefox/102.0 PaleMoon/33.0.0"
216.73.217.80 - - [09/Sep/2026:06:31:31 -0600] "GET /%d8%aa%d8%b3%d9%84%db%8c%d8%ad%d8%a7%d8%aa-%d8%a8%d9%87-%d8%ac%d8%a7-%d9%85%d8%a7%d9%86%d8%af%d9%87-%d8%a7%d9%85%d8%b1%db%8c%da%a9%d8%a7-%d8%af%d8%b1-%d8%a7%d9%81%d8%ba%d8%a7%d9%86%d8%b3%d8%aa%d8%a7/feed/ HTTP/1.1" 200 1292 "-" "Mozilla/5.0 AppleWebKit/537.36 (KHTML, like Gecko; compatible; ClaudeBot/1.0; +claudebot@anthropic.com)"
103.253.27.34 - - [09/Sep/2026:06:31:31 -0600] "GET /category/%D8%A7%D9%86%D8%AF%DB%8C%D8%B4%D9%87-%D8%AA%D9%81%DA%A9%D8%B1/%D8%A7%D8%B3%D9%84%D8%A7%D9%85-%D8%B4/ HTTP/1.1" 200 185932 "-" "Mozilla/5.0 (Windows NT 10.0; Win64; x64) AppleWebKit/537.36 (KHTML, like Gecko) Chrome/120.0.0.0 Safari/537.36"
216.73.217.80 - - [09/Sep/2026:06:31:32 -0600] "GET /%d8%a7%d8%b2-%d8%b3%d9%82%d9%88%d8%b7-%d8%aa%d8%a7-%d9%85%d9%82%d8%a7%d9%88%d9%85%d8%aa%d8%9b-%d8%ac%d9%86%da%af-%d8%b1%d9%88%d8%a7%db%8c%d8%aa-%d9%87%d8%a7%db%8c-%d9%82%d8%af%d8%b1%d8%aa-%d8%b3%db%8c/feed/ HTTP/1.1" 200 1251 "-" "Mozilla/5.0 AppleWebKit/537.36 (KHTML, like Gecko; compatible; ClaudeBot/1.0; +claudebot@anthropic.com)"
216.73.217.80 - - [09/Sep/2026:06:31:33 -0600] "GET /%d8%af%d8%b1%d9%86%da%af%db%8c-%d8%a8%d8%b1-%d9%85%d8%b5%d8%a7%d8%ad%d8%a8%d9%87-l%d8%ad%d9%85%d8%af-%d8%a7%d8%b4%d8%b1%d9%81-%d8%ba%d9%86%db%8c%d8%8c-%d8%b1%d8%a6%db%8c%d8%b3-%d8%ac%d9%85%d9%87%d9%88/feed/ HTTP/1.1" 200 1262 "-" "Mozilla/5.0 AppleWebKit/537.36 (KHTML, like Gecko; compatible; ClaudeBot/1.0; +claudebot@anthropic.com)"
103.253.27.34 - - [09/Sep/2026:06:31:33 -0600] "GET /category/%D8%A7%D9%86%D8%AF%DB%8C%D8%B4%D9%87-%D8%AA%D9%81%DA%A9%D8%B1/%D8%A7%D8%B3%D9%84%D8%A7%D9%85-%D8%B4/index.php HTTP/1.1" 301 - "-" "Mozilla/5.0 (Windows NT 10.0; Win64; x64) AppleWebKit/537.36 (KHTML, like Gecko) Chrome/120.0.0.0 Safari/537.36"
216.73.217.80 - - [09/Sep/2026:06:31:34 -0600] "GET /%d8%a2%d9%85%d8%b1-%d8%b5%d8%a7%d8%ad%d8%a8-%d8%b4%d9%87%db%8c%d8%af-%d8%a8%d8%a7%d8%b4%d9%85-%d9%86%d8%a8%d8%a7%d8%b4%d9%85-%d9%85%d9%82%d8%a7%d9%88%d9%85%d8%aa-%d8%a7%d8%af%d8%a7%d9%85%d9%87-%d8%af/feed/ HTTP/1.1" 200 1226 "-" "Mozilla/5.0 AppleWebKit/537.36 (KHTML, like Gecko; compatible; ClaudeBot/1.0; +claudebot@anthropic.com)"
216.73.217.80 - - [09/Sep/2026:06:31:35 -0600] "GET /%da%af%d9%81%d8%aa-%d9%88-%da%af%d9%88%db%8c-%d8%a7%d8%ae%d8%aa%d8%b5%d8%a7%d8%b5%db%8c-%d8%a8%d8%a7-%d9%81%d8%b1%d9%85%d8%a7%d9%86%d8%af%d9%87-%d8%a7%d8%b3%d8%af%d8%a7%d9%84%d9%84%d9%87%d8%8c-%d8%a7/ HTTP/1.1" 200 222417 "-" "Mozilla/5.0 AppleWebKit/537.36 (KHTML, like Gecko; compatible; ClaudeBot/1.0; +claudebot@anthropic.com)"
103.253.27.34 - - [09/Sep/2026:06:31:35 -0600] "GET /category/%D8%A7%D9%86%D8%AF%DB%8C%D8%B4%D9%87-%D8%AA%D9%81%DA%A9%D8%B1/%D8%A7%D8%B3%D9%84%D8%A7%D9%85-%D8%B4/php.php HTTP/1.1" 404 136939 "-" "Mozilla/5.0 (Windows NT 10.0; Win64; x64) AppleWebKit/537.36 (KHTML, like Gecko) Chrome/120.0.0.0 Safari/537.36"
216.73.217.80 - - [09/Sep/2026:06:31:36 -0600] "GET /%d8%a7%d9%86%d9%81%d8%ac%d8%a7%d8%b1-%d8%af%d8%b1-%d9%86%d8%b4%d8%b3%d8%aa-%d8%a8%d8%b2%d8%b1%da%af-%d8%b7%d8%a7%d9%84%d8%a8%d8%a7%d9%86-%d8%af%d8%b1-%d9%82%d9%86%d8%af%d9%87%d8%a7%d8%b1/feed/ HTTP/1.1" 200 1187 "-" "Mozilla/5.0 AppleWebKit/537.36 (KHTML, like Gecko; compatible; ClaudeBot/1.0; +claudebot@anthropic.com)"
66.249.68.69 - - [09/Sep/2026:06:31:38 -0600] "GET /wp-content/uploads/2025/08/c7b05229-0f05-4eb2-9f99-f2b5e113ea98-220x150.jpg HTTP/1.1" 304 - "-" "Googlebot-Image/1.0"
216.73.217.80 - - [09/Sep/2026:06:31:37 -0600] "GET /%d8%a7%d9%81%d8%ba%d8%a7%d9%86%d8%b3%d8%aa%d8%a7%d9%86-%d8%af%d8%b1-%d8%a7%d8%b4%d8%ba%d8%a7%d9%84-%d8%ac%d9%87%d9%84%d8%8c-%d8%b8%d9%84%d9%85%d8%aa%d8%8c-%d9%88%d8%ad%d8%b4%d8%aa-%d9%88-%d8%a8%d8%b1/ HTTP/1.1" 200 192842 "-" "Mozilla/5.0 AppleWebKit/537.36 (KHTML, like Gecko; compatible; ClaudeBot/1.0; +claudebot@anthropic.com)"
162.240.68.55 - - [09/Sep/2026:06:31:39 -0600] "POST /wp-cron.php?doing_wp_cron=1788957099.8556830883026123046875 HTTP/1.1" 200 - "-" "WordPress/7.1; https://ariapress.org"
216.73.217.80 - - [09/Sep/2026:06:31:38 -0600] "GET /%d8%a7%d9%81%d8%ba%d8%a7%d9%86%d8%b3%d8%aa%d8%a7%d9%86-%d8%b7%d8%a7%d9%84%d8%a8%d8%a7%d9%86-%d8%b1%d8%b3%d8%a7%d9%86%d9%87-%d9%87%d8%a7%db%8c-%d9%85%d8%ad%d9%84%db%8c-%d8%b1%d8%a7-%d8%aa%d9%87%d8%af/feed/ HTTP/1.1" 200 1236 "-" "Mozilla/5.0 AppleWebKit/537.36 (KHTML, like Gecko; compatible; ClaudeBot/1.0; +claudebot@anthropic.com)"
103.253.27.34 - - [09/Sep/2026:06:31:38 -0600] "GET /category/%D8%A7%D9%86%D8%AF%DB%8C%D8%B4%D9%87-%D8%AA%D9%81%DA%A9%D8%B1/%D8%A7%D8%B3%D9%84%D8%A7%D9%85-%D8%B4/shell.php HTTP/1.1" 404 136953 "-" "Mozilla/5.0 (Windows NT 10.0; Win64; x64) AppleWebKit/537.36 (KHTML, like Gecko) Chrome/120.0.0.0 Safari/537.36"
216.73.217.80 - - [09/Sep/2026:06:31:39 -0600] "GET /%d8%ad%d9%85%d9%84%d9%87-%d8%b7%d8%a7%d9%84%d8%a8%d8%a7%d9%86-%d9%88-%d8%b6%d8%af-%d8%ad%d9%85%d9%84%d9%87-%d9%85%d8%b1%da%af%d8%a8%d8%a7%d8%b1-%d9%86%db%8c%d8%b1%d9%88-%d9%87%d8%a7%db%8c-%d9%85%d9%82/feed/ HTTP/1.1" 200 3219 "-" "Mozilla/5.0 AppleWebKit/537.36 (KHTML, like Gecko; compatible; ClaudeBot/1.0; +claudebot@anthropic.com)"
216.73.217.80 - - [09/Sep/2026:06:31:40 -0600] "GET /%d8%aa%d9%86%d8%b4-%d9%87%d8%a7%db%8c-%d9%85%db%8c%d8%a7%d9%86-%da%af%d8%b1%d9%88%d9%87%db%8c-%d8%a8%d9%87-%d8%af%d9%81%d8%aa%d8%b1-%d9%81%d8%b5%db%8c%d8%ad-%d8%a7%d9%84%d8%af%db%8c%d9%86-%d9%87%d9%85/feed/ HTTP/1.1" 200 1230 "-" "Mozilla/5.0 AppleWebKit/537.36 (KHTML, like Gecko; compatible; ClaudeBot/1.0; +claudebot@anthropic.com)"
103.253.27.34 - - [09/Sep/2026:06:31:41 -0600] "GET /category/%D8%A7%D9%86%D8%AF%DB%8C%D8%B4%D9%87-%D8%AA%D9%81%DA%A9%D8%B1/%D8%A7%D8%B3%D9%84%D8%A7%D9%85-%D8%B4/cmd.php HTTP/1.1" 404 136939 "-" "Mozilla/5.0 (Windows NT 10.0; Win64; x64) AppleWebKit/537.36 (KHTML, like Gecko) Chrome/120.0.0.0 Safari/537.36"
216.73.217.80 - - [09/Sep/2026:06:31:41 -0600] "GET /%d9%86%d8%a7%d8%b1%d8%b6%d8%a7%db%8c%d8%aa%db%8c-%d9%81%d8%b1%d9%85%d8%a7%d9%86%d8%af%d9%87%d8%a7%d9%86-%d9%85%d8%ad%d9%84%db%8c-%d8%b7%d8%a7%d9%84%d8%a8%d8%a7%d9%86-%d9%88-%d9%81%d8%b1%d9%88%d8%b4/feed/ HTTP/1.1" 200 1254 "-" "Mozilla/5.0 AppleWebKit/537.36 (KHTML, like Gecko; compatible; ClaudeBot/1.0; +claudebot@anthropic.com)"
216.73.217.80 - - [09/Sep/2026:06:31:42 -0600] "GET /%d8%b7%d8%a7%d9%84%d8%a8%d8%a7%d9%86-%d9%88-%d9%86%db%8c%d8%b1%d9%88%d9%87%d8%a7%db%8c-%d8%ac%d8%a8%d9%87%d9%87-%d9%85%d9%82%d8%a7%d9%88%d9%85%d8%aa-%d8%af%d8%b1-%d9%88%d9%84%d8%b3%d9%88%d8%a7%d9%84/ HTTP/1.1" 200 163824 "-" "Mozilla/5.0 AppleWebKit/537.36 (KHTML, like Gecko; compatible; ClaudeBot/1.0; +claudebot@anthropic.com)"
216.73.217.80 - - [09/Sep/2026:06:31:43 -0600] "GET /%d8%aa%d9%86%db%8c%d9%80%d8%af%d9%87-%db%8c%d8%a7%d8%af%d9%90-%d8%aa%d9%88-%d8%af%d8%b1-%d8%aa%d8%a7%d8%b1-%d9%88-%d9%be%d9%80%d9%88%d8%af%d9%85-%d9%85%db%8c%d9%80%d9%87%d9%86-%d8%a7%db%8c-%d9%85/ HTTP/1.1" 200 218426 "-" "Mozilla/5.0 AppleWebKit/537.36 (KHTML, like Gecko; compatible; ClaudeBot/1.0; +claudebot@anthropic.com)"
103.253.27.34 - - [09/Sep/2026:06:31:43 -0600] "GET /category/%D8%A7%D9%86%D8%AF%DB%8C%D8%B4%D9%87-%D8%AA%D9%81%DA%A9%D8%B1/%D8%A7%D8%B3%D9%84%D8%A7%D9%85-%D8%B4/wso.php HTTP/1.1" 404 136939 "-" "Mozilla/5.0 (Windows NT 10.0; Win64; x64) AppleWebKit/537.36 (KHTML, like Gecko) Chrome/120.0.0.0 Safari/537.36"
216.73.217.80 - - [09/Sep/2026:06:31:44 -0600] "GET /?p=1776 HTTP/1.1" 301 - "-" "Mozilla/5.0 AppleWebKit/537.36 (KHTML, like Gecko; compatible; ClaudeBot/1.0; +claudebot@anthropic.com)"
216.73.217.80 - - [09/Sep/2026:06:31:44 -0600] "GET /?p=1788 HTTP/1.1" 301 - "-" "Mozilla/5.0 AppleWebKit/537.36 (KHTML, like Gecko; compatible; ClaudeBot/1.0; +claudebot@anthropic.com)"
103.253.27.34 - - [09/Sep/2026:06:31:46 -0600] "GET /category/%D8%A7%D9%86%D8%AF%DB%8C%D8%B4%D9%87-%D8%AA%D9%81%DA%A9%D8%B1/%D8%A7%D8%B3%D9%84%D8%A7%D9%85-%D8%B4/c99.php HTTP/1.1" 404 136939 "-" "Mozilla/5.0 (Windows NT 10.0; Win64; x64) AppleWebKit/537.36 (KHTML, like Gecko) Chrome/120.0.0.0 Safari/537.36"
216.73.217.80 - - [09/Sep/2026:06:31:46 -0600] "GET /%d8%b7%d8%a7%d9%84%d8%a8%d8%a7%d9%86-%d8%af%d8%b1-%d8%aa%d9%84%d8%a7%d8%b4-%d8%a8%d8%b1%da%af%d8%b4%d8%aa%d8%a7%d9%86%d8%af%d9%86-%d9%86%d8%b8%d8%a7%d9%85%db%8c%d8%a7%d9%86-%d9%be%db%8c%d8%b4%db%8c/ HTTP/1.1" 200 230003 "https://ariapress.org/?p=1776" "Mozilla/5.0 AppleWebKit/537.36 (KHTML, like Gecko; compatible; ClaudeBot/1.0; +claudebot@anthropic.com)"
216.73.217.80 - - [09/Sep/2026:06:31:46 -0600] "GET /%d8%ae%d8%a8%d8%b1-%d9%81%d9%88%d8%b1%db%8c-%d8%b7%d8%a7%d9%84%d8%a8%d8%a7%d9%86-%d8%af%d8%b1-%da%a9%d9%85%db%8c%d9%86-%d9%85%d8%b1%da%af%d8%a8%d8%a7%d8%b1-%d9%86%db%8c%d8%b1%d9%88-%d9%87%d8%a7%db%8c/ HTTP/1.1" 200 194198 "https://ariapress.org/?p=1788" "Mozilla/5.0 AppleWebKit/537.36 (KHTML, like Gecko; compatible; ClaudeBot/1.0; +claudebot@anthropic.com)"
103.253.27.34 - - [09/Sep/2026:06:31:49 -0600] "GET /wp-content/uploads/2023/06/%D8%AF%D8%B4%D8%AA%DB%8C-%D9%88-%D8%A7%D9%85%DB%8C%D8%B1%D8%AC%D9%88%D8%A7%D9%86-220x150.webp/ HTTP/1.1" 404 137033 "-" "Mozilla/5.0 (Windows NT 10.0; Win64; x64) AppleWebKit/537.36 (KHTML, like Gecko) Chrome/120.0.0.0 Safari/537.36"
103.253.27.34 - - [09/Sep/2026:06:31:51 -0600] "GET /category/%D9%88%DB%8C%DA%98%D9%87-%D8%A8%D8%A7%D9%86%D9%88%D8%A7%D9%86/ HTTP/1.1" 200 173418 "-" "Mozilla/5.0 (Windows NT 10.0; Win64; x64) AppleWebKit/537.36 (KHTML, like Gecko) Chrome/120.0.0.0 Safari/537.36"
103.253.27.34 - - [09/Sep/2026:06:31:53 -0600] "GET /category/%D9%88%DB%8C%DA%98%D9%87-%D8%A8%D8%A7%D9%86%D9%88%D8%A7%D9%86/index.php HTTP/1.1" 301 - "-" "Mozilla/5.0 (Windows NT 10.0; Win64; x64) AppleWebKit/537.36 (KHTML, like Gecko) Chrome/120.0.0.0 Safari/537.36"
216.73.217.80 - - [09/Sep/2026:06:31:53 -0600] "GET /robots.txt HTTP/1.1" 200 159 "-" "Mozilla/5.0 AppleWebKit/537.36 (KHTML, like Gecko; compatible; ClaudeBot/1.0; +claudebot@anthropic.com)"
185.191.171.10 - - [09/Sep/2026:06:31:53 -0600] "GET /%DA%86%D9%87-%D8%AF%D8%B4%D9%85%D9%86-%D8%B4%DA%A9%D8%B3%D8%AA-%D8%AE%D9%88%D8%B1%D8%AF%D9%87-%D9%88-%D9%85%D9%87%D8%B1%D8%A8%D8%A7%D9%86%DB%8C/ HTTP/1.1" 200 205995 "-" "Mozilla/5.0 (compatible; SemrushBot/7~bl; +http://www.semrush.com/bot.html)"
103.253.27.34 - - [09/Sep/2026:06:31:54 -0600] "GET /category/%D9%88%DB%8C%DA%98%D9%87-%D8%A8%D8%A7%D9%86%D9%88%D8%A7%D9%86/php.php HTTP/1.1" 404 136667 "-" "Mozilla/5.0 (Windows NT 10.0; Win64; x64) AppleWebKit/537.36 (KHTML, like Gecko) Chrome/120.0.0.0 Safari/537.36"
216.73.217.80 - - [09/Sep/2026:06:31:55 -0600] "GET /%D8%B3%D8%B7%D9%88%D8%AD-%D8%AD%DA%A9%D9%88%D9%85%D8%AA-%D9%87%D9%85%D9%87-%D8%B4%D9%85%D9%88%D9%84/ HTTP/1.1" 200 211611 "-" "Mozilla/5.0 AppleWebKit/537.36 (KHTML, like Gecko; compatible; ClaudeBot/1.0; +claudebot@anthropic.com)"
216.73.217.80 - - [09/Sep/2026:06:31:56 -0600] "GET /%d8%ae%d8%a8%d8%b1-%d9%81%d9%88%d8%b1%db%8c-%d8%b7%d8%a7%d9%84%d8%a8%d8%a7%d9%86-%d8%af%d8%b1-%da%a9%d9%85%db%8c%d9%86-%d9%85%d8%b1%da%af%d8%a8%d8%a7%d8%b1-%d9%86%db%8c%d8%b1%d9%88-%d9%87%d8%a7%db%8c/feed/ HTTP/1.1" 200 1232 "-" "Mozilla/5.0 AppleWebKit/537.36 (KHTML, like Gecko; compatible; ClaudeBot/1.0; +claudebot@anthropic.com)"
103.253.27.34 - - [09/Sep/2026:06:31:57 -0600] "GET /category/%D9%88%DB%8C%DA%98%D9%87-%D8%A8%D8%A7%D9%86%D9%88%D8%A7%D9%86/shell.php HTTP/1.1" 404 136681 "-" "Mozilla/5.0 (Windows NT 10.0; Win64; x64) AppleWebKit/537.36 (KHTML, like Gecko) Chrome/120.0.0.0 Safari/537.36"
162.240.68.55 - - [09/Sep/2026:06:32:00 -0600] "POST /wp-cron.php?doing_wp_cron=1788957120.4888830184936523437500 HTTP/1.1" 200 - "-" "WordPress/7.1; https://ariapress.org"
216.73.217.80 - - [09/Sep/2026:06:31:59 -0600] "GET /%d8%b7%d8%a7%d9%84%d8%a8%d8%a7%d9%86-%d8%af%d8%b1-%d8%aa%d9%84%d8%a7%d8%b4-%d8%a8%d8%b1%da%af%d8%b4%d8%aa%d8%a7%d9%86%d8%af%d9%86-%d9%86%d8%b8%d8%a7%d9%85%db%8c%d8%a7%d9%86-%d9%be%db%8c%d8%b4%db%8c/feed/ HTTP/1.1" 200 1202 "-" "Mozilla/5.0 AppleWebKit/537.36 (KHTML, like Gecko; compatible; ClaudeBot/1.0; +claudebot@anthropic.com)"
216.73.217.80 - - [09/Sep/2026:06:31:59 -0600] "GET /%d8%ad%d9%85%d9%84%d8%a7%d8%aa-%d9%87%d9%88%d8%a7%db%8c%db%8c-%d8%b7%d9%80%d9%80%d8%a7%d9%84%d8%a8%d8%a7%d9%86-%d8%a8%d8%b1-%d9%85%d9%88%d8%a7%d8%b6%d8%b9-%d9%86%db%8c%d8%b1%d9%88-%d9%87%d8%a7%db%8c/feed/ HTTP/1.1" 200 1228 "-" "Mozilla/5.0 AppleWebKit/537.36 (KHTML, like Gecko; compatible; ClaudeBot/1.0; +claudebot@anthropic.com)"
103.253.27.34 - - [09/Sep/2026:06:31:59 -0600] "GET /category/%D9%88%DB%8C%DA%98%D9%87-%D8%A8%D8%A7%D9%86%D9%88%D8%A7%D9%86/cmd.php HTTP/1.1" 404 136667 "-" "Mozilla/5.0 (Windows NT 10.0; Win64; x64) AppleWebKit/537.36 (KHTML, like Gecko) Chrome/120.0.0.0 Safari/537.36"
103.253.27.34 - - [09/Sep/2026:06:32:02 -0600] "GET /category/%D9%88%DB%8C%DA%98%D9%87-%D8%A8%D8%A7%D9%86%D9%88%D8%A7%D9%86/wso.php HTTP/1.1" 404 136667 "-" "Mozilla/5.0 (Windows NT 10.0; Win64; x64) AppleWebKit/537.36 (KHTML, like Gecko) Chrome/120.0.0.0 Safari/537.36"
103.253.27.34 - - [09/Sep/2026:06:32:04 -0600] "GET /category/%D9%88%DB%8C%DA%98%D9%87-%D8%A8%D8%A7%D9%86%D9%88%D8%A7%D9%86/c99.php HTTP/1.1" 404 136667 "-" "Mozilla/5.0 (Windows NT 10.0; Win64; x64) AppleWebKit/537.36 (KHTML, like Gecko) Chrome/120.0.0.0 Safari/537.36"
216.73.217.80 - - [09/Sep/2026:06:32:04 -0600] "GET /%d8%b3%d9%88%d9%85%db%8c%d9%86-%d9%86%d8%b4%d8%b3%d8%aa-%d8%af%d9%88%d8%ad%d9%87-%d9%88-%d8%b1%d8%a7%d9%87-%d8%ad%d9%84-%d8%a8%d8%ad%d8%b1%d8%a7%d9%86-%d8%a7%d9%81%d8%ba%d8%a7%d9%86%d8%b3%d8%aa%d8%a7/feed/ HTTP/1.1" 200 1220 "-" "Mozilla/5.0 AppleWebKit/537.36 (KHTML, like Gecko; compatible; ClaudeBot/1.0; +claudebot@anthropic.com)"
103.253.27.34 - - [09/Sep/2026:06:32:06 -0600] "GET /wp-content/uploads/2024/07/ HTTP/1.1" 404 136369 "-" "Mozilla/5.0 (Windows NT 10.0; Win64; x64) AppleWebKit/537.36 (KHTML, like Gecko) Chrome/120.0.0.0 Safari/537.36"
103.253.27.34 - - [09/Sep/2026:06:32:08 -0600] "GET /wp-content/themes/jannah/assets/css/plugins/ HTTP/1.1" 404 136500 "-" "Mozilla/5.0 (Windows NT 10.0; Win64; x64) AppleWebKit/537.36 (KHTML, like Gecko) Chrome/120.0.0.0 Safari/537.36"
103.253.27.34 - - [09/Sep/2026:06:32:10 -0600] "GET /category/%DA%A9%D8%AA%D8%A7%D8%A8%D8%AE%D8%A7%D9%86%D9%87-%D9%85/%D8%AA%D8%A7%D8%B1%DB%8C%D8%AE-%DA%A9%D8%AA%D8%A7%D8%A8%D8%AE%D8%A7%D9%86%D9%87/%D8%AC%D9%87%D8%A7%D9%86-%D8%AA%D8%A7%D8%B1%DB%8C%D8%AE-%DA%A9%D8%AA%D8%A7%D8%A8%D8%AE%D8%A7%D9%86%D9%87/ HTTP/1.1" 200 141454 "-" "Mozilla/5.0 (Windows NT 10.0; Win64; x64) AppleWebKit/537.36 (KHTML, like Gecko) Chrome/120.0.0.0 Safari/537.36"
103.253.27.34 - - [09/Sep/2026:06:32:11 -0600] "GET /category/%DA%A9%D8%AA%D8%A7%D8%A8%D8%AE%D8%A7%D9%86%D9%87-%D9%85/%D8%AA%D8%A7%D8%B1%DB%8C%D8%AE-%DA%A9%D8%AA%D8%A7%D8%A8%D8%AE%D8%A7%D9%86%D9%87/%D8%AC%D9%87%D8%A7%D9%86-%D8%AA%D8%A7%D8%B1%DB%8C%D8%AE-%DA%A9%D8%AA%D8%A7%D8%A8%D8%AE%D8%A7%D9%86%D9%87/index.php HTTP/1.1" 301 - "-" "Mozilla/5.0 (Windows NT 10.0; Win64; x64) AppleWebKit/537.36 (KHTML, like Gecko) Chrome/120.0.0.0 Safari/537.36"
216.73.217.80 - - [09/Sep/2026:06:32:13 -0600] "GET /%d9%be%d9%86%d8%ac-%d8%ad%d8%a7%d8%af%d8%ab%d9%87-%d9%88-%d8%ad%d9%85%d8%a7%d8%b3%d9%87-%d8%b9%d9%84%db%8c%d9%87-%d8%b7%d8%a7%d9%84%d8%a8%d8%a7%d9%86-%d8%af%d8%b1%d8%b4%d9%85%d8%a7%d9%84%db%8c-%d9%88/feed/ HTTP/1.1" 200 1289 "-" "Mozilla/5.0 AppleWebKit/537.36 (KHTML, like Gecko; compatible; ClaudeBot/1.0; +claudebot@anthropic.com)"
103.253.27.34 - - [09/Sep/2026:06:32:13 -0600] "GET /category/%DA%A9%D8%AA%D8%A7%D8%A8%D8%AE%D8%A7%D9%86%D9%87-%D9%85/%D8%AA%D8%A7%D8%B1%DB%8C%D8%AE-%DA%A9%D8%AA%D8%A7%D8%A8%D8%AE%D8%A7%D9%86%D9%87/%D8%AC%D9%87%D8%A7%D9%86-%D8%AA%D8%A7%D8%B1%DB%8C%D8%AE-%DA%A9%D8%AA%D8%A7%D8%A8%D8%AE%D8%A7%D9%86%D9%87/php.php HTTP/1.1" 404 137932 "-" "Mozilla/5.0 (Windows NT 10.0; Win64; x64) AppleWebKit/537.36 (KHTML, like Gecko) Chrome/120.0.0.0 Safari/537.36"
5.255.231.109 - - [09/Sep/2026:06:32:14 -0600] "GET /robots.txt HTTP/1.1" 200 159 "-" "Mozilla/5.0 (compatible; YandexBot/3.0; +http://yandex.com/bots)"
103.253.27.34 - - [09/Sep/2026:06:32:15 -0600] "GET /category/%DA%A9%D8%AA%D8%A7%D8%A8%D8%AE%D8%A7%D9%86%D9%87-%D9%85/%D8%AA%D8%A7%D8%B1%DB%8C%D8%AE-%DA%A9%D8%AA%D8%A7%D8%A8%D8%AE%D8%A7%D9%86%D9%87/%D8%AC%D9%87%D8%A7%D9%86-%D8%AA%D8%A7%D8%B1%DB%8C%D8%AE-%DA%A9%D8%AA%D8%A7%D8%A8%D8%AE%D8%A7%D9%86%D9%87/shell.php HTTP/1.1" 404 137946 "-" "Mozilla/5.0 (Windows NT 10.0; Win64; x64) AppleWebKit/537.36 (KHTML, like Gecko) Chrome/120.0.0.0 Safari/537.36"
40.77.167.32 - - [09/Sep/2026:06:32:17 -0600] "GET /%D8%A7%DB%8C-%D8%B3%D9%87-%D8%B5%D8%AF-%D9%84%D8%B9%D9%86%D8%AA-%D8%A8%D8%B1%DB%8C%D9%86-%D8%A2%D9%81%D8%AA/feed/ HTTP/1.1" 200 1002 "-" "Mozilla/5.0 AppleWebKit/537.36 (KHTML, like Gecko; compatible; bingbot/2.0; +http://www.bing.com/bingbot.htm) Chrome/116.0.1938.76 Safari/537.36"
103.253.27.34 - - [09/Sep/2026:06:32:17 -0600] "GET /category/%DA%A9%D8%AA%D8%A7%D8%A8%D8%AE%D8%A7%D9%86%D9%87-%D9%85/%D8%AA%D8%A7%D8%B1%DB%8C%D8%AE-%DA%A9%D8%AA%D8%A7%D8%A8%D8%AE%D8%A7%D9%86%D9%87/%D8%AC%D9%87%D8%A7%D9%86-%D8%AA%D8%A7%D8%B1%DB%8C%D8%AE-%DA%A9%D8%AA%D8%A7%D8%A8%D8%AE%D8%A7%D9%86%D9%87/cmd.php HTTP/1.1" 404 137932 "-" "Mozilla/5.0 (Windows NT 10.0; Win64; x64) AppleWebKit/537.36 (KHTML, like Gecko) Chrome/120.0.0.0 Safari/537.36"
45.148.65.28 - - [09/Sep/2026:06:32:16 -0600] "GET / HTTP/1.1" 200 204097 "-" "Mozilla/5.0 (compatible; YandexBot/3.0; +http://yandex.com/bots)"
45.138.0.37 - - [09/Sep/2026:06:32:17 -0600] "GET / HTTP/1.1" 200 204097 "-" "Mozilla/5.0 (compatible; YandexBot/3.0; +http://yandex.com/bots)"
103.253.27.34 - - [09/Sep/2026:06:32:20 -0600] "GET /category/%DA%A9%D8%AA%D8%A7%D8%A8%D8%AE%D8%A7%D9%86%D9%87-%D9%85/%D8%AA%D8%A7%D8%B1%DB%8C%D8%AE-%DA%A9%D8%AA%D8%A7%D8%A8%D8%AE%D8%A7%D9%86%D9%87/%D8%AC%D9%87%D8%A7%D9%86-%D8%AA%D8%A7%D8%B1%DB%8C%D8%AE-%DA%A9%D8%AA%D8%A7%D8%A8%D8%AE%D8%A7%D9%86%D9%87/wso.php HTTP/1.1" 404 137932 "-" "Mozilla/5.0 (Windows NT 10.0; Win64; x64) AppleWebKit/537.36 (KHTML, like Gecko) Chrome/120.0.0.0 Safari/537.36"
103.253.27.34 - - [09/Sep/2026:06:32:22 -0600] "GET /category/%DA%A9%D8%AA%D8%A7%D8%A8%D8%AE%D8%A7%D9%86%D9%87-%D9%85/%D8%AA%D8%A7%D8%B1%DB%8C%D8%AE-%DA%A9%D8%AA%D8%A7%D8%A8%D8%AE%D8%A7%D9%86%D9%87/%D8%AC%D9%87%D8%A7%D9%86-%D8%AA%D8%A7%D8%B1%DB%8C%D8%AE-%DA%A9%D8%AA%D8%A7%D8%A8%D8%AE%D8%A7%D9%86%D9%87/c99.php HTTP/1.1" 404 137932 "-" "Mozilla/5.0 (Windows NT 10.0; Win64; x64) AppleWebKit/537.36 (KHTML, like Gecko) Chrome/120.0.0.0 Safari/537.36"
103.253.27.34 - - [09/Sep/2026:06:32:24 -0600] "GET /wp-content/uploads/2026/03/ HTTP/1.1" 404 136369 "-" "Mozilla/5.0 (Windows NT 10.0; Win64; x64) AppleWebKit/537.36 (KHTML, like Gecko) Chrome/120.0.0.0 Safari/537.36"
216.73.217.80 - - [09/Sep/2026:06:32:24 -0600] "GET /%d8%a7%d9%81%d8%b1%d8%a7%d8%af-%d8%b7%d8%a7%d9%84%d8%a8%d8%a7%d9%86-%db%8c%da%a9-%d8%aa%d9%86-%d8%b1%d8%a7-%d8%af%d8%b1-%d9%88%d9%84%d8%a7%db%8c%d8%aa-%d9%be%d8%b1%d9%88%d8%a7%d9%86-%d8%a8%d9%87/feed/ HTTP/1.1" 200 1229 "-" "Mozilla/5.0 AppleWebKit/537.36 (KHTML, like Gecko; compatible; ClaudeBot/1.0; +claudebot@anthropic.com)"
40.77.167.32 - - [09/Sep/2026:06:32:26 -0600] "GET /%D8%A7%D8%AD%D9%85%D8%AF-%D9%85%D9%86%DB%8C%D8%B1-%D8%AF%D8%B1-%D8%A7%D8%AB%D8%B1-%D8%B4%DA%A9%D9%86%D8%AC%D9%87-%D8%B7%D8%A7%D9%84%D8%A8%D8%A7%D9%86-%D8%AF%D8%B1-%DA%AF%D8%B0%D8%B4%D8%AA/feed/ HTTP/1.1" 200 1190 "-" "Mozilla/5.0 AppleWebKit/537.36 (KHTML, like Gecko; compatible; bingbot/2.0; +http://www.bing.com/bingbot.htm) Chrome/116.0.1938.76 Safari/537.36"
173.252.95.49 - - [09/Sep/2026:06:32:27 -0600] "GET /wp-content/uploads/2022/05/108741362_bolton.jpg HTTP/1.1" 200 55026 "-" "facebookexternalhit/1.1 (+http://www.facebook.com/externalhit_uatext.php)"
103.253.27.34 - - [09/Sep/2026:06:32:26 -0600] "GET /category/%D8%AA%D8%A7%D8%B1%DB%8C%D8%AE-%D9%85/%D8%AA%D8%A7%D8%B1%DB%8C%D8%AE-%D8%A7%D9%81%D8%BA%D8%A7%D9%86%D8%B3%D8%AA%D8%A7%D9%86/ HTTP/1.1" 200 177426 "-" "Mozilla/5.0 (Windows NT 10.0; Win64; x64) AppleWebKit/537.36 (KHTML, like Gecko) Chrome/120.0.0.0 Safari/537.36"
103.253.27.34 - - [09/Sep/2026:06:32:29 -0600] "GET /category/%D8%AA%D8%A7%D8%B1%DB%8C%D8%AE-%D9%85/%D8%AA%D8%A7%D8%B1%DB%8C%D8%AE-%D8%A7%D9%81%D8%BA%D8%A7%D9%86%D8%B3%D8%AA%D8%A7%D9%86/index.php HTTP/1.1" 301 - "-" "Mozilla/5.0 (Windows NT 10.0; Win64; x64) AppleWebKit/537.36 (KHTML, like Gecko) Chrome/120.0.0.0 Safari/537.36"
103.253.27.34 - - [09/Sep/2026:06:32:30 -0600] "GET /category/%D8%AA%D8%A7%D8%B1%DB%8C%D8%AE-%D9%85/%D8%AA%D8%A7%D8%B1%DB%8C%D8%AE-%D8%A7%D9%81%D8%BA%D8%A7%D9%86%D8%B3%D8%AA%D8%A7%D9%86/php.php HTTP/1.1" 404 137107 "-" "Mozilla/5.0 (Windows NT 10.0; Win64; x64) AppleWebKit/537.36 (KHTML, like Gecko) Chrome/120.0.0.0 Safari/537.36"
216.73.217.80 - - [09/Sep/2026:06:32:32 -0600] "GET /%da%a9%d8%b4%d8%aa%d9%87-%d8%b4%d8%af%d9%86-%d9%81%d8%b1%d9%85%d8%a7%d9%86%d8%af%d9%87-%d9%82%d8%b7%d8%b9%d9%87-%d8%b3%d8%b1%d8%ae-%d8%b7%d8%a7%d9%84%d8%a8%d8%a7%d9%86-%d8%af%d8%b1-%d8%a7%d9%86%d8%af/feed/ HTTP/1.1" 200 1224 "-" "Mozilla/5.0 AppleWebKit/537.36 (KHTML, like Gecko; compatible; ClaudeBot/1.0; +claudebot@anthropic.com)"
103.253.27.34 - - [09/Sep/2026:06:32:31 -0600] "GET /category/%D8%AA%D8%A7%D8%B1%DB%8C%D8%AE-%D9%85/%D8%AA%D8%A7%D8%B1%DB%8C%D8%AE-%D8%A7%D9%81%D8%BA%D8%A7%D9%86%D8%B3%D8%AA%D8%A7%D9%86/shell.php HTTP/1.1" 404 137121 "-" "Mozilla/5.0 (Windows NT 10.0; Win64; x64) AppleWebKit/537.36 (KHTML, like Gecko) Chrome/120.0.0.0 Safari/537.36"
103.253.27.34 - - [09/Sep/2026:06:32:34 -0600] "GET /category/%D8%AA%D8%A7%D8%B1%DB%8C%D8%AE-%D9%85/%D8%AA%D8%A7%D8%B1%DB%8C%D8%AE-%D8%A7%D9%81%D8%BA%D8%A7%D9%86%D8%B3%D8%AA%D8%A7%D9%86/cmd.php HTTP/1.1" 404 137107 "-" "Mozilla/5.0 (Windows NT 10.0; Win64; x64) AppleWebKit/537.36 (KHTML, like Gecko) Chrome/120.0.0.0 Safari/537.36"
103.253.27.34 - - [09/Sep/2026:06:32:36 -0600] "GET /category/%D8%AA%D8%A7%D8%B1%DB%8C%D8%AE-%D9%85/%D8%AA%D8%A7%D8%B1%DB%8C%D8%AE-%D8%A7%D9%81%D8%BA%D8%A7%D9%86%D8%B3%D8%AA%D8%A7%D9%86/wso.php HTTP/1.1" 404 137107 "-" "Mozilla/5.0 (Windows NT 10.0; Win64; x64) AppleWebKit/537.36 (KHTML, like Gecko) Chrome/120.0.0.0 Safari/537.36"
162.240.68.55 - - [09/Sep/2026:06:32:39 -0600] "POST /wp-cron.php?doing_wp_cron=1788957159.3869791030883789062500 HTTP/1.1" 200 - "-" "WordPress/7.1; https://ariapress.org"
103.253.27.34 - - [09/Sep/2026:06:32:38 -0600] "GET /category/%D8%AA%D8%A7%D8%B1%DB%8C%D8%AE-%D9%85/%D8%AA%D8%A7%D8%B1%DB%8C%D8%AE-%D8%A7%D9%81%D8%BA%D8%A7%D9%86%D8%B3%D8%AA%D8%A7%D9%86/c99.php HTTP/1.1" 404 137107 "-" "Mozilla/5.0 (Windows NT 10.0; Win64; x64) AppleWebKit/537.36 (KHTML, like Gecko) Chrome/120.0.0.0 Safari/537.36"
103.253.27.34 - - [09/Sep/2026:06:32:40 -0600] "GET /%D8%B3%DB%8C%D9%85%DB%8C%D9%86%D8%A7%D8%B1-%D8%AA%D9%82%D9%88%DB%8C%D8%AA-%D8%A7%D8%B9%D8%AA%D9%85%D8%A7%D8%AF-%D9%88-%D9%87%D9%85%D8%A8%D8%B3%D8%AA%DA%AF%DB%8C-%D8%A8%D8%B1%D8%A7%DB%8C-%D8%A2/ HTTP/1.1" 200 229974 "-" "Mozilla/5.0 (Windows NT 10.0; Win64; x64) AppleWebKit/537.36 (KHTML, like Gecko) Chrome/120.0.0.0 Safari/537.36"
103.253.27.34 - - [09/Sep/2026:06:32:42 -0600] "GET /%D8%B3%DB%8C%D9%85%DB%8C%D9%86%D8%A7%D8%B1-%D8%AA%D9%82%D9%88%DB%8C%D8%AA-%D8%A7%D8%B9%D8%AA%D9%85%D8%A7%D8%AF-%D9%88-%D9%87%D9%85%D8%A8%D8%B3%D8%AA%DA%AF%DB%8C-%D8%A8%D8%B1%D8%A7%DB%8C-%D8%A2/index.php HTTP/1.1" 301 - "-" "Mozilla/5.0 (Windows NT 10.0; Win64; x64) AppleWebKit/537.36 (KHTML, like Gecko) Chrome/120.0.0.0 Safari/537.36"
103.253.27.34 - - [09/Sep/2026:06:32:43 -0600] "GET /%D8%B3%DB%8C%D9%85%DB%8C%D9%86%D8%A7%D8%B1-%D8%AA%D9%82%D9%88%DB%8C%D8%AA-%D8%A7%D8%B9%D8%AA%D9%85%D8%A7%D8%AF-%D9%88-%D9%87%D9%85%D8%A8%D8%B3%D8%AA%DA%AF%DB%8C-%D8%A8%D8%B1%D8%A7%DB%8C-%D8%A2/php.php HTTP/1.1" 404 137515 "-" "Mozilla/5.0 (Windows NT 10.0; Win64; x64) AppleWebKit/537.36 (KHTML, like Gecko) Chrome/120.0.0.0 Safari/537.36"
103.253.27.34 - - [09/Sep/2026:06:32:44 -0600] "GET /%D8%B3%DB%8C%D9%85%DB%8C%D9%86%D8%A7%D8%B1-%D8%AA%D9%82%D9%88%DB%8C%D8%AA-%D8%A7%D8%B9%D8%AA%D9%85%D8%A7%D8%AF-%D9%88-%D9%87%D9%85%D8%A8%D8%B3%D8%AA%DA%AF%DB%8C-%D8%A8%D8%B1%D8%A7%DB%8C-%D8%A2/shell.php HTTP/1.1" 404 137529 "-" "Mozilla/5.0 (Windows NT 10.0; Win64; x64) AppleWebKit/537.36 (KHTML, like Gecko) Chrome/120.0.0.0 Safari/537.36"
103.253.27.34 - - [09/Sep/2026:06:32:46 -0600] "GET /%D8%B3%DB%8C%D9%85%DB%8C%D9%86%D8%A7%D8%B1-%D8%AA%D9%82%D9%88%DB%8C%D8%AA-%D8%A7%D8%B9%D8%AA%D9%85%D8%A7%D8%AF-%D9%88-%D9%87%D9%85%D8%A8%D8%B3%D8%AA%DA%AF%DB%8C-%D8%A8%D8%B1%D8%A7%DB%8C-%D8%A2/cmd.php HTTP/1.1" 404 137515 "-" "Mozilla/5.0 (Windows NT 10.0; Win64; x64) AppleWebKit/537.36 (KHTML, like Gecko) Chrome/120.0.0.0 Safari/537.36"
103.253.27.34 - - [09/Sep/2026:06:32:48 -0600] "GET /%D8%B3%DB%8C%D9%85%DB%8C%D9%86%D8%A7%D8%B1-%D8%AA%D9%82%D9%88%DB%8C%D8%AA-%D8%A7%D8%B9%D8%AA%D9%85%D8%A7%D8%AF-%D9%88-%D9%87%D9%85%D8%A8%D8%B3%D8%AA%DA%AF%DB%8C-%D8%A8%D8%B1%D8%A7%DB%8C-%D8%A2/wso.php HTTP/1.1" 404 137515 "-" "Mozilla/5.0 (Windows NT 10.0; Win64; x64) AppleWebKit/537.36 (KHTML, like Gecko) Chrome/120.0.0.0 Safari/537.36"
216.73.217.80 - - [09/Sep/2026:06:32:49 -0600] "GET /%d9%84%d8%aa-%d9%88-%da%a9%d9%88%d8%a8-%d9%85%d9%88%d9%84%d9%88%db%8c-%d8%a7%d9%85%d8%a7%d9%86-%d8%a7%d9%84%d8%af%db%8c%d9%86-%d9%85%d9%86%d8%b5%d9%88%d8%b1-%d8%aa%d9%88%d8%b3%d8%b7-%d8%ae%d9%88%d8%a7/feed/ HTTP/1.1" 200 1248 "-" "Mozilla/5.0 AppleWebKit/537.36 (KHTML, like Gecko; compatible; ClaudeBot/1.0; +claudebot@anthropic.com)"
103.253.27.34 - - [09/Sep/2026:06:32:49 -0600] "GET /%D8%B3%DB%8C%D9%85%DB%8C%D9%86%D8%A7%D8%B1-%D8%AA%D9%82%D9%88%DB%8C%D8%AA-%D8%A7%D8%B9%D8%AA%D9%85%D8%A7%D8%AF-%D9%88-%D9%87%D9%85%D8%A8%D8%B3%D8%AA%DA%AF%DB%8C-%D8%A8%D8%B1%D8%A7%DB%8C-%D8%A2/c99.php HTTP/1.1" 404 137515 "-" "Mozilla/5.0 (Windows NT 10.0; Win64; x64) AppleWebKit/537.36 (KHTML, like Gecko) Chrome/120.0.0.0 Safari/537.36"
103.253.27.34 - - [09/Sep/2026:06:32:52 -0600] "GET /category/%D8%AA%D8%A7%D8%B1%DB%8C%D8%AE-%D9%85/%D8%AA%D8%A7%D8%B1%DB%8C%D8%AE-%D8%AC%D9%87%D8%A7%D9%86/ HTTP/1.1" 200 158160 "-" "Mozilla/5.0 (Windows NT 10.0; Win64; x64) AppleWebKit/537.36 (KHTML, like Gecko) Chrome/120.0.0.0 Safari/537.36"
103.253.27.34 - - [09/Sep/2026:06:32:54 -0600] "GET /category/%D8%AA%D8%A7%D8%B1%DB%8C%D8%AE-%D9%85/%D8%AA%D8%A7%D8%B1%DB%8C%D8%AE-%D8%AC%D9%87%D8%A7%D9%86/index.php HTTP/1.1" 301 - "-" "Mozilla/5.0 (Windows NT 10.0; Win64; x64) AppleWebKit/537.36 (KHTML, like Gecko) Chrome/120.0.0.0 Safari/537.36"
103.253.27.34 - - [09/Sep/2026:06:32:55 -0600] "GET /category/%D8%AA%D8%A7%D8%B1%DB%8C%D8%AE-%D9%85/%D8%AA%D8%A7%D8%B1%DB%8C%D8%AE-%D8%AC%D9%87%D8%A7%D9%86/php.php HTTP/1.1" 404 136897 "-" "Mozilla/5.0 (Windows NT 10.0; Win64; x64) AppleWebKit/537.36 (KHTML, like Gecko) Chrome/120.0.0.0 Safari/537.36"
216.73.217.80 - - [09/Sep/2026:06:32:56 -0600] "GET /%da%a9%d8%b4%d8%aa%d9%87-%d8%b4%d8%af-%d9%81%d8%b1%d9%85%d8%a7%d9%86%d8%af%d9%87-%d8%a7%d8%b1%d8%b4%d8%af-%d8%ac%d8%a8%d9%87%d9%87-%d9%85%d9%82%d8%a7%d9%88%d9%85%d8%aa-%d8%b6%d8%af-%d8%b7%d8%a7%d9%84/feed/ HTTP/1.1" 200 1244 "-" "Mozilla/5.0 AppleWebKit/537.36 (KHTML, like Gecko; compatible; ClaudeBot/1.0; +claudebot@anthropic.com)"
103.253.27.34 - - [09/Sep/2026:06:32:57 -0600] "GET /category/%D8%AA%D8%A7%D8%B1%DB%8C%D8%AE-%D9%85/%D8%AA%D8%A7%D8%B1%DB%8C%D8%AE-%D8%AC%D9%87%D8%A7%D9%86/shell.php HTTP/1.1" 404 136911 "-" "Mozilla/5.0 (Windows NT 10.0; Win64; x64) AppleWebKit/537.36 (KHTML, like Gecko) Chrome/120.0.0.0 Safari/537.36"
216.73.217.80 - - [09/Sep/2026:06:32:59 -0600] "GET /3ebu HTTP/1.1" 307 - "-" "Mozilla/5.0 AppleWebKit/537.36 (KHTML, like Gecko; compatible; ClaudeBot/1.0; +claudebot@anthropic.com)"
216.73.217.80 - - [09/Sep/2026:06:32:59 -0600] "GET /wudd HTTP/1.1" 307 - "-" "Mozilla/5.0 AppleWebKit/537.36 (KHTML, like Gecko; compatible; ClaudeBot/1.0; +claudebot@anthropic.com)"
162.240.68.55 - - [09/Sep/2026:06:33:01 -0600] "POST /wp-cron.php?doing_wp_cron=1788957181.4836590290069580078125 HTTP/1.1" 200 - "-" "WordPress/7.1; https://ariapress.org"
103.253.27.34 - - [09/Sep/2026:06:32:59 -0600] "GET /category/%D8%AA%D8%A7%D8%B1%DB%8C%D8%AE-%D9%85/%D8%AA%D8%A7%D8%B1%DB%8C%D8%AE-%D8%AC%D9%87%D8%A7%D9%86/cmd.php HTTP/1.1" 404 136897 "-" "Mozilla/5.0 (Windows NT 10.0; Win64; x64) AppleWebKit/537.36 (KHTML, like Gecko) Chrome/120.0.0.0 Safari/537.36"
216.73.217.80 - - [09/Sep/2026:06:33:01 -0600] "GET /pvc2 HTTP/1.1" 307 - "-" "Mozilla/5.0 AppleWebKit/537.36 (KHTML, like Gecko; compatible; ClaudeBot/1.0; +claudebot@anthropic.com)"
216.73.217.80 - - [09/Sep/2026:06:33:02 -0600] "GET /2v62 HTTP/1.1" 307 - "-" "Mozilla/5.0 AppleWebKit/537.36 (KHTML, like Gecko; compatible; ClaudeBot/1.0; +claudebot@anthropic.com)"
103.253.27.34 - - [09/Sep/2026:06:33:02 -0600] "GET /category/%D8%AA%D8%A7%D8%B1%DB%8C%D8%AE-%D9%85/%D8%AA%D8%A7%D8%B1%DB%8C%D8%AE-%D8%AC%D9%87%D8%A7%D9%86/wso.php HTTP/1.1" 404 136897 "-" "Mozilla/5.0 (Windows NT 10.0; Win64; x64) AppleWebKit/537.36 (KHTML, like Gecko) Chrome/120.0.0.0 Safari/537.36"
216.73.217.80 - - [09/Sep/2026:06:33:03 -0600] "GET /%d9%85%d9%88%d9%84%d9%88%db%8c-%d8%a7%d9%85%db%8c%d9%86%d8%a7%d9%84%d8%ad%d9%82-%d8%a8%d9%87-%d9%85%d8%b1%d8%af%d9%85-%d9%be%d9%86%d8%ac%d8%b4%db%8c%d8%b1-%d9%87%d8%b1%d8%a7%d8%aa%d9%81/ HTTP/1.1" 200 214305 "https://ariapress.org/pvc2" "Mozilla/5.0 AppleWebKit/537.36 (KHTML, like Gecko; compatible; ClaudeBot/1.0; +claudebot@anthropic.com)"
216.73.217.80 - - [09/Sep/2026:06:33:04 -0600] "GET /%d8%b7%d8%a7%d9%84%d8%a8%d8%a7%d9%86-%d8%af%db%8c%d9%86%da%af%d8%b1%d8%a7-%d9%88-%d8%b7%d8%a7%d9%84%d8%a8%d8%a7%d9%86-%d9%82%d9%88%d9%85%da%af%d8%b1%d8%a7%d8%aa%d9%82%d8%a7%d8%a8/ HTTP/1.1" 200 200127 "https://ariapress.org/2v62" "Mozilla/5.0 AppleWebKit/537.36 (KHTML, like Gecko; compatible; ClaudeBot/1.0; +claudebot@anthropic.com)"
103.253.27.34 - - [09/Sep/2026:06:33:05 -0600] "GET /category/%D8%AA%D8%A7%D8%B1%DB%8C%D8%AE-%D9%85/%D8%AA%D8%A7%D8%B1%DB%8C%D8%AE-%D8%AC%D9%87%D8%A7%D9%86/c99.php HTTP/1.1" 404 136897 "-" "Mozilla/5.0 (Windows NT 10.0; Win64; x64) AppleWebKit/537.36 (KHTML, like Gecko) Chrome/120.0.0.0 Safari/537.36"
216.73.217.80 - - [09/Sep/2026:06:33:05 -0600] "GET /1vl4 HTTP/1.1" 307 - "-" "Mozilla/5.0 AppleWebKit/537.36 (KHTML, like Gecko; compatible; ClaudeBot/1.0; +claudebot@anthropic.com)"
103.253.27.34 - - [09/Sep/2026:06:33:07 -0600] "GET /%DA%86%D9%87%D8%A7%D8%B1%D8%B3%D8%A7%D9%84%DA%AF%DB%8C-%D8%AD%D8%A7%DA%A9%D9%85%DB%8C%D8%AA-%D8%B7%D8%A7%D9%84%D8%A8%D8%A7%D9%86-%D9%88-%D9%88%D8%B6%D8%B9%DB%8C%D8%AA-%D8%B1%D8%B3%D8%A7%D9%86%D9%87/ HTTP/1.1" 200 198378 "-" "Mozilla/5.0 (Windows NT 10.0; Win64; x64) AppleWebKit/537.36 (KHTML, like Gecko) Chrome/120.0.0.0 Safari/537.36"
185.191.171.3 - - [09/Sep/2026:06:33:07 -0600] "GET /%DB%8C%D8%B9%D9%82%D9%88%D8%A8-%DB%8C%D8%B3%D9%86%D8%A7-%D8%A8%DB%8C%D8%B1%D9%88%D9%86-%D8%A7%D8%B2-%D8%A7%D9%81%D8%BA%D8%A7%D9%86%D8%B3%D8%AA%D8%A7%D9%86/ HTTP/1.1" 200 218716 "-" "Mozilla/5.0 (compatible; SemrushBot/7~bl; +http://www.semrush.com/bot.html)"
103.253.27.34 - - [09/Sep/2026:06:33:10 -0600] "GET /%DA%86%D9%87%D8%A7%D8%B1%D8%B3%D8%A7%D9%84%DA%AF%DB%8C-%D8%AD%D8%A7%DA%A9%D9%85%DB%8C%D8%AA-%D8%B7%D8%A7%D9%84%D8%A8%D8%A7%D9%86-%D9%88-%D9%88%D8%B6%D8%B9%DB%8C%D8%AA-%D8%B1%D8%B3%D8%A7%D9%86%D9%87/index.php HTTP/1.1" 301 - "-" "Mozilla/5.0 (Windows NT 10.0; Win64; x64) AppleWebKit/537.36 (KHTML, like Gecko) Chrome/120.0.0.0 Safari/537.36"
103.253.27.34 - - [09/Sep/2026:06:33:11 -0600] "GET /%DA%86%D9%87%D8%A7%D8%B1%D8%B3%D8%A7%D9%84%DA%AF%DB%8C-%D8%AD%D8%A7%DA%A9%D9%85%DB%8C%D8%AA-%D8%B7%D8%A7%D9%84%D8%A8%D8%A7%D9%86-%D9%88-%D9%88%D8%B6%D8%B9%DB%8C%D8%AA-%D8%B1%D8%B3%D8%A7%D9%86%D9%87/php.php HTTP/1.1" 404 137550 "-" "Mozilla/5.0 (Windows NT 10.0; Win64; x64) AppleWebKit/537.36 (KHTML, like Gecko) Chrome/120.0.0.0 Safari/537.36"
103.253.27.34 - - [09/Sep/2026:06:33:13 -0600] "GET /%DA%86%D9%87%D8%A7%D8%B1%D8%B3%D8%A7%D9%84%DA%AF%DB%8C-%D8%AD%D8%A7%DA%A9%D9%85%DB%8C%D8%AA-%D8%B7%D8%A7%D9%84%D8%A8%D8%A7%D9%86-%D9%88-%D9%88%D8%B6%D8%B9%DB%8C%D8%AA-%D8%B1%D8%B3%D8%A7%D9%86%D9%87/shell.php HTTP/1.1" 404 137564 "-" "Mozilla/5.0 (Windows NT 10.0; Win64; x64) AppleWebKit/537.36 (KHTML, like Gecko) Chrome/120.0.0.0 Safari/537.36"
103.253.27.34 - - [09/Sep/2026:06:33:15 -0600] "GET /%DA%86%D9%87%D8%A7%D8%B1%D8%B3%D8%A7%D9%84%DA%AF%DB%8C-%D8%AD%D8%A7%DA%A9%D9%85%DB%8C%D8%AA-%D8%B7%D8%A7%D9%84%D8%A8%D8%A7%D9%86-%D9%88-%D9%88%D8%B6%D8%B9%DB%8C%D8%AA-%D8%B1%D8%B3%D8%A7%D9%86%D9%87/cmd.php HTTP/1.1" 404 137550 "-" "Mozilla/5.0 (Windows NT 10.0; Win64; x64) AppleWebKit/537.36 (KHTML, like Gecko) Chrome/120.0.0.0 Safari/537.36"
216.73.217.80 - - [09/Sep/2026:06:33:15 -0600] "GET /7n2y HTTP/1.1" 307 - "-" "Mozilla/5.0 AppleWebKit/537.36 (KHTML, like Gecko; compatible; ClaudeBot/1.0; +claudebot@anthropic.com)"
216.73.217.80 - - [09/Sep/2026:06:33:16 -0600] "GET /?p=2016 HTTP/1.1" 301 - "-" "Mozilla/5.0 AppleWebKit/537.36 (KHTML, like Gecko; compatible; ClaudeBot/1.0; +claudebot@anthropic.com)"
216.73.217.80 - - [09/Sep/2026:06:33:17 -0600] "GET /%d8%b7%d8%a7%d9%84%d8%a8%d8%a7%d9%86-%d9%82%d8%a8%d9%84%d9%87%db%8c-%d9%85%d8%b1%d8%af%d9%85-%d8%b1%d8%a7-%d8%a7%d8%b2-%d8%b7%d8%b1%d9%81-%d8%ae%d8%af%d8%a7-%d8%a8%d9%87-%d8%b3%d9%88%db%8c/ HTTP/1.1" 200 208789 "https://ariapress.org/7n2y" "Mozilla/5.0 AppleWebKit/537.36 (KHTML, like Gecko; compatible; ClaudeBot/1.0; +claudebot@anthropic.com)"
103.253.27.34 - - [09/Sep/2026:06:33:17 -0600] "GET /%DA%86%D9%87%D8%A7%D8%B1%D8%B3%D8%A7%D9%84%DA%AF%DB%8C-%D8%AD%D8%A7%DA%A9%D9%85%DB%8C%D8%AA-%D8%B7%D8%A7%D9%84%D8%A8%D8%A7%D9%86-%D9%88-%D9%88%D8%B6%D8%B9%DB%8C%D8%AA-%D8%B1%D8%B3%D8%A7%D9%86%D9%87/wso.php HTTP/1.1" 404 137550 "-" "Mozilla/5.0 (Windows NT 10.0; Win64; x64) AppleWebKit/537.36 (KHTML, like Gecko) Chrome/120.0.0.0 Safari/537.36"
