173.252.82.63 - - [09/Sep/2026:06:27:31 -0600] "GET /wp-content/uploads/2022/05/paryan-390x220.jpg HTTP/1.1" 200 33026 "https://ariapress.org/%d8%a7%d8%ad%d9%85%d8%af%d9%85%d8%b3%d8%b9%d9%88%d8%af-%d8%b7%d8%a7%d9%84%d8%a8%d8%a7%d9%86-%d8%aa%d9%87%d8%af%db%8c%d8%af%db%8c-%d8%a8%d9%87-%d8%ad%d9%88%d8%b2%d9%87%db%8c-%d8%aa%d9%85/?fbclid=IwcGRvZgRleHRuA2FlbQIxMQBzcnRjBmFwcF9pZAwyNTYyODEwNDA1NTgAAR6-Y-UECOOgqJ9hMAEtg6AXi1JgORaV_7HBQdkaxKkOs0eTmTX0D-_Ng7EmXQ_aem_3whSDLbXnj69VSLwodKdIg" "Mozilla/5.0 (Windows NT 10.0; Win64; x64) AppleWebKit/537.36 (KHTML, like Gecko) Chrome/139.0.0.0 Safari/537.36"
173.252.87.18 - - [09/Sep/2026:06:27:31 -0600] "GET /wp-content/uploads/2022/04/baghlan8-390x220.jpg HTTP/1.1" 200 27063 "https://ariapress.org/%D8%A7%D8%AD%D9%85%D8%AF%D9%85%D8%B3%D8%B9%D9%88%D8%AF-%D8%B7%D8%A7%D9%84%D8%A8%D8%A7%D9%86-%D8%AA%D9%87%D8%AF%DB%8C%D8%AF%DB%8C-%D8%A8%D9%87-%D8%AD%D9%88%D8%B2%D9%87%DB%8C-%D8%AA%D9%85/?fbclid=IwcGRvZgRleHRuA2FlbQIxMQBzcnRjBmFwcF9pZAwyNTYyODEwNDA1NTgAAR5ATj9dxo0Jhxd4rhKVPLsiCG6uFBcEUh-DIITqCH63Bih6NwhLCQNs29CO1w_aem_aHj8q4V7Wms9GFKtwXFR0A" "Mozilla/5.0 (Windows NT 10.0; Win64; x64) AppleWebKit/537.36 (KHTML, like Gecko) Chrome/139.0.0.0 Safari/537.36"
173.252.82.28 - - [09/Sep/2026:06:27:31 -0600] "GET /wp-content/uploads/2022/06/%D9%85%DB%8C%D8%B4%D9%84-%D8%A8%D8%A7%D8%B4%D9%84%D9%87-390x220.jpg HTTP/1.1" 200 10676 "https://ariapress.org/%d8%a7%d8%ad%d9%85%d8%af%d9%85%d8%b3%d8%b9%d9%88%d8%af-%d8%b7%d8%a7%d9%84%d8%a8%d8%a7%d9%86-%d8%aa%d9%87%d8%af%db%8c%d8%af%db%8c-%d8%a8%d9%87-%d8%ad%d9%88%d8%b2%d9%87%db%8c-%d8%aa%d9%85/?fbclid=IwcGRvZgRleHRuA2FlbQIxMQBzcnRjBmFwcF9pZAwyNTYyODEwNDA1NTgAAR6-Y-UECOOgqJ9hMAEtg6AXi1JgORaV_7HBQdkaxKkOs0eTmTX0D-_Ng7EmXQ_aem_3whSDLbXnj69VSLwodKdIg" "Mozilla/5.0 (Windows NT 10.0; Win64; x64) AppleWebKit/537.36 (KHTML, like Gecko) Chrome/139.0.0.0 Safari/537.36"
173.252.70.17 - - [09/Sep/2026:06:27:31 -0600] "GET /wp-content/uploads/2022/06/TalibanFlagAfghanistanBriefing-390x220.jpg HTTP/1.1" 200 11278 "https://ariapress.org/%D8%A7%D8%AD%D9%85%D8%AF%D9%85%D8%B3%D8%B9%D9%88%D8%AF-%D8%B7%D8%A7%D9%84%D8%A8%D8%A7%D9%86-%D8%AA%D9%87%D8%AF%DB%8C%D8%AF%DB%8C-%D8%A8%D9%87-%D8%AD%D9%88%D8%B2%D9%87%DB%8C-%D8%AA%D9%85/?fbclid=IwcGRvZgRleHRuA2FlbQIxMQBzcnRjBmFwcF9pZAwyNTYyODEwNDA1NTgAAR5ATj9dxo0Jhxd4rhKVPLsiCG6uFBcEUh-DIITqCH63Bih6NwhLCQNs29CO1w_aem_aHj8q4V7Wms9GFKtwXFR0A" "Mozilla/5.0 (Windows NT 10.0; Win64; x64) AppleWebKit/537.36 (KHTML, like Gecko) Chrome/139.0.0.0 Safari/537.36"
173.252.87.42 - - [09/Sep/2026:06:27:31 -0600] "GET /wp-content/plugins/bluehost-wordpress-plugin/vendor/newfold-labs/wp-module-performance/build/assets/link-prefetch.min.js?ver=4.19.1 HTTP/1.1" 200 2736 "https://ariapress.org/%d8%a7%d8%ad%d9%85%d8%af%d9%85%d8%b3%d8%b9%d9%88%d8%af-%d8%b7%d8%a7%d9%84%d8%a8%d8%a7%d9%86-%d8%aa%d9%87%d8%af%db%8c%d8%af%db%8c-%d8%a8%d9%87-%d8%ad%d9%88%d8%b2%d9%87%db%8c-%d8%aa%d9%85/?fbclid=IwcGRvZgRleHRuA2FlbQIxMQBzcnRjBmFwcF9pZAwyNTYyODEwNDA1NTgAAR6-Y-UECOOgqJ9hMAEtg6AXi1JgORaV_7HBQdkaxKkOs0eTmTX0D-_Ng7EmXQ_aem_3whSDLbXnj69VSLwodKdIg" "Mozilla/5.0 (Windows NT 10.0; Win64; x64) AppleWebKit/537.36 (KHTML, like Gecko) Chrome/139.0.0.0 Safari/537.36"
173.252.87.41 - - [09/Sep/2026:06:27:32 -0600] "GET /wp-content/plugins/bluehost-wordpress-plugin/vendor/newfold-labs/wp-module-performance/build/assets/link-prefetch.min.js?ver=4.19.1 HTTP/1.1" 200 2736 "https://ariapress.org/%D8%A7%D8%AD%D9%85%D8%AF%D9%85%D8%B3%D8%B9%D9%88%D8%AF-%D8%B7%D8%A7%D9%84%D8%A8%D8%A7%D9%86-%D8%AA%D9%87%D8%AF%DB%8C%D8%AF%DB%8C-%D8%A8%D9%87-%D8%AD%D9%88%D8%B2%D9%87%DB%8C-%D8%AA%D9%85/?fbclid=IwcGRvZgRleHRuA2FlbQIxMQBzcnRjBmFwcF9pZAwyNTYyODEwNDA1NTgAAR5ATj9dxo0Jhxd4rhKVPLsiCG6uFBcEUh-DIITqCH63Bih6NwhLCQNs29CO1w_aem_aHj8q4V7Wms9GFKtwXFR0A" "Mozilla/5.0 (Windows NT 10.0; Win64; x64) AppleWebKit/537.36 (KHTML, like Gecko) Chrome/139.0.0.0 Safari/537.36"
173.252.82.38 - - [09/Sep/2026:06:27:32 -0600] "GET /wp-content/themes/jannah/assets/css/print.css?ver=7.4.1 HTTP/1.1" 200 1848 "https://ariapress.org/%d8%a7%d8%ad%d9%85%d8%af%d9%85%d8%b3%d8%b9%d9%88%d8%af-%d8%b7%d8%a7%d9%84%d8%a8%d8%a7%d9%86-%d8%aa%d9%87%d8%af%db%8c%d8%af%db%8c-%d8%a8%d9%87-%d8%ad%d9%88%d8%b2%d9%87%db%8c-%d8%aa%d9%85/?fbclid=IwcGRvZgRleHRuA2FlbQIxMQBzcnRjBmFwcF9pZAwyNTYyODEwNDA1NTgAAR6-Y-UECOOgqJ9hMAEtg6AXi1JgORaV_7HBQdkaxKkOs0eTmTX0D-_Ng7EmXQ_aem_3whSDLbXnj69VSLwodKdIg" "Mozilla/5.0 (Windows NT 10.0; Win64; x64) AppleWebKit/537.36 (KHTML, like Gecko) Chrome/139.0.0.0 Safari/537.36"
173.252.70.41 - - [09/Sep/2026:06:27:32 -0600] "GET /wp-includes/js/comment-reply.min.js?ver=7.1 HTTP/1.1" 200 2950 "https://ariapress.org/%D8%A7%D8%AD%D9%85%D8%AF%D9%85%D8%B3%D8%B9%D9%88%D8%AF-%D8%B7%D8%A7%D9%84%D8%A8%D8%A7%D9%86-%D8%AA%D9%87%D8%AF%DB%8C%D8%AF%DB%8C-%D8%A8%D9%87-%D8%AD%D9%88%D8%B2%D9%87%DB%8C-%D8%AA%D9%85/?fbclid=IwcGRvZgRleHRuA2FlbQIxMQBzcnRjBmFwcF9pZAwyNTYyODEwNDA1NTgAAR5ATj9dxo0Jhxd4rhKVPLsiCG6uFBcEUh-DIITqCH63Bih6NwhLCQNs29CO1w_aem_aHj8q4V7Wms9GFKtwXFR0A" "Mozilla/5.0 (Windows NT 10.0; Win64; x64) AppleWebKit/537.36 (KHTML, like Gecko) Chrome/139.0.0.0 Safari/537.36"
173.252.70.71 - - [09/Sep/2026:06:27:32 -0600] "GET /wp-includes/js/comment-reply.min.js?ver=7.1 HTTP/1.1" 200 2950 "https://ariapress.org/%d8%a7%d8%ad%d9%85%d8%af%d9%85%d8%b3%d8%b9%d9%88%d8%af-%d8%b7%d8%a7%d9%84%d8%a8%d8%a7%d9%86-%d8%aa%d9%87%d8%af%db%8c%d8%af%db%8c-%d8%a8%d9%87-%d8%ad%d9%88%d8%b2%d9%87%db%8c-%d8%aa%d9%85/?fbclid=IwcGRvZgRleHRuA2FlbQIxMQBzcnRjBmFwcF9pZAwyNTYyODEwNDA1NTgAAR6-Y-UECOOgqJ9hMAEtg6AXi1JgORaV_7HBQdkaxKkOs0eTmTX0D-_Ng7EmXQ_aem_3whSDLbXnj69VSLwodKdIg" "Mozilla/5.0 (Windows NT 10.0; Win64; x64) AppleWebKit/537.36 (KHTML, like Gecko) Chrome/139.0.0.0 Safari/537.36"
173.252.82.41 - - [09/Sep/2026:06:27:32 -0600] "GET /wp-content/themes/jannah/assets/css/print.css?ver=7.4.1 HTTP/1.1" 200 1848 "https://ariapress.org/%D8%A7%D8%AD%D9%85%D8%AF%D9%85%D8%B3%D8%B9%D9%88%D8%AF-%D8%B7%D8%A7%D9%84%D8%A8%D8%A7%D9%86-%D8%AA%D9%87%D8%AF%DB%8C%D8%AF%DB%8C-%D8%A8%D9%87-%D8%AD%D9%88%D8%B2%D9%87%DB%8C-%D8%AA%D9%85/?fbclid=IwcGRvZgRleHRuA2FlbQIxMQBzcnRjBmFwcF9pZAwyNTYyODEwNDA1NTgAAR5ATj9dxo0Jhxd4rhKVPLsiCG6uFBcEUh-DIITqCH63Bih6NwhLCQNs29CO1w_aem_aHj8q4V7Wms9GFKtwXFR0A" "Mozilla/5.0 (Windows NT 10.0; Win64; x64) AppleWebKit/537.36 (KHTML, like Gecko) Chrome/139.0.0.0 Safari/537.36"
173.252.87.38 - - [09/Sep/2026:06:27:32 -0600] "GET /wp-content/uploads/2022/09/cropped-android-chrome-512x512-1-32x32.png HTTP/1.1" 200 1017 "https://ariapress.org/%d8%a7%d8%ad%d9%85%d8%af%d9%85%d8%b3%d8%b9%d9%88%d8%af-%d8%b7%d8%a7%d9%84%d8%a8%d8%a7%d9%86-%d8%aa%d9%87%d8%af%db%8c%d8%af%db%8c-%d8%a8%d9%87-%d8%ad%d9%88%d8%b2%d9%87%db%8c-%d8%aa%d9%85/?fbclid=IwcGRvZgRleHRuA2FlbQIxMQBzcnRjBmFwcF9pZAwyNTYyODEwNDA1NTgAAR6-Y-UECOOgqJ9hMAEtg6AXi1JgORaV_7HBQdkaxKkOs0eTmTX0D-_Ng7EmXQ_aem_3whSDLbXnj69VSLwodKdIg" "Mozilla/5.0 (Windows NT 10.0; Win64; x64) AppleWebKit/537.36 (KHTML, like Gecko) Chrome/139.0.0.0 Safari/537.36"
173.252.87.52 - - [09/Sep/2026:06:27:32 -0600] "GET /wp-content/uploads/2022/09/cropped-android-chrome-512x512-1-32x32.png HTTP/1.1" 200 1017 "https://ariapress.org/%D8%A7%D8%AD%D9%85%D8%AF%D9%85%D8%B3%D8%B9%D9%88%D8%AF-%D8%B7%D8%A7%D9%84%D8%A8%D8%A7%D9%86-%D8%AA%D9%87%D8%AF%DB%8C%D8%AF%DB%8C-%D8%A8%D9%87-%D8%AD%D9%88%D8%B2%D9%87%DB%8C-%D8%AA%D9%85/?fbclid=IwcGRvZgRleHRuA2FlbQIxMQBzcnRjBmFwcF9pZAwyNTYyODEwNDA1NTgAAR5ATj9dxo0Jhxd4rhKVPLsiCG6uFBcEUh-DIITqCH63Bih6NwhLCQNs29CO1w_aem_aHj8q4V7Wms9GFKtwXFR0A" "Mozilla/5.0 (Windows NT 10.0; Win64; x64) AppleWebKit/537.36 (KHTML, like Gecko) Chrome/139.0.0.0 Safari/537.36"
216.73.217.80 - - [09/Sep/2026:06:27:27 -0600] "GET /%da%af%d8%b2%d8%a7%d8%b1%d8%b4-%d9%86%d8%a8%d8%b1%d8%af-%d9%87%d8%a7%db%8c-%d9%87%d9%81%d8%aa%d9%87-%d8%a7%d8%ae%db%8c%d8%b1/ HTTP/1.1" 200 226616 "-" "Mozilla/5.0 AppleWebKit/537.36 (KHTML, like Gecko; compatible; ClaudeBot/1.0; +claudebot@anthropic.com)"
216.73.217.80 - - [09/Sep/2026:06:27:28 -0600] "GET /%d8%a7%db%8c%d9%86-%d8%a8%d8%a7%d8%b1-%d9%85%d8%b9%d9%86%d9%88%db%8c%d8%aa-%d8%b3%d9%82%d9%88%d8%b7-%da%a9%d8%b1%d8%af/feed/ HTTP/1.1" 200 1028 "-" "Mozilla/5.0 AppleWebKit/537.36 (KHTML, like Gecko; compatible; ClaudeBot/1.0; +claudebot@anthropic.com)"
216.73.217.80 - - [09/Sep/2026:06:27:29 -0600] "GET /tag/%d8%ad%d9%85%d9%84%d9%87-%d8%a7%d9%85%d8%b1%db%8c%da%a9%d8%a7-%d8%a8%d8%b1-%d8%b7%d8%a7%d9%84%d8%a8%d8%a7%d9%86/feed/ HTTP/1.1" 200 19960 "-" "Mozilla/5.0 AppleWebKit/537.36 (KHTML, like Gecko; compatible; ClaudeBot/1.0; +claudebot@anthropic.com)"
216.73.217.80 - - [09/Sep/2026:06:27:29 -0600] "GET /%d8%af%d8%b1%da%af%db%8c%d8%b1%db%8c-%d9%87%d8%a7%db%8c-%d8%a7%d9%85%d8%b1%d9%88%d8%b2-%d8%af%d8%b1-%d9%be%d9%86%d8%ac%d8%b4%db%8c%d8%b1/ HTTP/1.1" 200 186680 "-" "Mozilla/5.0 AppleWebKit/537.36 (KHTML, like Gecko; compatible; ClaudeBot/1.0; +claudebot@anthropic.com)"
216.73.217.80 - - [09/Sep/2026:06:27:29 -0600] "GET /tag/%d8%a8%d8%b3%d8%aa%d9%87-%d9%87%d8%a7%db%8c-40-%d9%85%d9%84%db%8c%d9%88%d9%86-%d8%af%d8%a7%d9%84%d8%b1%db%8c/ HTTP/1.1" 200 143736 "-" "Mozilla/5.0 AppleWebKit/537.36 (KHTML, like Gecko; compatible; ClaudeBot/1.0; +claudebot@anthropic.com)"
103.253.27.34 - - [09/Sep/2026:06:27:31 -0600] "GET /category/%D8%AE%D8%A8%D8%B1-%D9%87%D8%A7/%D8%A7%D8%AE%D8%A8%D8%A7%D8%B1-%D8%AF%D8%A7%D8%AE%D9%84%DB%8C/index.php HTTP/1.1" 301 - "-" "Mozilla/5.0 (Windows NT 10.0; Win64; x64) AppleWebKit/537.36 (KHTML, like Gecko) Chrome/120.0.0.0 Safari/537.36"
216.73.217.80 - - [09/Sep/2026:06:27:33 -0600] "GET /%d8%b4%d8%b9%d8%b1-%d9%88-%d8%b4%d8%a7%d8%b9%d8%b1%db%8c-%d8%b3%db%8c%d8%af-%d9%82%d8%a7%d8%b3%d9%85-%d9%82%d8%a7%d8%b3%d9%85/feed/ HTTP/1.1" 200 1044 "-" "Mozilla/5.0 AppleWebKit/537.36 (KHTML, like Gecko; compatible; ClaudeBot/1.0; +claudebot@anthropic.com)"
216.73.217.80 - - [09/Sep/2026:06:27:29 -0600] "GET /%d8%a2%d8%b2%d8%a7%d8%af_%d8%b4%d8%af%d9%86_%d8%b4%d9%87%d8%b1%d8%b3%d8%aa%d8%a7%d9%86_%d8%b4%da%a9%db%8c_%d8%a8%d8%af%d8%ae%d8%b4%d8%a7%d9%86/ HTTP/1.1" 200 175792 "-" "Mozilla/5.0 AppleWebKit/537.36 (KHTML, like Gecko; compatible; ClaudeBot/1.0; +claudebot@anthropic.com)"
216.73.217.80 - - [09/Sep/2026:06:27:33 -0600] "GET /%d8%b7%d8%a7%d9%84%d8%a8%d8%a7%d9%86-%d9%88-%d9%81%d8%b1%d9%87%d9%86%da%af-%d8%b3%d8%a7%d8%b2%db%8c-%d9%81%d9%82%d8%b1/ HTTP/1.1" 200 163824 "-" "Mozilla/5.0 AppleWebKit/537.36 (KHTML, like Gecko; compatible; ClaudeBot/1.0; +claudebot@anthropic.com)"
216.73.217.80 - - [09/Sep/2026:06:27:34 -0600] "GET /%d8%b3%db%8c%d8%af-%d9%88%da%a9%db%8c%d9%84-%d8%b2%db%8c%d8%b1-%d8%b4%da%a9%d9%86%d8%ac%d9%87-%d8%ac%d8%a7%d9%86-%d8%a8%d8%a7%d8%ae%d8%aa/ HTTP/1.1" 200 202750 "-" "Mozilla/5.0 AppleWebKit/537.36 (KHTML, like Gecko; compatible; ClaudeBot/1.0; +claudebot@anthropic.com)"
216.73.217.80 - - [09/Sep/2026:06:27:34 -0600] "GET /tag/%d9%85%d8%a7%d8%b1%d8%b4%d8%a7%d9%84-%d8%b9%d8%a8%d8%af%d8%a7%d9%84%d8%b1%d8%b4%db%8c%d8%af-%d8%af%d9%88%d8%b3%d8%aa%d9%85/ HTTP/1.1" 200 144515 "-" "Mozilla/5.0 AppleWebKit/537.36 (KHTML, like Gecko; compatible; ClaudeBot/1.0; +claudebot@anthropic.com)"
103.253.27.34 - - [09/Sep/2026:06:27:36 -0600] "GET /category/%D8%AE%D8%A8%D8%B1-%D9%87%D8%A7/%D8%A7%D8%AE%D8%A8%D8%A7%D8%B1-%D8%AF%D8%A7%D8%AE%D9%84%DB%8C/php.php HTTP/1.1" 404 136897 "-" "Mozilla/5.0 (Windows NT 10.0; Win64; x64) AppleWebKit/537.36 (KHTML, like Gecko) Chrome/120.0.0.0 Safari/537.36"
216.73.217.80 - - [09/Sep/2026:06:27:37 -0600] "GET /%da%86%d9%87%da%af%d9%88%d9%86%d9%87-%da%a9%d8%b1%db%8c%da%a9%d8%aa-%d9%88%d8%b1%d8%b2%d8%b4%db%8c-%d9%82%d9%88%d9%85%db%8c-%d8%a7%d8%b3%d8%aa%d8%9f/ HTTP/1.1" 200 230512 "-" "Mozilla/5.0 AppleWebKit/537.36 (KHTML, like Gecko; compatible; ClaudeBot/1.0; +claudebot@anthropic.com)"
216.73.217.80 - - [09/Sep/2026:06:27:37 -0600] "GET /tag/%d9%87%db%8c%d8%a6%d8%aa-%d8%a7%d9%85%d8%b1%db%8c%da%a9%d8%a7%db%8c%db%8c-%d8%af%d8%b1-%d8%af%d9%88%d8%b4%d9%86%d8%a8%d9%87/feed/ HTTP/1.1" 200 29718 "-" "Mozilla/5.0 AppleWebKit/537.36 (KHTML, like Gecko; compatible; ClaudeBot/1.0; +claudebot@anthropic.com)"
162.240.68.55 - - [09/Sep/2026:06:27:39 -0600] "POST /wp-cron.php?doing_wp_cron=1788956859.5972170829772949218750 HTTP/1.1" 200 - "-" "WordPress/7.1; https://ariapress.org"
216.73.217.80 - - [09/Sep/2026:06:27:37 -0600] "GET /%da%a9%d8%b4%d8%aa%d9%87-%d8%b4%d8%af%d9%86-19-%d8%b7%d8%a7%d9%84%d8%a8-%d8%af%d8%b1-%d8%a8%d8%af%d8%ae%d8%b4%d8%a7%d9%86/feed/ HTTP/1.1" 200 1036 "-" "Mozilla/5.0 AppleWebKit/537.36 (KHTML, like Gecko; compatible; ClaudeBot/1.0; +claudebot@anthropic.com)"
216.73.217.80 - - [09/Sep/2026:06:27:37 -0600] "GET /tag/%d8%b3%d9%81%d8%a7%d8%b1%d8%aa-%d8%a7%d9%81%d8%ba%d8%a7%d9%86%d8%b3%d8%aa%d8%a7%d9%86-%d8%af%d8%b1-%d8%a8%d8%a7%da%a9%d9%88/ HTTP/1.1" 200 144376 "-" "Mozilla/5.0 AppleWebKit/537.36 (KHTML, like Gecko; compatible; ClaudeBot/1.0; +claudebot@anthropic.com)"
216.73.217.80 - - [09/Sep/2026:06:27:37 -0600] "GET /%d8%ac%d8%b2%db%8c%db%8c%d8%a7%d8%aa%db%8c-%d8%af%d8%b1-%d8%a8%d8%a7%d8%a8-%d9%86%d8%a7%d9%85%db%80-%d8%a7%d9%81%d8%b4%d8%a7-%d8%b4%d8%af%d9%87/ HTTP/1.1" 200 219286 "-" "Mozilla/5.0 AppleWebKit/537.36 (KHTML, like Gecko; compatible; ClaudeBot/1.0; +claudebot@anthropic.com)"
216.73.217.80 - - [09/Sep/2026:06:27:40 -0600] "GET /%d9%81%d9%88%d8%b1%db%8c%d8%9b-%d9%81%d8%b5%db%8c%d8%ad-%d8%a7%d9%84%d8%af%db%8c%d9%86-%d8%b2%d8%ae%d9%85-%d8%a8%d8%b1%d8%af%d8%a7%d8%b4%d8%aa/feed/ HTTP/1.1" 200 1083 "-" "Mozilla/5.0 AppleWebKit/537.36 (KHTML, like Gecko; compatible; ClaudeBot/1.0; +claudebot@anthropic.com)"
103.253.27.34 - - [09/Sep/2026:06:27:38 -0600] "GET /category/%D8%AE%D8%A8%D8%B1-%D9%87%D8%A7/%D8%A7%D8%AE%D8%A8%D8%A7%D8%B1-%D8%AF%D8%A7%D8%AE%D9%84%DB%8C/shell.php HTTP/1.1" 404 136911 "-" "Mozilla/5.0 (Windows NT 10.0; Win64; x64) AppleWebKit/537.36 (KHTML, like Gecko) Chrome/120.0.0.0 Safari/537.36"
216.73.217.80 - - [09/Sep/2026:06:27:40 -0600] "GET /%d8%b7%d8%a7%d9%84%d8%a8%d8%a7%d9%86-%d9%88-%d8%a7%d8%af%d8%b9%d8%a7%db%8c-%d8%a7%d8%b3%d8%aa%d9%82%d9%84%d8%a7%d9%84%d8%9f/feed/ HTTP/1.1" 200 1039 "-" "Mozilla/5.0 AppleWebKit/537.36 (KHTML, like Gecko; compatible; ClaudeBot/1.0; +claudebot@anthropic.com)"
216.73.217.80 - - [09/Sep/2026:06:27:40 -0600] "GET /%d8%ac%d9%86%da%af-%d9%85%d9%82%d8%a7%d9%88%d9%85%d8%aa-%d9%88-%d8%a7%d9%86%da%a9%d8%a7%d8%b1-%d8%b7%d8%a7%d9%84%d8%a8%d8%a7%d9%86/ HTTP/1.1" 200 195322 "-" "Mozilla/5.0 AppleWebKit/537.36 (KHTML, like Gecko; compatible; ClaudeBot/1.0; +claudebot@anthropic.com)"
216.73.217.80 - - [09/Sep/2026:06:27:40 -0600] "GET /%d9%86%da%af%d8%b1%d8%a7%d9%86%d8%aa-%d9%87%d8%b3%d8%aa%d9%85-%d8%a7%d9%81%d8%ba%d8%a7%d9%86%d8%b3%d8%aa%d8%a7%d9%86-%d8%b9%d8%b2%db%8c%d8%b2/feed/ HTTP/1.1" 200 1081 "-" "Mozilla/5.0 AppleWebKit/537.36 (KHTML, like Gecko; compatible; ClaudeBot/1.0; +claudebot@anthropic.com)"
216.73.217.80 - - [09/Sep/2026:06:27:40 -0600] "GET /%d8%a7%d8%b9%d9%84%d8%a7%d9%85%db%8c%d9%87-%d8%b4%d9%88%d8%b1%d8%a7%db%8c-%d8%b9%d8%a7%d9%84%db%8c-%d9%85%d9%82%d8%a7%d9%88%d9%85%d8%aa/feed/ HTTP/1.1" 200 1066 "-" "Mozilla/5.0 AppleWebKit/537.36 (KHTML, like Gecko; compatible; ClaudeBot/1.0; +claudebot@anthropic.com)"
216.73.217.80 - - [09/Sep/2026:06:27:42 -0600] "GET /tag/%d8%b4%d9%88%d8%b1%d8%a7%db%8c-%d8%a7%d9%86%d8%b3%d8%ac%d8%a7%d9%85-%d8%b3%db%8c%d8%a7%d8%b3%db%8c-%d8%aa%d8%a7%d8%ac%db%8c%da%a9%d8%a7%d9%86/ HTTP/1.1" 200 144523 "-" "Mozilla/5.0 AppleWebKit/537.36 (KHTML, like Gecko; compatible; ClaudeBot/1.0; +claudebot@anthropic.com)"
216.73.217.80 - - [09/Sep/2026:06:27:43 -0600] "GET /tag/%d8%b1%d9%88%d8%b2%d8%b4%d9%85%d8%a7%d8%b1-%d9%88%d9%82%d8%a7%db%8c%d8%b9-%d8%a7%d9%81%d8%ba%d8%a7%d9%86%d8%b3%d8%aa%d8%a7%d9%86/feed/ HTTP/1.1" 200 8197 "-" "Mozilla/5.0 AppleWebKit/537.36 (KHTML, like Gecko; compatible; ClaudeBot/1.0; +claudebot@anthropic.com)"
103.253.27.34 - - [09/Sep/2026:06:27:43 -0600] "GET /category/%D8%AE%D8%A8%D8%B1-%D9%87%D8%A7/%D8%A7%D8%AE%D8%A8%D8%A7%D8%B1-%D8%AF%D8%A7%D8%AE%D9%84%DB%8C/cmd.php HTTP/1.1" 404 136897 "-" "Mozilla/5.0 (Windows NT 10.0; Win64; x64) AppleWebKit/537.36 (KHTML, like Gecko) Chrome/120.0.0.0 Safari/537.36"
216.73.217.80 - - [09/Sep/2026:06:27:43 -0600] "GET /%d8%a7%d9%86%d9%81%d8%ac%d8%a7%d8%b1%d9%87%d8%a7%db%8c-%d9%be%db%8c%d9%87%d9%85-%d8%af%d8%b1-%d8%b4%d9%87%d8%b1-%da%a9%d8%a7%d8%a8%d9%84/feed/ HTTP/1.1" 200 1072 "-" "Mozilla/5.0 AppleWebKit/537.36 (KHTML, like Gecko; compatible; ClaudeBot/1.0; +claudebot@anthropic.com)"
216.73.217.80 - - [09/Sep/2026:06:27:45 -0600] "GET /%da%86%d9%87-%d8%af%d8%b4%d9%85%d9%86-%d8%b4%da%a9%d8%b3%d8%aa-%d8%ae%d9%88%d8%b1%d8%af%d9%87-%d9%88-%d9%85%d9%87%d8%b1%d8%a8%d8%a7%d9%86%db%8c/feed/ HTTP/1.1" 200 1087 "-" "Mozilla/5.0 AppleWebKit/537.36 (KHTML, like Gecko; compatible; ClaudeBot/1.0; +claudebot@anthropic.com)"
216.73.217.80 - - [09/Sep/2026:06:27:45 -0600] "GET /%d8%b4%db%8c%d9%be%d9%88%d8%b1-%d8%ac%d9%86%da%af-%d8%af%d8%b1-%d8%a8%d9%84%d8%ae%d8%a7%d8%a8-%d8%a8%d9%87-%d8%b5%d8%af%d8%a7-%d8%af%d8%b1-%d8%a2%d9%85%d8%af/ HTTP/1.1" 200 232204 "-" "Mozilla/5.0 AppleWebKit/537.36 (KHTML, like Gecko; compatible; ClaudeBot/1.0; +claudebot@anthropic.com)"
216.73.217.80 - - [09/Sep/2026:06:27:45 -0600] "GET /%d8%a2%d9%86-%d8%b7%d8%a7%d9%84%d8%a8-%d8%a8%db%8c-%d8%ad%db%8c%d8%a7-%d9%88-%d8%a7%db%8c%d9%86-%d8%a8%d8%a7%d8%b2%d8%ae%d9%88%d8%a7%d8%b3%d8%aa%da%af%d8%b1/ HTTP/1.1" 200 224946 "-" "Mozilla/5.0 AppleWebKit/537.36 (KHTML, like Gecko; compatible; ClaudeBot/1.0; +claudebot@anthropic.com)"
216.73.217.80 - - [09/Sep/2026:06:27:45 -0600] "GET /%d8%b5%d8%af-%da%a9%d8%b4%d8%aa%d9%87-%d8%a7%d8%b2-%d8%b7%d8%a7%d9%84%d8%a8-%d8%af%d8%b1-%da%a9%d9%85%d8%aa%d8%b1-%d8%a7%d8%b2-%d8%b3%d9%87-%d8%b1%d9%88%d8%b2/ HTTP/1.1" 200 192511 "-" "Mozilla/5.0 AppleWebKit/537.36 (KHTML, like Gecko; compatible; ClaudeBot/1.0; +claudebot@anthropic.com)"
216.73.217.80 - - [09/Sep/2026:06:27:46 -0600] "GET /%d8%b4%db%8c%d9%88%d8%b9-%d9%81%d8%b3%d8%a7%d8%af-%d8%af%d8%b1-%d8%a7%d9%85%d8%a7%d8%b1%d8%aa-%d8%b7%d8%a7%d9%84%d8%a8%d8%a7%d9%86%db%8c/feed/ HTTP/1.1" 200 1069 "-" "Mozilla/5.0 AppleWebKit/537.36 (KHTML, like Gecko; compatible; ClaudeBot/1.0; +claudebot@anthropic.com)"
103.253.27.34 - - [09/Sep/2026:06:27:46 -0600] "GET /category/%D8%AE%D8%A8%D8%B1-%D9%87%D8%A7/%D8%A7%D8%AE%D8%A8%D8%A7%D8%B1-%D8%AF%D8%A7%D8%AE%D9%84%DB%8C/wso.php HTTP/1.1" 404 136897 "-" "Mozilla/5.0 (Windows NT 10.0; Win64; x64) AppleWebKit/537.36 (KHTML, like Gecko) Chrome/120.0.0.0 Safari/537.36"
216.73.217.80 - - [09/Sep/2026:06:27:47 -0600] "GET /tag/%d8%a7%d9%85%d8%b1-%d8%a8%d9%87-%d9%85%d8%b9%d8%b1%d9%88%d9%81-%d9%88-%d9%86%d9%87%db%8c-%d8%a7%d8%b2-%d9%85%d9%86%da%a9%d8%b1/feed/ HTTP/1.1" 200 11240 "-" "Mozilla/5.0 AppleWebKit/537.36 (KHTML, like Gecko; compatible; ClaudeBot/1.0; +claudebot@anthropic.com)"
216.73.217.80 - - [09/Sep/2026:06:27:48 -0600] "GET /%d9%86%d9%88%d8%b1%d9%88%d8%b2-%d8%af%d8%b1-%d9%85%d8%aa%d9%88%d9%86-%da%a9%d9%87%d9%86-%d8%a7%d8%af%d8%a8%db%8c%d8%a7%d8%aa-%d9%be%d8%a7%d8%b1%d8%b3%db%8c/embed/ HTTP/1.1" 200 24446 "-" "Mozilla/5.0 AppleWebKit/537.36 (KHTML, like Gecko; compatible; ClaudeBot/1.0; +claudebot@anthropic.com)"
216.73.217.80 - - [09/Sep/2026:06:27:48 -0600] "GET /%d8%af%d8%b1%da%af%db%8c%d8%b1%db%8c-%d9%87%d8%a7%db%8c-%d8%b4%d8%af%db%8c%d8%af-%d8%af%d8%b1-%d9%88%d9%84%d8%a7%db%8c%d8%aa-%d8%aa%d8%ae%d8%a7%d8%b1/feed/ HTTP/1.1" 200 1100 "-" "Mozilla/5.0 AppleWebKit/537.36 (KHTML, like Gecko; compatible; ClaudeBot/1.0; +claudebot@anthropic.com)"
216.73.217.80 - - [09/Sep/2026:06:27:48 -0600] "GET /%d8%b9%db%8c%d8%af-%d8%ae%d9%88%d9%86%db%8c%d9%86-%d8%b4%d9%87%d8%b1%d8%b3%d8%aa%d8%a7%d9%86-%d8%ae%d9%88%d8%b3%d8%aa-%d9%88-%d9%81%d8%b1%d9%86%da%af/ HTTP/1.1" 200 199498 "-" "Mozilla/5.0 AppleWebKit/537.36 (KHTML, like Gecko; compatible; ClaudeBot/1.0; +claudebot@anthropic.com)"
216.73.217.80 - - [09/Sep/2026:06:27:49 -0600] "GET /%d8%a7%d8%b2-%d8%ae%d9%88%d8%a7%d8%a8-%d9%85%d9%84%d8%a7-%d8%b9%d9%85%d8%b1-%d8%aa%d8%a7-%d8%b1%d9%88%db%8c%d8%a7%db%8c-%d8%ae%d9%84%db%8c%d9%81%d9%87/feed/ HTTP/1.1" 200 1104 "-" "Mozilla/5.0 AppleWebKit/537.36 (KHTML, like Gecko; compatible; ClaudeBot/1.0; +claudebot@anthropic.com)"
103.253.27.34 - - [09/Sep/2026:06:27:50 -0600] "GET /category/%D8%AE%D8%A8%D8%B1-%D9%87%D8%A7/%D8%A7%D8%AE%D8%A8%D8%A7%D8%B1-%D8%AF%D8%A7%D8%AE%D9%84%DB%8C/c99.php HTTP/1.1" 404 136897 "-" "Mozilla/5.0 (Windows NT 10.0; Win64; x64) AppleWebKit/537.36 (KHTML, like Gecko) Chrome/120.0.0.0 Safari/537.36"
216.73.217.80 - - [09/Sep/2026:06:27:50 -0600] "GET /%d9%82%d9%88%d9%85%db%8c%d8%aa_%d8%a7%d9%81%d8%ba%d8%a7%d9%86%d8%b3%d8%aa%d8%a7%d9%86_%d8%a8%d8%ad%d8%b1%d8%a7%d9%86-%d8%b3%db%8c%d8%a7%d8%b3%db%8c/feed/ HTTP/1.1" 200 1114 "-" "Mozilla/5.0 AppleWebKit/537.36 (KHTML, like Gecko; compatible; ClaudeBot/1.0; +claudebot@anthropic.com)"
216.73.217.80 - - [09/Sep/2026:06:27:50 -0600] "GET /%d9%86%da%af%d8%a7%d9%87%db%8c-%d8%a8%d9%87-%d8%ac%d8%a7%d9%85%d8%b9%d9%87-%d8%aa%d8%a7%d8%ac%db%8c%da%a9-%d9%be%d8%a7%da%a9%d8%b3%d8%aa%d8%a7%d9%86/feed/ HTTP/1.1" 200 1097 "-" "Mozilla/5.0 AppleWebKit/537.36 (KHTML, like Gecko; compatible; ClaudeBot/1.0; +claudebot@anthropic.com)"
216.73.217.80 - - [09/Sep/2026:06:27:51 -0600] "GET /%d8%b3%d8%b1%d9%86%d9%88%d8%b4%d8%aa-%d8%ba%d9%85%d8%a7%d9%86%da%af%db%8c%d8%b2-%d8%af%d8%a7%d9%86%d8%b4%da%af%d8%a7%d9%87%d9%87%d8%a7%db%8c-%d8%ae%d8%b5%d9%88%d8%b5%db%8c%ef%bf%bc/ HTTP/1.1" 200 198159 "-" "Mozilla/5.0 AppleWebKit/537.36 (KHTML, like Gecko; compatible; ClaudeBot/1.0; +claudebot@anthropic.com)"
216.73.217.80 - - [09/Sep/2026:06:27:51 -0600] "GET /%d8%b1%d9%88%db%8c%d8%af%d8%a7%d8%af-%d9%87%d8%a7%db%8c-%d8%ae%d9%88%d9%86%db%8c%d9%86-%d8%a7%d9%81%d8%ba%d8%a7%d9%86%d8%b3%d8%aa%d8%a7%d9%86/ HTTP/1.1" 200 291334 "-" "Mozilla/5.0 AppleWebKit/537.36 (KHTML, like Gecko; compatible; ClaudeBot/1.0; +claudebot@anthropic.com)"
216.73.217.80 - - [09/Sep/2026:06:27:52 -0600] "GET /%d9%81%d8%b1%d8%a7%d8%b1%d8%b3%db%8c%d8%af%d9%86-%d9%86%d9%88%d8%b1%d9%88%d8%b2-%d9%88-%d8%ba%d9%88%d8%ba%d8%a7%db%8c-%d8%aa%d8%ad%d8%b1%db%8c%d9%85/feed/ HTTP/1.1" 200 1097 "-" "Mozilla/5.0 AppleWebKit/537.36 (KHTML, like Gecko; compatible; ClaudeBot/1.0; +claudebot@anthropic.com)"
216.73.217.80 - - [09/Sep/2026:06:27:53 -0600] "GET /%d8%b4%da%a9%d8%b3%d8%aa-%d9%87%d8%a7%db%8c-%d9%be%db%8c-%d8%af%d8%b1-%d9%be%db%8c-%d8%b7%d8%a7%d9%84%d8%a8%d8%a7%d9%86-%d8%af%d8%b1-%d9%be%d8%ac%d8%b4%db%8c%d8%b1/ HTTP/1.1" 200 197884 "-" "Mozilla/5.0 AppleWebKit/537.36 (KHTML, like Gecko; compatible; ClaudeBot/1.0; +claudebot@anthropic.com)"
103.253.27.34 - - [09/Sep/2026:06:27:53 -0600] "GET /wp-content/themes/jannah/ HTTP/1.1" 404 136349 "-" "Mozilla/5.0 (Windows NT 10.0; Win64; x64) AppleWebKit/537.36 (KHTML, like Gecko) Chrome/120.0.0.0 Safari/537.36"
103.253.27.34 - - [09/Sep/2026:06:27:56 -0600] "GET /wp-json/ HTTP/1.1" 200 472723 "-" "Mozilla/5.0 (Windows NT 10.0; Win64; x64) AppleWebKit/537.36 (KHTML, like Gecko) Chrome/120.0.0.0 Safari/537.36"
216.73.217.80 - - [09/Sep/2026:06:27:56 -0600] "GET /%d8%a7%d9%85%d8%a7%d8%b1%d8%aa-%d8%b7%d8%a7%d9%84%d8%a8%d8%a7%d9%86-%d8%af%d8%b1-%d9%85%d8%b9%d8%b1%d8%b6-%d9%81%d8%b1%d9%88%d9%be%d8%a7%d8%b4%db%8c/ HTTP/1.1" 200 240431 "-" "Mozilla/5.0 AppleWebKit/537.36 (KHTML, like Gecko; compatible; ClaudeBot/1.0; +claudebot@anthropic.com)"
216.73.217.80 - - [09/Sep/2026:06:27:56 -0600] "GET /category/%d8%aa%d8%a7%d8%b1%db%8c%d8%ae-%d9%85/%d8%aa%d8%a7%d8%b1%db%8c%d8%ae-%d8%a7%d9%81%d8%ba%d8%a7%d9%86%d8%b3%d8%aa%d8%a7%d9%86/page/5/ HTTP/1.1" 200 156651 "-" "Mozilla/5.0 AppleWebKit/537.36 (KHTML, like Gecko; compatible; ClaudeBot/1.0; +claudebot@anthropic.com)"
216.73.217.80 - - [09/Sep/2026:06:27:57 -0600] "GET /%da%86%d8%b1%d8%a7-%d8%aa%d8%a8%d9%84%db%8c%d8%ba%d8%a7%d8%aa-%d8%b1%d8%b3%d8%a7%d9%86%d9%87%db%8c%db%8c-%d8%b7%d8%a7%d9%84%d8%a8%d8%a7%d9%86-%d8%b1%d8%a7-%d8%a8%d8%a7%db%8c%d8%a HTTP/1.1" 404 137355 "-" "Mozilla/5.0 AppleWebKit/537.36 (KHTML, like Gecko; compatible; ClaudeBot/1.0; +claudebot@anthropic.com)"
162.240.68.55 - - [09/Sep/2026:06:27:59 -0600] "POST /wp-cron.php?doing_wp_cron=1788956879.1321649551391601562500 HTTP/1.1" 200 - "-" "WordPress/7.1; https://ariapress.org"
216.73.217.80 - - [09/Sep/2026:06:27:56 -0600] "GET /tag/%d9%81%d8%b3%d8%a7%d8%af-%d8%a7%d8%ae%d9%84%d8%a7%d9%82%db%8c-%d8%af%d8%b1-%d9%85%db%8c%d8%a7%d9%86-%d8%b7%d8%a7%d9%84%d8%a8%d8%a7%d9%86/ HTTP/1.1" 200 170209 "-" "Mozilla/5.0 AppleWebKit/537.36 (KHTML, like Gecko; compatible; ClaudeBot/1.0; +claudebot@anthropic.com)"
216.73.217.80 - - [09/Sep/2026:06:27:57 -0600] "GET /%d8%ac%d9%86%da%af-%d8%af%d8%b1-%d8%b4%d9%87%d8%b1%d8%b3%d8%aa%d8%a7%d9%86-%d9%88%d8%b1%d8%b3%d8%ac-%d9%88%d9%84%d8%a7%db%8c%d8%aa-%d8%aa%d8%ae%d8%a7%d8%b1/ HTTP/1.1" 200 188529 "-" "Mozilla/5.0 AppleWebKit/537.36 (KHTML, like Gecko; compatible; ClaudeBot/1.0; +claudebot@anthropic.com)"
216.73.217.80 - - [09/Sep/2026:06:27:57 -0600] "GET /%d8%aa%d9%88%d9%82%d9%81-%d9%86%d8%b4%d8%b1%d8%a7%d8%aa-%d8%aa%d9%84%d9%88%db%8c%d8%b2%db%8c%d9%88%d9%86-%da%a9%d8%a7%d8%a8%d9%84-%d9%86%db%8c%d9%88%d8%b2/feed/ HTTP/1.1" 200 1111 "-" "Mozilla/5.0 AppleWebKit/537.36 (KHTML, like Gecko; compatible; ClaudeBot/1.0; +claudebot@anthropic.com)"
103.253.27.34 - - [09/Sep/2026:06:27:58 -0600] "GET /wp-json/index.php HTTP/1.1" 404 315 "-" "Mozilla/5.0 (Windows NT 10.0; Win64; x64) AppleWebKit/537.36 (KHTML, like Gecko) Chrome/120.0.0.0 Safari/537.36"
216.73.217.80 - - [09/Sep/2026:06:27:59 -0600] "GET /%d8%aa%d8%a7%d8%ac%db%8c%da%a9%d8%8c-%d9%87%d9%88%db%8c%d8%aa-%d8%aa%d8%a8%d8%a7%d8%b1%db%8c-%d9%88%d9%81%d8%b1%d9%87%d9%86%da%af%db%8c-%d8%a7%d8%b3%d8%aa/feed/ HTTP/1.1" 200 1944 "-" "Mozilla/5.0 AppleWebKit/537.36 (KHTML, like Gecko; compatible; ClaudeBot/1.0; +claudebot@anthropic.com)"
216.73.217.80 - - [09/Sep/2026:06:28:00 -0600] "GET /%db%8c%d8%a7%d8%af%d8%af%d8%a7%d8%b4%d8%aa-%d9%87%d8%a7%db%8c-%d8%a7%d8%b2-%d9%81%d8%b1%d9%88%d9%be%d8%a7%d8%b4%db%8c-%db%8c%d8%a7-%d8%aa%d8%b3%d9%84%db%8c%d9%85%db%8c/feed/ HTTP/1.1" 200 2141 "-" "Mozilla/5.0 AppleWebKit/537.36 (KHTML, like Gecko; compatible; ClaudeBot/1.0; +claudebot@anthropic.com)"
216.73.217.80 - - [09/Sep/2026:06:27:59 -0600] "GET /%d8%a7%d9%88%d8%ac-%d8%af%d8%b1%d9%85%d8%a7%d9%86%d8%af%da%af%db%8c-%d8%aa%d8%b1%d9%88%d8%b1%db%8c%d8%b3%d8%aa%d8%a7%d9%86-%d9%82%d8%a8%db%8c%d9%84%d9%87/feed/ HTTP/1.1" 200 1108 "-" "Mozilla/5.0 AppleWebKit/537.36 (KHTML, like Gecko; compatible; ClaudeBot/1.0; +claudebot@anthropic.com)"
216.73.217.80 - - [09/Sep/2026:06:28:00 -0600] "GET /%d9%85%d9%87%d8%af%db%8c-%d8%a8%d9%84%d8%ae%d8%a7%d8%a8%db%8c-%d9%82%d8%b1%d8%a8%d8%a7%d9%86%db%8c-%d8%ae%db%8c%d8%a7%d9%86%d8%aa-%d8%ad%d8%b1%db%8c%d9%81%d8%a7%d9%86/feed/ HTTP/1.1" 200 1139 "-" "Mozilla/5.0 AppleWebKit/537.36 (KHTML, like Gecko; compatible; ClaudeBot/1.0; +claudebot@anthropic.com)"
216.73.217.80 - - [09/Sep/2026:06:28:01 -0600] "GET /%d8%b7%d8%a7%d9%84%d8%a8%d8%a7%d9%86-%d8%a8%d9%87-%da%a9%d9%88%d8%af%da%a9-%d8%a2%d8%b2%d8%a7%d8%b1%db%8c-%d8%b9%d8%a7%d8%af%d8%aa-%d8%af%d8%a7%d8%b1%d9%86%d8%af/feed/ HTTP/1.1" 200 1128 "-" "Mozilla/5.0 AppleWebKit/537.36 (KHTML, like Gecko; compatible; ClaudeBot/1.0; +claudebot@anthropic.com)"
173.252.82.70 - - [09/Sep/2026:06:28:05 -0600] "GET /wp-content/uploads/2022/10/Screenshot-2022-10-21-101751-390x220.jpg HTTP/1.1" 200 18671 "-" "facebookexternalhit/1.1 (+http://www.facebook.com/externalhit_uatext.php)"
173.252.95.67 - - [09/Sep/2026:06:28:05 -0600] "GET /wp-content/uploads/2022/12/Herat-Conference-29-Nov-2022-1.jpg HTTP/1.1" 200 98770 "-" "facebookexternalhit/1.1 (+http://www.facebook.com/externalhit_uatext.php)"
69.63.184.8 - - [09/Sep/2026:06:28:05 -0600] "GET /wp-content/uploads/2024/10/WhatsApp-Image-2024-10-02-at-13.13.57_073a6231-390x220.jpg HTTP/1.1" 200 30069 "-" "facebookexternalhit/1.1 (+http://www.facebook.com/externalhit_uatext.php)"
69.63.184.35 - - [09/Sep/2026:06:28:05 -0600] "GET /wp-content/uploads/2024/10/WhatsApp-Image-2024-10-02-at-13.13.57_073a6231-390x220.jpg HTTP/1.1" 200 30069 "-" "facebookexternalhit/1.1 (+http://www.facebook.com/externalhit_uatext.php)"
173.252.82.39 - - [09/Sep/2026:06:28:05 -0600] "GET /wp-content/uploads/2023/03/455adb7b-cbf8-44ba-b658-31c4d0181f26-390x220.jpg HTTP/1.1" 200 24407 "-" "facebookexternalhit/1.1 (+http://www.facebook.com/externalhit_uatext.php)"
173.252.95.67 - - [09/Sep/2026:06:28:05 -0600] "GET /wp-content/uploads/2022/04/FJnT_c9WUAMEhPG-390x220.jpg HTTP/1.1" 200 27132 "-" "facebookexternalhit/1.1 (+http://www.facebook.com/externalhit_uatext.php)"
69.63.184.10 - - [09/Sep/2026:06:28:05 -0600] "GET /wp-content/uploads/2022/04/baghlan8-390x220.jpg HTTP/1.1" 200 27063 "-" "facebookexternalhit/1.1 (+http://www.facebook.com/externalhit_uatext.php)"
173.252.70.25 - - [09/Sep/2026:06:28:05 -0600] "GET /wp-content/uploads/2022/05/paryan-390x220.jpg HTTP/1.1" 200 33026 "-" "facebookexternalhit/1.1 (+http://www.facebook.com/externalhit_uatext.php)"
216.73.217.80 - - [09/Sep/2026:06:28:01 -0600] "GET /%d8%af%db%8c%da%af%d8%b1-%d8%a8%d9%87-%d8%a7%d9%81%d8%ba%d8%a7%d9%86%d8%b3%d8%aa%d8%a7%d9%86-%d8%a8%d8%b1%d9%86%d8%ae%d9%88%d8%a7%d9%87%d9%85-%da%af%d8%b4%d8%aa/feed/ HTTP/1.1" 200 1125 "-" "Mozilla/5.0 AppleWebKit/537.36 (KHTML, like Gecko; compatible; ClaudeBot/1.0; +claudebot@anthropic.com)"
173.252.70.10 - - [09/Sep/2026:06:28:05 -0600] "GET /wp-content/uploads/2023/03/Richard-Beneth-390x220.jpg HTTP/1.1" 200 17287 "-" "facebookexternalhit/1.1 (+http://www.facebook.com/externalhit_uatext.php)"
103.253.27.34 - - [09/Sep/2026:06:28:01 -0600] "GET /wp-json/php.php HTTP/1.1" 404 315 "-" "Mozilla/5.0 (Windows NT 10.0; Win64; x64) AppleWebKit/537.36 (KHTML, like Gecko) Chrome/120.0.0.0 Safari/537.36"
173.252.95.7 - - [09/Sep/2026:06:28:06 -0600] "GET /wp-content/uploads/2022/05/paryan-390x220.jpg HTTP/1.1" 200 33026 "-" "facebookexternalhit/1.1 (+http://www.facebook.com/externalhit_uatext.php)"
216.73.217.80 - - [09/Sep/2026:06:28:02 -0600] "GET /%d8%ae%d8%b4%d9%85-%d8%ae%d9%84%db%8c%d9%84%db%8c-%d8%a7%d8%b2-%d8%a7%d8%b8%d9%87%d8%a7%d8%b1%d8%a7%d8%aa-%d9%85%d8%a7%d8%b1%d8%b4%d8%a7%d9%84-%d8%af%d9%88%d8%b3%d8%aa%d9%85/feed/ HTTP/1.1" 200 1156 "-" "Mozilla/5.0 AppleWebKit/537.36 (KHTML, like Gecko; compatible; ClaudeBot/1.0; +claudebot@anthropic.com)"
173.252.95.48 - - [09/Sep/2026:06:28:06 -0600] "GET /wp-content/uploads/2022/04/FJnT_c9WUAMEhPG-390x220.jpg HTTP/1.1" 200 27132 "-" "facebookexternalhit/1.1 (+http://www.facebook.com/externalhit_uatext.php)"
173.252.95.69 - - [09/Sep/2026:06:28:06 -0600] "GET /wp-content/uploads/2022/10/Screenshot-2022-10-21-101751-390x220.jpg HTTP/1.1" 200 18671 "-" "facebookexternalhit/1.1 (+http://www.facebook.com/externalhit_uatext.php)"
173.252.95.52 - - [09/Sep/2026:06:28:06 -0600] "GET /wp-content/uploads/2022/12/satellite-image-of-afghanistan-390x220.jpg HTTP/1.1" 200 36799 "-" "facebookexternalhit/1.1 (+http://www.facebook.com/externalhit_uatext.php)"
173.252.95.20 - - [09/Sep/2026:06:28:06 -0600] "GET /wp-content/uploads/2024/07/UN-390x220.jpg HTTP/1.1" 200 27802 "-" "facebookexternalhit/1.1 (+http://www.facebook.com/externalhit_uatext.php)"
173.252.95.82 - - [09/Sep/2026:06:28:06 -0600] "GET /wp-content/uploads/2024/10/WhatsApp-Image-2024-10-02-at-13.13.57_073a6231-390x220.jpg HTTP/1.1" 200 30069 "-" "facebookexternalhit/1.1 (+http://www.facebook.com/externalhit_uatext.php)"
216.73.217.80 - - [09/Sep/2026:06:28:03 -0600] "GET /%da%af%d8%b2%d8%a7%d8%b1%d8%b4-%da%a9%d8%a7%d9%85%d9%84-%d8%af%d8%b1%da%af%db%8c%d8%b1%db%8c-%d9%87%d8%a7%db%8c-%d8%a7%d9%85%d8%b1%d9%88%d8%b2-%d8%af%d8%b1-%d9%be%d9%86%d8%ac%d8%b4%db%8c%d8%b1/feed/ HTTP/1.1" 200 1201 "-" "Mozilla/5.0 AppleWebKit/537.36 (KHTML, like Gecko; compatible; ClaudeBot/1.0; +claudebot@anthropic.com)"
173.252.95.7 - - [09/Sep/2026:06:28:06 -0600] "GET /wp-content/uploads/2022/08/212-390x220.jpg HTTP/1.1" 200 22354 "-" "facebookexternalhit/1.1 (+http://www.facebook.com/externalhit_uatext.php)"
173.252.95.34 - - [09/Sep/2026:06:28:06 -0600] "GET /wp-content/uploads/2024/10/women-protest-390x220.jpg HTTP/1.1" 200 27479 "-" "facebookexternalhit/1.1 (+http://www.facebook.com/externalhit_uatext.php)"
173.252.82.23 - - [09/Sep/2026:06:28:06 -0600] "GET /wp-content/uploads/2023/03/455adb7b-cbf8-44ba-b658-31c4d0181f26-390x220.jpg HTTP/1.1" 200 24407 "-" "facebookexternalhit/1.1 (+http://www.facebook.com/externalhit_uatext.php)"
173.252.82.33 - - [09/Sep/2026:06:28:06 -0600] "GET /wp-content/uploads/2023/03/Richard-Beneth-390x220.jpg HTTP/1.1" 200 17287 "-" "facebookexternalhit/1.1 (+http://www.facebook.com/externalhit_uatext.php)"
173.252.82.82 - - [09/Sep/2026:06:28:06 -0600] "GET /wp-content/uploads/2022/12/%DA%AF%D9%84%D8%A8%D8%AF%DB%8C%D9%86-390x220.jpg HTTP/1.1" 200 11927 "-" "facebookexternalhit/1.1 (+http://www.facebook.com/externalhit_uatext.php)"
173.252.82.113 - - [09/Sep/2026:06:28:06 -0600] "GET /wp-content/uploads/2022/04/baghlan8-390x220.jpg HTTP/1.1" 200 27063 "-" "facebookexternalhit/1.1 (+http://www.facebook.com/externalhit_uatext.php)"
173.252.70.7 - - [09/Sep/2026:06:28:03 -0600] "GET /%D8%A7%D8%AD%D9%85%D8%AF%D9%85%D8%B3%D8%B9%D9%88%D8%AF-%D8%B7%D8%A7%D9%84%D8%A8%D8%A7%D9%86-%D8%AA%D9%87%D8%AF%DB%8C%D8%AF%DB%8C-%D8%A8%D9%87-%D8%AD%D9%88%D8%B2%D9%87%DB%8C-%D8%AA%D9%85/?fbclid=IwcGRvZgRleHRuA2FlbQIxMQBzcnRjBmFwcF9pZAwyNTYyODEwNDA1NTgAAR6-Y-UECOOgqJ9hMAEtg6AXi1JgORaV_7HBQdkaxKkOs0eTmTX0D-_Ng7EmXQ_aem_3whSDLbXnj69VSLwodKdIg HTTP/1.1" 200 222865 "-" "facebookexternalhit/1.1 (+http://www.facebook.com/externalhit_uatext.php)"
216.73.217.80 - - [09/Sep/2026:06:28:03 -0600] "GET /%d8%b3%d9%81%db%8c%d8%b1%d8%a7%d9%86-%d8%ba%d9%86%db%8c%d8%8c%d8%b9%d9%8e%d9%84%d9%8e%d9%85%d8%a8%d8%b1%d8%af%d8%a7%d8%b1%d8%a7%d9%86-%d8%af%d8%b2%d8%af%db%8c-%d9%88-%d8%b1%d8%b3%d9%88%d8%a7/feed/ HTTP/1.1" 200 1296 "-" "Mozilla/5.0 AppleWebKit/537.36 (KHTML, like Gecko; compatible; ClaudeBot/1.0; +claudebot@anthropic.com)"
103.253.27.34 - - [09/Sep/2026:06:28:06 -0600] "GET /wp-json/shell.php HTTP/1.1" 404 315 "-" "Mozilla/5.0 (Windows NT 10.0; Win64; x64) AppleWebKit/537.36 (KHTML, like Gecko) Chrome/120.0.0.0 Safari/537.36"
173.252.107.19 - - [09/Sep/2026:06:28:04 -0600] "GET /%D8%A7%D8%AD%D9%85%D8%AF%D9%85%D8%B3%D8%B9%D9%88%D8%AF-%D8%B7%D8%A7%D9%84%D8%A8%D8%A7%D9%86-%D8%AA%D9%87%D8%AF%DB%8C%D8%AF%DB%8C-%D8%A8%D9%87-%D8%AD%D9%88%D8%B2%D9%87%DB%8C-%D8%AA%D9%85/?fbclid=IwcGRvZgRleHRuA2FlbQIxMQBzcnRjBmFwcF9pZAwyNTYyODEwNDA1NTgAAR5ATj9dxo0Jhxd4rhKVPLsiCG6uFBcEUh-DIITqCH63Bih6NwhLCQNs29CO1w_aem_aHj8q4V7Wms9GFKtwXFR0A HTTP/1.1" 200 221584 "-" "facebookexternalhit/1.1 (+http://www.facebook.com/externalhit_uatext.php)"
103.253.27.34 - - [09/Sep/2026:06:28:08 -0600] "GET /wp-json/cmd.php HTTP/1.1" 404 315 "-" "Mozilla/5.0 (Windows NT 10.0; Win64; x64) AppleWebKit/537.36 (KHTML, like Gecko) Chrome/120.0.0.0 Safari/537.36"
103.253.27.34 - - [09/Sep/2026:06:28:09 -0600] "GET /wp-json/wso.php HTTP/1.1" 404 315 "-" "Mozilla/5.0 (Windows NT 10.0; Win64; x64) AppleWebKit/537.36 (KHTML, like Gecko) Chrome/120.0.0.0 Safari/537.36"
103.253.27.34 - - [09/Sep/2026:06:28:10 -0600] "GET /wp-json/c99.php HTTP/1.1" 404 315 "-" "Mozilla/5.0 (Windows NT 10.0; Win64; x64) AppleWebKit/537.36 (KHTML, like Gecko) Chrome/120.0.0.0 Safari/537.36"
216.73.217.80 - - [09/Sep/2026:06:28:10 -0600] "GET /%d9%85%d8%b1%d8%af%d9%85-%d9%85%d8%a7-%d8%af%d8%b1-%d9%85%d9%82%d8%a7%d9%85-%da%a9%d8%a7%d9%88%d9%87-%d9%82%d8%b1%d8%a7%d8%b1-%d8%af%d8%a7%d8%b1%d9%86%d8%af/feed/ HTTP/1.1" 200 1118 "-" "Mozilla/5.0 AppleWebKit/537.36 (KHTML, like Gecko; compatible; ClaudeBot/1.0; +claudebot@anthropic.com)"
216.73.217.80 - - [09/Sep/2026:06:28:11 -0600] "GET /%d8%af%d8%b1%da%af%db%8c%d8%b1%db%8c-%d8%af%d9%88-%da%af%d8%b1%d9%88%d9%87-%d8%a7%d8%b2-%d8%b7%d8%a7%d9%84%d8%a8%d8%a7%d9%86-%d8%af%d8%b1-%d8%aa%d8%ae%d8%a7%d8%b1/feed/ HTTP/1.1" 200 1131 "-" "Mozilla/5.0 AppleWebKit/537.36 (KHTML, like Gecko; compatible; ClaudeBot/1.0; +claudebot@anthropic.com)"
216.73.217.80 - - [09/Sep/2026:06:28:11 -0600] "GET /%d8%a2%d9%86%d8%af%d8%b1%db%8c-%d8%b3%d8%b1%db%8c%d9%86%da%a9%d9%88-%d9%82%d8%a7%d8%b1%db%8c-%d9%81%d8%b5%db%8c%d8%ad%d8%a7%d9%84%d8%af%db%8c%d9%86-%d8%b1%d9%87%d8%a8%d8%b1-%d8%af%d8%a7/feed/ HTTP/1.1" 200 1225 "-" "Mozilla/5.0 AppleWebKit/537.36 (KHTML, like Gecko; compatible; ClaudeBot/1.0; +claudebot@anthropic.com)"
216.73.217.80 - - [09/Sep/2026:06:28:11 -0600] "GET /%d8%a7%d8%b9%d9%84%d8%a7%d9%85%db%8c%d9%87-%d8%b4%d9%88%d8%b1%d8%a7%db%8c-%d8%a7%d9%86%d8%b3%d8%ac%d8%a7%d9%85-%d8%b3%db%8c%d8%a7%d8%b3%db%8c-%d8%aa%d8%a7%d8%ac%db%8c%da%a9%d8%a7%d9%86/feed/ HTTP/1.1" 200 1290 "-" "Mozilla/5.0 AppleWebKit/537.36 (KHTML, like Gecko; compatible; ClaudeBot/1.0; +claudebot@anthropic.com)"
103.253.27.34 - - [09/Sep/2026:06:28:11 -0600] "GET /wp-content/themes/jannah/assets/ilightbox/ HTTP/1.1" 404 136480 "-" "Mozilla/5.0 (Windows NT 10.0; Win64; x64) AppleWebKit/537.36 (KHTML, like Gecko) Chrome/120.0.0.0 Safari/537.36"
216.73.217.80 - - [09/Sep/2026:06:28:11 -0600] "GET /%d8%b4%d9%85%d8%a7%d8%b1%db%8c-%d8%a7%d8%b2-%d9%86%d9%88%db%8c%d8%b3%d9%86%d8%af%da%af%d8%a7%d9%86%d8%8c-%d8%b1%d9%88%d8%b4%d9%86%d9%81%da%a9%d8%b1%d8%a7%d9%86%d8%8c-%d9%81%db%8c%d9%84%d8%b3%d9%88/ HTTP/1.1" 200 209624 "-" "Mozilla/5.0 AppleWebKit/537.36 (KHTML, like Gecko; compatible; ClaudeBot/1.0; +claudebot@anthropic.com)"
69.171.234.17 - - [09/Sep/2026:06:28:12 -0600] "GET /%d8%a7%d8%ad%d9%85%d8%af%d9%85%d8%b3%d8%b9%d9%88%d8%af-%d8%b7%d8%a7%d9%84%d8%a8%d8%a7%d9%86-%d8%aa%d9%87%d8%af%db%8c%d8%af%db%8c-%d8%a8%d9%87-%d8%ad%d9%88%d8%b2%d9%87%db%8c-%d8%aa%d9%85/ HTTP/1.1" 200 221422 "-" "facebookexternalhit/1.1 (+http://www.facebook.com/externalhit_uatext.php)"
173.252.82.85 - - [09/Sep/2026:06:28:12 -0600] "GET /%d8%a7%d8%ad%d9%85%d8%af%d9%85%d8%b3%d8%b9%d9%88%d8%af-%d8%b7%d8%a7%d9%84%d8%a8%d8%a7%d9%86-%d8%aa%d9%87%d8%af%db%8c%d8%af%db%8c-%d8%a8%d9%87-%d8%ad%d9%88%d8%b2%d9%87%db%8c-%d8%aa%d9%85/ HTTP/1.1" 200 223349 "-" "facebookexternalhit/1.1 (+http://www.facebook.com/externalhit_uatext.php)"
216.73.217.80 - - [09/Sep/2026:06:28:13 -0600] "GET /%d8%b7%d8%a7%d9%84%d8%a8%d8%a7%d9%86-%d9%be%d8%af%d8%b1-%d8%b1%d8%a7-%d8%b3%d8%b1%d8%a8%d8%b1%db%8c%d8%af%d9%86%d8%af-%d9%88-%d9%be%d8%b3%d8%b1-%d8%b1%d8%a7-%d8%aa%db%8c%d8%b1%d8%a8%d8%a7%d8%b1%d8%a7/feed/ HTTP/1.1" 200 1232 "-" "Mozilla/5.0 AppleWebKit/537.36 (KHTML, like Gecko; compatible; ClaudeBot/1.0; +claudebot@anthropic.com)"
216.73.217.80 - - [09/Sep/2026:06:28:13 -0600] "GET /%d8%af%d8%b1%da%af%db%8c%d8%b1%db%8c-%d9%87%d8%a7-%d8%af%d8%b1-%d9%be%d9%86%d8%ac%d8%b4%db%8c%d8%b1%d8%8c-%da%a9%d9%85%db%8c%d9%86-%d9%85%d9%88%d9%81%d9%82%d8%a7%d9%86%d9%87-%d8%af%d8%b1-%da%86%d9%85/ HTTP/1.1" 200 193847 "-" "Mozilla/5.0 AppleWebKit/537.36 (KHTML, like Gecko; compatible; ClaudeBot/1.0; +claudebot@anthropic.com)"
216.73.217.80 - - [09/Sep/2026:06:28:14 -0600] "GET /%d8%b3%db%8c%da%af%d8%a7%d8%b1-%d9%86%db%8c%d8%b1%d9%88%d9%87%d8%a7%db%8c-%d9%88%db%8c%da%98%d9%87-%d8%a7%d8%b1%d8%aa%d8%b4-%d9%be%db%8c%d8%b4%db%8c%d9%86-%d8%a7%d9%81%d8%ba%d8%a7%d9%86%d8%b3%d8%aa/feed/ HTTP/1.1" 200 1287 "-" "Mozilla/5.0 AppleWebKit/537.36 (KHTML, like Gecko; compatible; ClaudeBot/1.0; +claudebot@anthropic.com)"
216.73.217.80 - - [09/Sep/2026:06:28:13 -0600] "GET /%d8%b7%d8%b1%d8%ad-%d8%b3%d8%b1%d9%91%db%8c-%d8%b1%d9%87%d8%a8%d8%b1%db%8c-%d8%b7%d8%a7%d9%84%d8%a8%d8%a7%d9%86-%d8%a8%d8%b1%d8%a7%db%8c-%d8%af%d8%b3%d8%aa-%db%8c%d8%a7%d8%a8%db%8c-%d8%a8%d9%87-%d9%85/ HTTP/1.1" 200 220836 "-" "Mozilla/5.0 AppleWebKit/537.36 (KHTML, like Gecko; compatible; ClaudeBot/1.0; +claudebot@anthropic.com)"
103.253.27.34 - - [09/Sep/2026:06:28:14 -0600] "GET /wp-content/uploads/2022/05/ HTTP/1.1" 404 136369 "-" "Mozilla/5.0 (Windows NT 10.0; Win64; x64) AppleWebKit/537.36 (KHTML, like Gecko) Chrome/120.0.0.0 Safari/537.36"
52.167.144.221 - - [09/Sep/2026:06:28:14 -0600] "GET /%D8%A2%D8%AE%D8%B1-%DA%AF%D8%B2%D8%A7%D8%B1%D8%B4-%D8%A7%D8%B2-%D9%86%D8%A8%D8%B1%D8%AF%D9%87%D8%A7/ HTTP/1.1" 200 197301 "-" "Mozilla/5.0 AppleWebKit/537.36 (KHTML, like Gecko; compatible; bingbot/2.0; +http://www.bing.com/bingbot.htm) Chrome/116.0.1938.76 Safari/537.36"
216.73.217.80 - - [09/Sep/2026:06:28:16 -0600] "GET /%da%a9%d8%b4%d8%aa%d9%87-%d8%b4%d8%af%d9%86-%d9%87%d8%b4%d8%aa-%d9%88%d8%a7%da%a9%d8%b3%db%8c%d9%86%d8%a7%d8%aa%d9%88%d8%b1-%d8%af%d8%b1-%d9%88%d9%84%d8%a7%db%8c%d8%a7%d8%aa-%da%a9%d9%86%d8%af%d8%b2/ HTTP/1.1" 200 194841 "-" "Mozilla/5.0 AppleWebKit/537.36 (KHTML, like Gecko; compatible; ClaudeBot/1.0; +claudebot@anthropic.com)"
216.73.217.80 - - [09/Sep/2026:06:28:16 -0600] "GET /%d9%85%d8%b3%d8%af%d9%88%d8%af-%d8%b4%d8%af%d9%86-%d9%be%d9%84-%da%a9%d9%88%da%a9%da%86%d9%87%d8%8c-%d8%a8%d8%b1-%d8%a7%d8%ab%d8%b1-%d8%af%d8%b1%da%af%db%8c%d8%b1%db%8c-%d9%85%db%8c%d8%a7%d9%86-%d8%b7/feed/ HTTP/1.1" 200 1256 "-" "Mozilla/5.0 AppleWebKit/537.36 (KHTML, like Gecko; compatible; ClaudeBot/1.0; +claudebot@anthropic.com)"
216.73.217.80 - - [09/Sep/2026:06:28:16 -0600] "GET /%d9%85%d9%82%d8%a7%d8%a8%d9%84%d9%87-%d8%a8%d8%a7-%d8%aa%d9%87%d8%af%db%8c%d8%af%d8%a7%d8%aa-%d8%aa%d8%b1%d9%88%d8%b1%db%8c%d8%b3%d8%aa%db%8c-%d8%af%d8%b1-%d8%a7%d9%81%d8%ba%d8%a7%d9%86%d8%b3%d8%aa/ HTTP/1.1" 200 260934 "-" "Mozilla/5.0 AppleWebKit/537.36 (KHTML, like Gecko; compatible; ClaudeBot/1.0; +claudebot@anthropic.com)"
216.73.217.80 - - [09/Sep/2026:06:28:18 -0600] "GET /%d8%a8%d8%b1%d8%b1%d8%b3%db%8c-%d8%b4%d9%88%d8%a7%d9%87%d8%af-%d8%a7%d8%b9%d8%af%d8%a7%d9%85-%d8%b2%d9%86%d8%af%d8%a7%d9%86%db%8c%d8%a7%d9%86-%d8%af%d8%b1-%d8%af%d8%b1%d9%87-%d9%be%d9%86%d8%ac%d8%b4/ HTTP/1.1" 200 212797 "-" "Mozilla/5.0 AppleWebKit/537.36 (KHTML, like Gecko; compatible; ClaudeBot/1.0; +claudebot@anthropic.com)"
103.253.27.34 - - [09/Sep/2026:06:28:19 -0600] "GET /category/%D8%A7%D9%86%D8%AF%DB%8C%D8%B4%D9%87-%D8%AA%D9%81%DA%A9%D8%B1/ HTTP/1.1" 200 174261 "-" "Mozilla/5.0 (Windows NT 10.0; Win64; x64) AppleWebKit/537.36 (KHTML, like Gecko) Chrome/120.0.0.0 Safari/537.36"
216.73.217.80 - - [09/Sep/2026:06:28:19 -0600] "GET /%d9%be%d8%b1%d9%88%d9%86%d8%af%d9%87-%d9%87%d8%a7%db%8c-%d9%86%d8%a7%d8%ae%d9%88%d8%a7%d9%86%d8%af%d9%87%db%8c-%d9%81%d8%b3%d8%a7%d8%af-%d8%af%d8%b1-%d8%ad%da%a9%d9%88%d9%85%d8%aa-%d8%a7/ HTTP/1.1" 200 216966 "-" "Mozilla/5.0 AppleWebKit/537.36 (KHTML, like Gecko; compatible; ClaudeBot/1.0; +claudebot@anthropic.com)"
216.73.217.80 - - [09/Sep/2026:06:28:20 -0600] "GET /%d8%ad%d9%85%d8%a7%db%8c%d8%aa-%d8%a7%d8%aa%d8%ad%d8%a7%d8%af-%d9%81%d8%b9%d8%a7%d9%84%d8%a7%d9%86-%d8%ad%d9%82%d9%88%d9%82-%d8%a8%d8%b4%d8%b1-%d8%a7%d8%b2-%d9%82%db%8c%d8%a7%d9%85-%d9%85%d8%b1%d8%af/ HTTP/1.1" 200 200446 "-" "Mozilla/5.0 AppleWebKit/537.36 (KHTML, like Gecko; compatible; ClaudeBot/1.0; +claudebot@anthropic.com)"
216.73.217.80 - - [09/Sep/2026:06:28:21 -0600] "GET /lf19 HTTP/1.1" 307 - "-" "Mozilla/5.0 AppleWebKit/537.36 (KHTML, like Gecko; compatible; ClaudeBot/1.0; +claudebot@anthropic.com)"
216.73.217.80 - - [09/Sep/2026:06:28:21 -0600] "GET /vt39 HTTP/1.1" 307 - "-" "Mozilla/5.0 AppleWebKit/537.36 (KHTML, like Gecko; compatible; ClaudeBot/1.0; +claudebot@anthropic.com)"
216.73.217.80 - - [09/Sep/2026:06:28:21 -0600] "GET /ct2w HTTP/1.1" 307 - "-" "Mozilla/5.0 AppleWebKit/537.36 (KHTML, like Gecko; compatible; ClaudeBot/1.0; +claudebot@anthropic.com)"
216.73.217.80 - - [09/Sep/2026:06:28:22 -0600] "GET /5dmi HTTP/1.1" 307 - "-" "Mozilla/5.0 AppleWebKit/537.36 (KHTML, like Gecko; compatible; ClaudeBot/1.0; +claudebot@anthropic.com)"
103.253.27.34 - - [09/Sep/2026:06:28:22 -0600] "GET /category/%D8%A7%D9%86%D8%AF%DB%8C%D8%B4%D9%87-%D8%AA%D9%81%DA%A9%D8%B1/index.php HTTP/1.1" 301 - "-" "Mozilla/5.0 (Windows NT 10.0; Win64; x64) AppleWebKit/537.36 (KHTML, like Gecko) Chrome/120.0.0.0 Safari/537.36"
216.73.217.80 - - [09/Sep/2026:06:28:23 -0600] "GET /%d8%ac%d8%a7%db%8c%da%af%d8%a7%d9%87-%d9%82%d8%b7%d8%b9%d9%86%d8%a7%d9%85%d9%87%d9%87%d8%a7%db%8c-%d8%b4%d9%88%d8%b1%d8%a7%db%8c-%d8%a7%d9%85%d9%86%db%8c%d8%aa-%d8%b3%d8%a7%d8%b2/ HTTP/1.1" 200 207595 "https://ariapress.org/lf19" "Mozilla/5.0 AppleWebKit/537.36 (KHTML, like Gecko; compatible; ClaudeBot/1.0; +claudebot@anthropic.com)"
216.73.217.80 - - [09/Sep/2026:06:28:23 -0600] "GET /%d8%a8%d8%af%d8%ae%d8%b4%d8%a7%d9%86%d8%8c-%d9%85%d9%82%d8%a7%d9%88%d9%85%d8%aa-%d9%88-%d8%af%d8%b1%d8%af%d9%90-%d8%b3%d8%b1%d9%87%d8%a7%db%8c-%d8%b7%d8%a7%d9%84%d8%a8%d8%a7%d9%86%d8%9b/ HTTP/1.1" 200 239728 "https://ariapress.org/vt39" "Mozilla/5.0 AppleWebKit/537.36 (KHTML, like Gecko; compatible; ClaudeBot/1.0; +claudebot@anthropic.com)"
216.73.217.80 - - [09/Sep/2026:06:28:23 -0600] "GET /%d8%b3%d9%88%d9%85%db%8c%d9%86-%d9%86%d8%b4%d8%b3%d8%aa-%d8%af%d9%88%d8%ad%d9%87-%d9%88-%d8%b1%d8%a7%d9%87-%d8%ad%d9%84-%d8%a8%d8%ad%d8%b1%d8%a7%d9%86-%d8%a7%d9%81%d8%ba%d8%a7%d9%86%d8%b3%d8%aa%d8%a7/ HTTP/1.1" 200 238602 "https://ariapress.org/ct2w" "Mozilla/5.0 AppleWebKit/537.36 (KHTML, like Gecko; compatible; ClaudeBot/1.0; +claudebot@anthropic.com)"
216.73.217.80 - - [09/Sep/2026:06:28:24 -0600] "GET /%d8%ad%d9%85%d8%a7%db%8c%d8%aa-%d8%a7%d8%ad%d9%85%d8%af%d9%85%d8%b3%d8%b9%d9%88%d8%af%d8%8c-%d8%b1%d9%87%d8%a8%d8%b1-%d8%ac%d8%a8%d9%87%d9%87-%d9%85%d9%82%d8%a7%d9%88%d9%85%d8%aa-%d9%85%d9%84%db%8c/ HTTP/1.1" 200 200232 "https://ariapress.org/5dmi" "Mozilla/5.0 AppleWebKit/537.36 (KHTML, like Gecko; compatible; ClaudeBot/1.0; +claudebot@anthropic.com)"
103.253.27.34 - - [09/Sep/2026:06:28:25 -0600] "GET /category/%D8%A7%D9%86%D8%AF%DB%8C%D8%B4%D9%87-%D8%AA%D9%81%DA%A9%D8%B1/php.php HTTP/1.1" 404 136667 "-" "Mozilla/5.0 (Windows NT 10.0; Win64; x64) AppleWebKit/537.36 (KHTML, like Gecko) Chrome/120.0.0.0 Safari/537.36"
216.73.217.80 - - [09/Sep/2026:06:28:26 -0600] "GET /387k HTTP/1.1" 307 - "-" "Mozilla/5.0 AppleWebKit/537.36 (KHTML, like Gecko; compatible; ClaudeBot/1.0; +claudebot@anthropic.com)"
216.73.217.80 - - [09/Sep/2026:06:28:26 -0600] "GET /uvs5 HTTP/1.1" 307 - "-" "Mozilla/5.0 AppleWebKit/537.36 (KHTML, like Gecko; compatible; ClaudeBot/1.0; +claudebot@anthropic.com)"
216.73.217.80 - - [09/Sep/2026:06:28:27 -0600] "GET /a48j HTTP/1.1" 307 - "-" "Mozilla/5.0 AppleWebKit/537.36 (KHTML, like Gecko; compatible; ClaudeBot/1.0; +claudebot@anthropic.com)"
216.73.217.80 - - [09/Sep/2026:06:28:27 -0600] "GET /f6sh HTTP/1.1" 307 - "-" "Mozilla/5.0 AppleWebKit/537.36 (KHTML, like Gecko; compatible; ClaudeBot/1.0; +claudebot@anthropic.com)"
103.253.27.34 - - [09/Sep/2026:06:28:27 -0600] "GET /category/%D8%A7%D9%86%D8%AF%DB%8C%D8%B4%D9%87-%D8%AA%D9%81%DA%A9%D8%B1/shell.php HTTP/1.1" 404 136681 "-" "Mozilla/5.0 (Windows NT 10.0; Win64; x64) AppleWebKit/537.36 (KHTML, like Gecko) Chrome/120.0.0.0 Safari/537.36"
216.73.217.80 - - [09/Sep/2026:06:28:27 -0600] "GET /7hm5 HTTP/1.1" 307 - "-" "Mozilla/5.0 AppleWebKit/537.36 (KHTML, like Gecko; compatible; ClaudeBot/1.0; +claudebot@anthropic.com)"
216.73.217.80 - - [09/Sep/2026:06:28:28 -0600] "GET /3yap HTTP/1.1" 307 - "-" "Mozilla/5.0 AppleWebKit/537.36 (KHTML, like Gecko; compatible; ClaudeBot/1.0; +claudebot@anthropic.com)"
216.73.217.80 - - [09/Sep/2026:06:28:29 -0600] "GET /n0ht HTTP/1.1" 307 - "-" "Mozilla/5.0 AppleWebKit/537.36 (KHTML, like Gecko; compatible; ClaudeBot/1.0; +claudebot@anthropic.com)"
216.73.217.80 - - [09/Sep/2026:06:28:30 -0600] "GET /yjmc HTTP/1.1" 307 - "-" "Mozilla/5.0 AppleWebKit/537.36 (KHTML, like Gecko; compatible; ClaudeBot/1.0; +claudebot@anthropic.com)"
216.73.217.80 - - [09/Sep/2026:06:28:30 -0600] "GET /%d8%a7%d8%aa%d9%87%d8%a7%d9%85-%d9%81%d8%b3%d8%a7%d8%af-%d9%85%d8%a7%d9%84%db%8c-%d8%a8%d8%b1-%d8%af%d8%ae%d8%aa%d8%b1-%db%8c%da%a9-%d9%86%d9%85%d8%a7%db%8c%d9%86%d8%af%d9%87-%d8%b3%d8%a7%d8%a8%d9%82/ HTTP/1.1" 200 236820 "https://ariapress.org/3yap" "Mozilla/5.0 AppleWebKit/537.36 (KHTML, like Gecko; compatible; ClaudeBot/1.0; +claudebot@anthropic.com)"
103.253.27.34 - - [09/Sep/2026:06:28:30 -0600] "GET /category/%D8%A7%D9%86%D8%AF%DB%8C%D8%B4%D9%87-%D8%AA%D9%81%DA%A9%D8%B1/cmd.php HTTP/1.1" 404 136667 "-" "Mozilla/5.0 (Windows NT 10.0; Win64; x64) AppleWebKit/537.36 (KHTML, like Gecko) Chrome/120.0.0.0 Safari/537.36"
216.73.217.80 - - [09/Sep/2026:06:28:30 -0600] "GET /%da%a9%d8%b4%d8%aa%d9%87-%d8%b4%d8%af%d9%86-%da%86%d8%a7%d8%b1-%d8%b7%d8%a7%d9%84%d8%a8-%d8%af%d8%b1-%d8%b4%d9%87%d8%b1%d8%b3%d8%aa%d8%a7%d9%86-%d9%be%d8%b1%db%8c%d8%a7%d9%86/ HTTP/1.1" 200 190070 "https://ariapress.org/n0ht" "Mozilla/5.0 AppleWebKit/537.36 (KHTML, like Gecko; compatible; ClaudeBot/1.0; +claudebot@anthropic.com)"
216.73.217.80 - - [09/Sep/2026:06:28:31 -0600] "GET /%da%86%da%af%d9%88%d9%86%d9%87-%d8%b7%d8%a7%d9%84%d8%a8%d8%a7%d9%86-%d8%af%d9%88%d8%a8%d8%a7%d8%b1%d9%87-%d8%a8%d9%87-%d9%82%d8%af%d8%b1%d8%aa-%d8%a8%d8%a7%d8%b2%da%af%d8%b4%d8%aa%d9%86%d8%af%d8%9f/ HTTP/1.1" 200 268888 "https://ariapress.org/yjmc" "Mozilla/5.0 AppleWebKit/537.36 (KHTML, like Gecko; compatible; ClaudeBot/1.0; +claudebot@anthropic.com)"
103.253.27.34 - - [09/Sep/2026:06:28:33 -0600] "GET /category/%D8%A7%D9%86%D8%AF%DB%8C%D8%B4%D9%87-%D8%AA%D9%81%DA%A9%D8%B1/wso.php HTTP/1.1" 404 136667 "-" "Mozilla/5.0 (Windows NT 10.0; Win64; x64) AppleWebKit/537.36 (KHTML, like Gecko) Chrome/120.0.0.0 Safari/537.36"
216.73.217.80 - - [09/Sep/2026:06:28:33 -0600] "GET /3qh9 HTTP/1.1" 307 - "-" "Mozilla/5.0 AppleWebKit/537.36 (KHTML, like Gecko; compatible; ClaudeBot/1.0; +claudebot@anthropic.com)"
216.73.217.80 - - [09/Sep/2026:06:28:33 -0600] "GET /tag/a/ HTTP/1.1" 200 142353 "-" "Mozilla/5.0 AppleWebKit/537.36 (KHTML, like Gecko; compatible; ClaudeBot/1.0; +claudebot@anthropic.com)"
216.73.217.80 - - [09/Sep/2026:06:28:33 -0600] "GET /9r1h HTTP/1.1" 307 - "-" "Mozilla/5.0 AppleWebKit/537.36 (KHTML, like Gecko; compatible; ClaudeBot/1.0; +claudebot@anthropic.com)"
216.73.217.80 - - [09/Sep/2026:06:28:35 -0600] "GET /?p=548 HTTP/1.1" 301 - "-" "Mozilla/5.0 AppleWebKit/537.36 (KHTML, like Gecko; compatible; ClaudeBot/1.0; +claudebot@anthropic.com)"
216.73.217.80 - - [09/Sep/2026:06:28:35 -0600] "GET /?p=299 HTTP/1.1" 301 - "-" "Mozilla/5.0 AppleWebKit/537.36 (KHTML, like Gecko; compatible; ClaudeBot/1.0; +claudebot@anthropic.com)"
103.253.27.34 - - [09/Sep/2026:06:28:35 -0600] "GET /category/%D8%A7%D9%86%D8%AF%DB%8C%D8%B4%D9%87-%D8%AA%D9%81%DA%A9%D8%B1/c99.php HTTP/1.1" 404 136667 "-" "Mozilla/5.0 (Windows NT 10.0; Win64; x64) AppleWebKit/537.36 (KHTML, like Gecko) Chrome/120.0.0.0 Safari/537.36"
216.73.217.80 - - [09/Sep/2026:06:28:35 -0600] "GET /?p=563 HTTP/1.1" 301 - "-" "Mozilla/5.0 AppleWebKit/537.36 (KHTML, like Gecko; compatible; ClaudeBot/1.0; +claudebot@anthropic.com)"
