103.253.27.34 - - [09/Sep/2026:07:41:46 -0600] "GET /wp-email.php HTTP/1.1" 404 135931 "-" "Mozilla/5.0 (iPhone; CPU iPhone OS 17_2 like Mac OS X) AppleWebKit/605.1.15 (KHTML, like Gecko) Version/17.2 Mobile/15E148 Safari/604.1"
103.253.27.34 - - [09/Sep/2026:07:41:49 -0600] "GET /wp-content/themes/fitnessbase/dev.php HTTP/1.1" 404 136183 "-" "Mozilla/5.0 (iPhone; CPU iPhone OS 17_2 like Mac OS X) AppleWebKit/605.1.15 (KHTML, like Gecko) Version/17.2 Mobile/15E148 Safari/604.1"
103.253.27.34 - - [09/Sep/2026:07:41:52 -0600] "GET /wp-content/themes/fitnessbase/crp.php HTTP/1.1" 404 136183 "-" "Mozilla/5.0 (iPhone; CPU iPhone OS 17_2 like Mac OS X) AppleWebKit/605.1.15 (KHTML, like Gecko) Version/17.2 Mobile/15E148 Safari/604.1"
103.253.27.34 - - [09/Sep/2026:07:41:55 -0600] "GET /alpha.php HTTP/1.1" 404 135910 "-" "Mozilla/5.0 (iPhone; CPU iPhone OS 17_2 like Mac OS X) AppleWebKit/605.1.15 (KHTML, like Gecko) Version/17.2 Mobile/15E148 Safari/604.1"
162.240.68.55 - - [09/Sep/2026:07:42:01 -0600] "POST /wp-cron.php?doing_wp_cron=1788961321.6810560226440429687500 HTTP/1.1" 200 - "-" "WordPress/7.1; https://ariapress.org"
103.253.27.34 - - [09/Sep/2026:07:41:59 -0600] "GET /tinyfilemanager.php HTTP/1.1" 404 135980 "-" "Mozilla/5.0 (iPhone; CPU iPhone OS 17_2 like Mac OS X) AppleWebKit/605.1.15 (KHTML, like Gecko) Version/17.2 Mobile/15E148 Safari/604.1"
103.253.27.34 - - [09/Sep/2026:07:42:02 -0600] "GET /filemanager.php HTTP/1.1" 404 135952 "-" "Mozilla/5.0 (iPhone; CPU iPhone OS 17_2 like Mac OS X) AppleWebKit/605.1.15 (KHTML, like Gecko) Version/17.2 Mobile/15E148 Safari/604.1"
103.253.27.34 - - [09/Sep/2026:07:42:06 -0600] "GET /manager.php HTTP/1.1" 404 135924 "-" "Mozilla/5.0 (iPhone; CPU iPhone OS 17_2 like Mac OS X) AppleWebKit/605.1.15 (KHTML, like Gecko) Version/17.2 Mobile/15E148 Safari/604.1"
103.253.27.34 - - [09/Sep/2026:07:42:09 -0600] "GET /wp-content/themes/alera/alpha.php HTTP/1.1" 404 136155 "-" "Mozilla/5.0 (iPhone; CPU iPhone OS 17_2 like Mac OS X) AppleWebKit/605.1.15 (KHTML, like Gecko) Version/17.2 Mobile/15E148 Safari/604.1"
103.253.27.34 - - [09/Sep/2026:07:42:12 -0600] "GET /lock360.php HTTP/1.1" 404 135924 "-" "Mozilla/5.0 (iPhone; CPU iPhone OS 17_2 like Mac OS X) AppleWebKit/605.1.15 (KHTML, like Gecko) Version/17.2 Mobile/15E148 Safari/604.1"
103.253.27.34 - - [09/Sep/2026:07:42:15 -0600] "GET /.well-known/pki-validation/wp-signup.php HTTP/1.1" 404 136198 "-" "Mozilla/5.0 (iPhone; CPU iPhone OS 17_2 like Mac OS X) AppleWebKit/605.1.15 (KHTML, like Gecko) Version/17.2 Mobile/15E148 Safari/604.1"
103.253.27.34 - - [09/Sep/2026:07:42:18 -0600] "GET /.well-known/wp-signup.php HTTP/1.1" 404 136028 "-" "Mozilla/5.0 (iPhone; CPU iPhone OS 17_2 like Mac OS X) AppleWebKit/605.1.15 (KHTML, like Gecko) Version/17.2 Mobile/15E148 Safari/604.1"
103.253.27.34 - - [09/Sep/2026:07:42:21 -0600] "GET /0o.php HTTP/1.1" 404 135889 "-" "Mozilla/5.0 (iPhone; CPU iPhone OS 17_2 like Mac OS X) AppleWebKit/605.1.15 (KHTML, like Gecko) Version/17.2 Mobile/15E148 Safari/604.1"
103.253.27.34 - - [09/Sep/2026:07:42:24 -0600] "GET /ciis.php HTTP/1.1" 404 135903 "-" "Mozilla/5.0 (iPhone; CPU iPhone OS 17_2 like Mac OS X) AppleWebKit/605.1.15 (KHTML, like Gecko) Version/17.2 Mobile/15E148 Safari/604.1"
103.253.27.34 - - [09/Sep/2026:07:42:27 -0600] "GET /zfox.php HTTP/1.1" 404 135903 "-" "Mozilla/5.0 (iPhone; CPU iPhone OS 17_2 like Mac OS X) AppleWebKit/605.1.15 (KHTML, like Gecko) Version/17.2 Mobile/15E148 Safari/604.1"
103.253.27.34 - - [09/Sep/2026:07:42:31 -0600] "GET /zf.php HTTP/1.1" 404 135889 "-" "Mozilla/5.0 (iPhone; CPU iPhone OS 17_2 like Mac OS X) AppleWebKit/605.1.15 (KHTML, like Gecko) Version/17.2 Mobile/15E148 Safari/604.1"
103.253.27.34 - - [09/Sep/2026:07:42:34 -0600] "GET /room.php HTTP/1.1" 404 135903 "-" "Mozilla/5.0 (iPhone; CPU iPhone OS 17_2 like Mac OS X) AppleWebKit/605.1.15 (KHTML, like Gecko) Version/17.2 Mobile/15E148 Safari/604.1"
162.240.68.55 - - [09/Sep/2026:07:42:39 -0600] "POST /wp-cron.php?doing_wp_cron=1788961359.9458839893341064453125 HTTP/1.1" 200 - "-" "WordPress/7.1; https://ariapress.org"
103.253.27.34 - - [09/Sep/2026:07:42:37 -0600] "GET /adriv.php HTTP/1.1" 404 135910 "-" "Mozilla/5.0 (iPhone; CPU iPhone OS 17_2 like Mac OS X) AppleWebKit/605.1.15 (KHTML, like Gecko) Version/17.2 Mobile/15E148 Safari/604.1"
103.253.27.34 - - [09/Sep/2026:07:42:40 -0600] "GET /gecko.php HTTP/1.1" 404 135910 "-" "Mozilla/5.0 (iPhone; CPU iPhone OS 17_2 like Mac OS X) AppleWebKit/605.1.15 (KHTML, like Gecko) Version/17.2 Mobile/15E148 Safari/604.1"
103.253.27.34 - - [09/Sep/2026:07:42:44 -0600] "GET /xleet-shell.php HTTP/1.1" 404 135952 "-" "Mozilla/5.0 (iPhone; CPU iPhone OS 17_2 like Mac OS X) AppleWebKit/605.1.15 (KHTML, like Gecko) Version/17.2 Mobile/15E148 Safari/604.1"
103.253.27.34 - - [09/Sep/2026:07:42:46 -0600] "GET /4mosan.php HTTP/1.1" 404 135917 "-" "Mozilla/5.0 (iPhone; CPU iPhone OS 17_2 like Mac OS X) AppleWebKit/605.1.15 (KHTML, like Gecko) Version/17.2 Mobile/15E148 Safari/604.1"
103.253.27.34 - - [09/Sep/2026:07:42:49 -0600] "GET /cong.php HTTP/1.1" 404 135903 "-" "Mozilla/5.0 (iPhone; CPU iPhone OS 17_2 like Mac OS X) AppleWebKit/605.1.15 (KHTML, like Gecko) Version/17.2 Mobile/15E148 Safari/604.1"
103.253.27.34 - - [09/Sep/2026:07:42:53 -0600] "GET /wp-key.php HTTP/1.1" 404 135917 "-" "Mozilla/5.0 (iPhone; CPU iPhone OS 17_2 like Mac OS X) AppleWebKit/605.1.15 (KHTML, like Gecko) Version/17.2 Mobile/15E148 Safari/604.1"
103.253.27.34 - - [09/Sep/2026:07:42:56 -0600] "GET /wp-conctent.php HTTP/1.1" 404 135952 "-" "Mozilla/5.0 (iPhone; CPU iPhone OS 17_2 like Mac OS X) AppleWebKit/605.1.15 (KHTML, like Gecko) Version/17.2 Mobile/15E148 Safari/604.1"
162.240.68.55 - - [09/Sep/2026:07:43:02 -0600] "POST /wp-cron.php?doing_wp_cron=1788961382.0647780895233154296875 HTTP/1.1" 200 - "-" "WordPress/7.1; https://ariapress.org"
103.253.27.34 - - [09/Sep/2026:07:42:59 -0600] "GET /flame.php HTTP/1.1" 404 135910 "-" "Mozilla/5.0 (iPhone; CPU iPhone OS 17_2 like Mac OS X) AppleWebKit/605.1.15 (KHTML, like Gecko) Version/17.2 Mobile/15E148 Safari/604.1"
103.253.27.34 - - [09/Sep/2026:07:43:02 -0600] "GET /wp-content/flame.php HTTP/1.1" 404 135993 "-" "Mozilla/5.0 (iPhone; CPU iPhone OS 17_2 like Mac OS X) AppleWebKit/605.1.15 (KHTML, like Gecko) Version/17.2 Mobile/15E148 Safari/604.1"
103.253.27.34 - - [09/Sep/2026:07:43:06 -0600] "GET /block-patwp.php HTTP/1.1" 404 135952 "-" "Mozilla/5.0 (iPhone; CPU iPhone OS 17_2 like Mac OS X) AppleWebKit/605.1.15 (KHTML, like Gecko) Version/17.2 Mobile/15E148 Safari/604.1"
103.253.27.34 - - [09/Sep/2026:07:43:09 -0600] "GET /lx.php HTTP/1.1" 404 135889 "-" "Mozilla/5.0 (iPhone; CPU iPhone OS 17_2 like Mac OS X) AppleWebKit/605.1.15 (KHTML, like Gecko) Version/17.2 Mobile/15E148 Safari/604.1"
103.253.27.34 - - [09/Sep/2026:07:43:12 -0600] "GET /991176.php HTTP/1.1" 404 135917 "-" "Mozilla/5.0 (iPhone; CPU iPhone OS 17_2 like Mac OS X) AppleWebKit/605.1.15 (KHTML, like Gecko) Version/17.2 Mobile/15E148 Safari/604.1"
103.253.27.34 - - [09/Sep/2026:07:43:16 -0600] "GET /ffAA531.php HTTP/1.1" 404 135924 "-" "Mozilla/5.0 (iPhone; CPU iPhone OS 17_2 like Mac OS X) AppleWebKit/605.1.15 (KHTML, like Gecko) Version/17.2 Mobile/15E148 Safari/604.1"
103.253.27.34 - - [09/Sep/2026:07:43:23 -0600] "GET /wp-help.php HTTP/1.1" 404 135924 "-" "Mozilla/5.0 (iPhone; CPU iPhone OS 17_2 like Mac OS X) AppleWebKit/605.1.15 (KHTML, like Gecko) Version/17.2 Mobile/15E148 Safari/604.1"
185.213.11.86 - - [09/Sep/2026:07:43:25 -0600] "GET /?feed=rss2 HTTP/1.1" 301 - "-" "-"
103.253.27.34 - - [09/Sep/2026:07:43:26 -0600] "GET /un2.php HTTP/1.1" 404 135896 "-" "Mozilla/5.0 (iPhone; CPU iPhone OS 17_2 like Mac OS X) AppleWebKit/605.1.15 (KHTML, like Gecko) Version/17.2 Mobile/15E148 Safari/604.1"
185.213.11.86 - - [09/Sep/2026:07:43:28 -0600] "GET /feed/ HTTP/1.1" 200 269769 "-" "-"
103.253.27.34 - - [09/Sep/2026:07:43:30 -0600] "GET /wp-posts.php HTTP/1.1" 404 135931 "-" "Mozilla/5.0 (iPhone; CPU iPhone OS 17_2 like Mac OS X) AppleWebKit/605.1.15 (KHTML, like Gecko) Version/17.2 Mobile/15E148 Safari/604.1"
103.253.27.34 - - [09/Sep/2026:07:43:33 -0600] "GET /xl.php HTTP/1.1" 404 135889 "-" "Mozilla/5.0 (iPhone; CPU iPhone OS 17_2 like Mac OS X) AppleWebKit/605.1.15 (KHTML, like Gecko) Version/17.2 Mobile/15E148 Safari/604.1"
162.240.68.55 - - [09/Sep/2026:07:43:40 -0600] "POST /wp-cron.php?doing_wp_cron=1788961420.1768190860748291015625 HTTP/1.1" 200 - "-" "WordPress/7.1; https://ariapress.org"
103.253.27.34 - - [09/Sep/2026:07:43:37 -0600] "GET /testwp.php HTTP/1.1" 404 135917 "-" "Mozilla/5.0 (iPhone; CPU iPhone OS 17_2 like Mac OS X) AppleWebKit/605.1.15 (KHTML, like Gecko) Version/17.2 Mobile/15E148 Safari/604.1"
103.253.27.34 - - [09/Sep/2026:07:43:40 -0600] "GET /kyami.php HTTP/1.1" 404 135910 "-" "Mozilla/5.0 (iPhone; CPU iPhone OS 17_2 like Mac OS X) AppleWebKit/605.1.15 (KHTML, like Gecko) Version/17.2 Mobile/15E148 Safari/604.1"
103.253.27.34 - - [09/Sep/2026:07:43:44 -0600] "GET /wp-includes/class-wp-other.php HTTP/1.1" 404 136063 "-" "Mozilla/5.0 (iPhone; CPU iPhone OS 17_2 like Mac OS X) AppleWebKit/605.1.15 (KHTML, like Gecko) Version/17.2 Mobile/15E148 Safari/604.1"
103.253.27.34 - - [09/Sep/2026:07:43:48 -0600] "GET /1975.phP HTTP/1.1" 404 135903 "-" "Mozilla/5.0 (iPhone; CPU iPhone OS 17_2 like Mac OS X) AppleWebKit/605.1.15 (KHTML, like Gecko) Version/17.2 Mobile/15E148 Safari/604.1"
40.77.167.10 - - [09/Sep/2026:07:43:49 -0600] "GET /%D8%AC%D9%86%D8%B2%D8%AF%DA%AF%DB%8C-%DB%8C%D8%A7-%D8%A8%DB%8C%D9%85%D8%A7%D8%B1%DB%8C-%D8%B1%D9%88%D8%A7%D9%86%DB%8C/ HTTP/1.1" 200 234072 "-" "Mozilla/5.0 AppleWebKit/537.36 (KHTML, like Gecko; compatible; bingbot/2.0; +http://www.bing.com/bingbot.htm) Chrome/116.0.1938.76 Safari/537.36"
103.253.27.34 - - [09/Sep/2026:07:43:52 -0600] "GET /Mo2AaAaAaPrivateShell.php HTTP/1.1" 404 136022 "-" "Mozilla/5.0 (iPhone; CPU iPhone OS 17_2 like Mac OS X) AppleWebKit/605.1.15 (KHTML, like Gecko) Version/17.2 Mobile/15E148 Safari/604.1"
103.253.27.34 - - [09/Sep/2026:07:43:55 -0600] "GET /god4m.php HTTP/1.1" 404 135910 "-" "Mozilla/5.0 (iPhone; CPU iPhone OS 17_2 like Mac OS X) AppleWebKit/605.1.15 (KHTML, like Gecko) Version/17.2 Mobile/15E148 Safari/604.1"
162.240.68.55 - - [09/Sep/2026:07:44:01 -0600] "POST /wp-cron.php?doing_wp_cron=1788961441.0740609169006347656250 HTTP/1.1" 200 - "-" "WordPress/7.1; https://ariapress.org"
103.253.27.34 - - [09/Sep/2026:07:43:58 -0600] "GET /shl.php HTTP/1.1" 404 135896 "-" "Mozilla/5.0 (iPhone; CPU iPhone OS 17_2 like Mac OS X) AppleWebKit/605.1.15 (KHTML, like Gecko) Version/17.2 Mobile/15E148 Safari/604.1"
103.253.27.34 - - [09/Sep/2026:07:44:01 -0600] "GET /hi.php HTTP/1.1" 404 135889 "-" "Mozilla/5.0 (iPhone; CPU iPhone OS 17_2 like Mac OS X) AppleWebKit/605.1.15 (KHTML, like Gecko) Version/17.2 Mobile/15E148 Safari/604.1"
103.253.27.34 - - [09/Sep/2026:07:44:05 -0600] "GET /wp-content/themes/noriumportfolio/img_screen.php HTTP/1.1" 404 136260 "-" "Mozilla/5.0 (iPhone; CPU iPhone OS 17_2 like Mac OS X) AppleWebKit/605.1.15 (KHTML, like Gecko) Version/17.2 Mobile/15E148 Safari/604.1"
103.253.27.34 - - [09/Sep/2026:07:44:08 -0600] "GET /wp-content/themes/noriumportfolio/doc.php HTTP/1.1" 404 136211 "-" "Mozilla/5.0 (iPhone; CPU iPhone OS 17_2 like Mac OS X) AppleWebKit/605.1.15 (KHTML, like Gecko) Version/17.2 Mobile/15E148 Safari/604.1"
103.253.27.34 - - [09/Sep/2026:07:44:11 -0600] "GET /wp-content/themes/noriumportfolio/alpha.php HTTP/1.1" 404 136225 "-" "Mozilla/5.0 (iPhone; CPU iPhone OS 17_2 like Mac OS X) AppleWebKit/605.1.15 (KHTML, like Gecko) Version/17.2 Mobile/15E148 Safari/604.1"
103.253.27.34 - - [09/Sep/2026:07:44:15 -0600] "GET /wp-content/themes/noriumportfolio/db.php HTTP/1.1" 404 136204 "-" "Mozilla/5.0 (iPhone; CPU iPhone OS 17_2 like Mac OS X) AppleWebKit/605.1.15 (KHTML, like Gecko) Version/17.2 Mobile/15E148 Safari/604.1"
103.253.27.34 - - [09/Sep/2026:07:44:18 -0600] "GET /wp-content/themes/seotheme/db.php HTTP/1.1" 404 136155 "-" "Mozilla/5.0 (iPhone; CPU iPhone OS 17_2 like Mac OS X) AppleWebKit/605.1.15 (KHTML, like Gecko) Version/17.2 Mobile/15E148 Safari/604.1"
103.253.27.34 - - [09/Sep/2026:07:44:21 -0600] "GET /wp-content/themes/skatepark/alpha.php HTTP/1.1" 404 136183 "-" "Mozilla/5.0 (iPhone; CPU iPhone OS 17_2 like Mac OS X) AppleWebKit/605.1.15 (KHTML, like Gecko) Version/17.2 Mobile/15E148 Safari/604.1"
103.253.27.34 - - [09/Sep/2026:07:44:24 -0600] "GET /wp-content/themes/skatepark/img_screen.php HTTP/1.1" 404 136218 "-" "Mozilla/5.0 (iPhone; CPU iPhone OS 17_2 like Mac OS X) AppleWebKit/605.1.15 (KHTML, like Gecko) Version/17.2 Mobile/15E148 Safari/604.1"
103.253.27.34 - - [09/Sep/2026:07:44:28 -0600] "GET /wp-content/themes/skatepark/db.php HTTP/1.1" 404 136162 "-" "Mozilla/5.0 (iPhone; CPU iPhone OS 17_2 like Mac OS X) AppleWebKit/605.1.15 (KHTML, like Gecko) Version/17.2 Mobile/15E148 Safari/604.1"
40.77.167.10 - - [09/Sep/2026:07:44:30 -0600] "GET /%D9%87%D8%B1%DA%AF%D9%88%D9%86%D9%87-%D8%AA%D9%84%D8%A7%D8%B4-%D8%A8%D8%B1%D8%A7%DB%8C-%D8%A7%DB%8C%D8%AC%D8%A7%D8%AF-%D8%A7%D8%AA%D8%AD%D8%A7%D8%AF-%D9%85%DB%8C%D8%A7%D9%86-%D9%85%D8%B1%D8%AF%D9%85/ HTTP/1.1" 200 202882 "-" "Mozilla/5.0 AppleWebKit/537.36 (KHTML, like Gecko; compatible; bingbot/2.0; +http://www.bing.com/bingbot.htm) Chrome/116.0.1938.76 Safari/537.36"
103.253.27.34 - - [09/Sep/2026:07:44:31 -0600] "GET /wp-content/themes/skatepark/doc.php HTTP/1.1" 404 136169 "-" "Mozilla/5.0 (iPhone; CPU iPhone OS 17_2 like Mac OS X) AppleWebKit/605.1.15 (KHTML, like Gecko) Version/17.2 Mobile/15E148 Safari/604.1"
9.205.30.134 - - [09/Sep/2026:07:44:31 -0600] "GET / HTTP/1.1" 200 118456 "-" "Mozilla/5.0 AppleWebKit/537.36 (KHTML, like Gecko); compatible; ChatGPT-User/1.0; +https://openai.com/bot"
103.253.27.34 - - [09/Sep/2026:07:44:35 -0600] "GET /wp-content/plugins/db/mar.php HTTP/1.1" 404 136127 "-" "Mozilla/5.0 (iPhone; CPU iPhone OS 17_2 like Mac OS X) AppleWebKit/605.1.15 (KHTML, like Gecko) Version/17.2 Mobile/15E148 Safari/604.1"
162.240.68.55 - - [09/Sep/2026:07:44:41 -0600] "POST /wp-cron.php?doing_wp_cron=1788961481.7301559448242187500000 HTTP/1.1" 200 - "-" "WordPress/7.1; https://ariapress.org"
103.253.27.34 - - [09/Sep/2026:07:44:38 -0600] "GET /wp-content/themes/wp-pridmag/22x.php HTTP/1.1" 404 136176 "-" "Mozilla/5.0 (iPhone; CPU iPhone OS 17_2 like Mac OS X) AppleWebKit/605.1.15 (KHTML, like Gecko) Version/17.2 Mobile/15E148 Safari/604.1"
103.253.27.34 - - [09/Sep/2026:07:44:42 -0600] "GET /wp-content/plugins/ndak/1.php HTTP/1.1" 404 136127 "-" "Mozilla/5.0 (iPhone; CPU iPhone OS 17_2 like Mac OS X) AppleWebKit/605.1.15 (KHTML, like Gecko) Version/17.2 Mobile/15E148 Safari/604.1"
103.253.27.34 - - [09/Sep/2026:07:44:46 -0600] "GET /wp-content/plugins/ndak/marijuana.php HTTP/1.1" 404 136183 "-" "Mozilla/5.0 (iPhone; CPU iPhone OS 17_2 like Mac OS X) AppleWebKit/605.1.15 (KHTML, like Gecko) Version/17.2 Mobile/15E148 Safari/604.1"
103.253.27.34 - - [09/Sep/2026:07:44:49 -0600] "GET /wp-content/themes/workart/db.php HTTP/1.1" 404 136148 "-" "Mozilla/5.0 (iPhone; CPU iPhone OS 17_2 like Mac OS X) AppleWebKit/605.1.15 (KHTML, like Gecko) Version/17.2 Mobile/15E148 Safari/604.1"
103.253.27.34 - - [09/Sep/2026:07:44:52 -0600] "GET /wp-content/plugins/cache-wordpress/wp-activates.php HTTP/1.1" 404 136281 "-" "Mozilla/5.0 (iPhone; CPU iPhone OS 17_2 like Mac OS X) AppleWebKit/605.1.15 (KHTML, like Gecko) Version/17.2 Mobile/15E148 Safari/604.1"
103.253.27.34 - - [09/Sep/2026:07:44:56 -0600] "GET /wp-content/plugins/cekidot/readme.txt HTTP/1.1" 404 136183 "-" "Mozilla/5.0 (iPhone; CPU iPhone OS 17_2 like Mac OS X) AppleWebKit/605.1.15 (KHTML, like Gecko) Version/17.2 Mobile/15E148 Safari/604.1"
162.240.68.55 - - [09/Sep/2026:07:45:02 -0600] "POST /wp-cron.php?doing_wp_cron=1788961502.0066208839416503906250 HTTP/1.1" 200 - "-" "WordPress/7.1; https://ariapress.org"
103.253.27.34 - - [09/Sep/2026:07:44:59 -0600] "GET /wp-content/plugins/cekidot/mar.php HTTP/1.1" 404 136162 "-" "Mozilla/5.0 (iPhone; CPU iPhone OS 17_2 like Mac OS X) AppleWebKit/605.1.15 (KHTML, like Gecko) Version/17.2 Mobile/15E148 Safari/604.1"
103.253.27.34 - - [09/Sep/2026:07:45:03 -0600] "GET /wp-content/themes/workart/doc.php HTTP/1.1" 404 136155 "-" "Mozilla/5.0 (iPhone; CPU iPhone OS 17_2 like Mac OS X) AppleWebKit/605.1.15 (KHTML, like Gecko) Version/17.2 Mobile/15E148 Safari/604.1"
103.253.27.34 - - [09/Sep/2026:07:45:06 -0600] "GET /wp-content/themes/theme/gr.php HTTP/1.1" 404 136134 "-" "Mozilla/5.0 (iPhone; CPU iPhone OS 17_2 like Mac OS X) AppleWebKit/605.1.15 (KHTML, like Gecko) Version/17.2 Mobile/15E148 Safari/604.1"
103.253.27.34 - - [09/Sep/2026:07:45:09 -0600] "GET /wp-content/themes/pridmag/init.php HTTP/1.1" 404 136162 "-" "Mozilla/5.0 (iPhone; CPU iPhone OS 17_2 like Mac OS X) AppleWebKit/605.1.15 (KHTML, like Gecko) Version/17.2 Mobile/15E148 Safari/604.1"
180.94.93.64 - - [09/Sep/2026:07:45:11 -0600] "GET /%D8%B1%D9%88%D8%A7%DB%8C%D8%AA%DB%8C-%D8%A7%D8%B2-%D8%B4%D8%AC%D8%A7%D8%B9%D8%AA-%D9%88-%D9%85%D8%B1%D8%AF%D8%A7%D9%86%DA%AF%DB%8C-%D9%81%D8%B1%D9%85%D8%A7%D9%86%D8%AF%D9%87-%D8%AF%D8%A7%D9%88%D9%88/?utm_source=chatgpt.com HTTP/1.1" 200 210381 "-" "Mozilla/5.0 (Linux; Android 10; K) AppleWebKit/537.36 (KHTML, like Gecko) Chrome/150.0.0.0 Mobile Safari/537.36"
180.94.93.64 - - [09/Sep/2026:07:45:15 -0600] "GET /wp-content/themes/jannah/assets/css/base.min.css?ver=7.4.1 HTTP/1.1" 200 40643 "https://ariapress.org/%D8%B1%D9%88%D8%A7%DB%8C%D8%AA%DB%8C-%D8%A7%D8%B2-%D8%B4%D8%AC%D8%A7%D8%B9%D8%AA-%D9%88-%D9%85%D8%B1%D8%AF%D8%A7%D9%86%DA%AF%DB%8C-%D9%81%D8%B1%D9%85%D8%A7%D9%86%D8%AF%D9%87-%D8%AF%D8%A7%D9%88%D9%88/?utm_source=chatgpt.com" "Mozilla/5.0 (Linux; Android 10; K) AppleWebKit/537.36 (KHTML, like Gecko) Chrome/150.0.0.0 Mobile Safari/537.36"
180.94.93.64 - - [09/Sep/2026:07:45:15 -0600] "GET /wp-content/themes/jannah/assets/css/widgets.min.css?ver=7.4.1 HTTP/1.1" 200 46683 "https://ariapress.org/%D8%B1%D9%88%D8%A7%DB%8C%D8%AA%DB%8C-%D8%A7%D8%B2-%D8%B4%D8%AC%D8%A7%D8%B9%D8%AA-%D9%88-%D9%85%D8%B1%D8%AF%D8%A7%D9%86%DA%AF%DB%8C-%D9%81%D8%B1%D9%85%D8%A7%D9%86%D8%AF%D9%87-%D8%AF%D8%A7%D9%88%D9%88/?utm_source=chatgpt.com" "Mozilla/5.0 (Linux; Android 10; K) AppleWebKit/537.36 (KHTML, like Gecko) Chrome/150.0.0.0 Mobile Safari/537.36"
180.94.93.64 - - [09/Sep/2026:07:45:15 -0600] "GET /wp-content/themes/jannah/assets/css/helpers.min.css?ver=7.4.1 HTTP/1.1" 200 33686 "https://ariapress.org/%D8%B1%D9%88%D8%A7%DB%8C%D8%AA%DB%8C-%D8%A7%D8%B2-%D8%B4%D8%AC%D8%A7%D8%B9%D8%AA-%D9%88-%D9%85%D8%B1%D8%AF%D8%A7%D9%86%DA%AF%DB%8C-%D9%81%D8%B1%D9%85%D8%A7%D9%86%D8%AF%D9%87-%D8%AF%D8%A7%D9%88%D9%88/?utm_source=chatgpt.com" "Mozilla/5.0 (Linux; Android 10; K) AppleWebKit/537.36 (KHTML, like Gecko) Chrome/150.0.0.0 Mobile Safari/537.36"
180.94.93.64 - - [09/Sep/2026:07:45:15 -0600] "GET /wp-content/themes/jannah/assets/css/fontawesome.css?ver=7.4.1 HTTP/1.1" 200 58662 "https://ariapress.org/%D8%B1%D9%88%D8%A7%DB%8C%D8%AA%DB%8C-%D8%A7%D8%B2-%D8%B4%D8%AC%D8%A7%D8%B9%D8%AA-%D9%88-%D9%85%D8%B1%D8%AF%D8%A7%D9%86%DA%AF%DB%8C-%D9%81%D8%B1%D9%85%D8%A7%D9%86%D8%AF%D9%87-%D8%AF%D8%A7%D9%88%D9%88/?utm_source=chatgpt.com" "Mozilla/5.0 (Linux; Android 10; K) AppleWebKit/537.36 (KHTML, like Gecko) Chrome/150.0.0.0 Mobile Safari/537.36"
103.253.27.34 - - [09/Sep/2026:07:45:12 -0600] "GET /wp-content/themes/jobart/db.php HTTP/1.1" 404 136141 "-" "Mozilla/5.0 (iPhone; CPU iPhone OS 17_2 like Mac OS X) AppleWebKit/605.1.15 (KHTML, like Gecko) Version/17.2 Mobile/15E148 Safari/604.1"
180.94.93.64 - - [09/Sep/2026:07:45:15 -0600] "GET /wp-content/themes/jannah/assets/ilightbox/dark-skin/skin.css?ver=7.4.1 HTTP/1.1" 200 12018 "https://ariapress.org/%D8%B1%D9%88%D8%A7%DB%8C%D8%AA%DB%8C-%D8%A7%D8%B2-%D8%B4%D8%AC%D8%A7%D8%B9%D8%AA-%D9%88-%D9%85%D8%B1%D8%AF%D8%A7%D9%86%DA%AF%DB%8C-%D9%81%D8%B1%D9%85%D8%A7%D9%86%D8%AF%D9%87-%D8%AF%D8%A7%D9%88%D9%88/?utm_source=chatgpt.com" "Mozilla/5.0 (Linux; Android 10; K) AppleWebKit/537.36 (KHTML, like Gecko) Chrome/150.0.0.0 Mobile Safari/537.36"
180.94.93.64 - - [09/Sep/2026:07:45:15 -0600] "GET /wp-content/themes/jannah/assets/css/style.min.css?ver=7.4.1 HTTP/1.1" 200 143429 "https://ariapress.org/%D8%B1%D9%88%D8%A7%DB%8C%D8%AA%DB%8C-%D8%A7%D8%B2-%D8%B4%D8%AC%D8%A7%D8%B9%D8%AA-%D9%88-%D9%85%D8%B1%D8%AF%D8%A7%D9%86%DA%AF%DB%8C-%D9%81%D8%B1%D9%85%D8%A7%D9%86%D8%AF%D9%87-%D8%AF%D8%A7%D9%88%D9%88/?utm_source=chatgpt.com" "Mozilla/5.0 (Linux; Android 10; K) AppleWebKit/537.36 (KHTML, like Gecko) Chrome/150.0.0.0 Mobile Safari/537.36"
180.94.93.64 - - [09/Sep/2026:07:45:16 -0600] "GET /wp-content/themes/jannah/assets/css/plugins/shortcodes.min.css?ver=7.4.1 HTTP/1.1" 200 13196 "https://ariapress.org/%D8%B1%D9%88%D8%A7%DB%8C%D8%AA%DB%8C-%D8%A7%D8%B2-%D8%B4%D8%AC%D8%A7%D8%B9%D8%AA-%D9%88-%D9%85%D8%B1%D8%AF%D8%A7%D9%86%DA%AF%DB%8C-%D9%81%D8%B1%D9%85%D8%A7%D9%86%D8%AF%D9%87-%D8%AF%D8%A7%D9%88%D9%88/?utm_source=chatgpt.com" "Mozilla/5.0 (Linux; Android 10; K) AppleWebKit/537.36 (KHTML, like Gecko) Chrome/150.0.0.0 Mobile Safari/537.36"
180.94.93.64 - - [09/Sep/2026:07:45:16 -0600] "GET /wp-content/themes/jannah/assets/css/single.min.css?ver=7.4.1 HTTP/1.1" 200 46035 "https://ariapress.org/%D8%B1%D9%88%D8%A7%DB%8C%D8%AA%DB%8C-%D8%A7%D8%B2-%D8%B4%D8%AC%D8%A7%D8%B9%D8%AA-%D9%88-%D9%85%D8%B1%D8%AF%D8%A7%D9%86%DA%AF%DB%8C-%D9%81%D8%B1%D9%85%D8%A7%D9%86%D8%AF%D9%87-%D8%AF%D8%A7%D9%88%D9%88/?utm_source=chatgpt.com" "Mozilla/5.0 (Linux; Android 10; K) AppleWebKit/537.36 (KHTML, like Gecko) Chrome/150.0.0.0 Mobile Safari/537.36"
180.94.93.64 - - [09/Sep/2026:07:45:16 -0600] "GET /wp-content/themes/jannah/rtl.css?ver=7.1 HTTP/1.1" 200 38404 "https://ariapress.org/%D8%B1%D9%88%D8%A7%DB%8C%D8%AA%DB%8C-%D8%A7%D8%B2-%D8%B4%D8%AC%D8%A7%D8%B9%D8%AA-%D9%88-%D9%85%D8%B1%D8%AF%D8%A7%D9%86%DA%AF%DB%8C-%D9%81%D8%B1%D9%85%D8%A7%D9%86%D8%AF%D9%87-%D8%AF%D8%A7%D9%88%D9%88/?utm_source=chatgpt.com" "Mozilla/5.0 (Linux; Android 10; K) AppleWebKit/537.36 (KHTML, like Gecko) Chrome/150.0.0.0 Mobile Safari/537.36"
180.94.93.64 - - [09/Sep/2026:07:45:16 -0600] "GET /wp-content/themes/jannah-child/style.css?ver=7.1 HTTP/1.1" 200 602 "https://ariapress.org/%D8%B1%D9%88%D8%A7%DB%8C%D8%AA%DB%8C-%D8%A7%D8%B2-%D8%B4%D8%AC%D8%A7%D8%B9%D8%AA-%D9%88-%D9%85%D8%B1%D8%AF%D8%A7%D9%86%DA%AF%DB%8C-%D9%81%D8%B1%D9%85%D8%A7%D9%86%D8%AF%D9%87-%D8%AF%D8%A7%D9%88%D9%88/?utm_source=chatgpt.com" "Mozilla/5.0 (Linux; Android 10; K) AppleWebKit/537.36 (KHTML, like Gecko) Chrome/150.0.0.0 Mobile Safari/537.36"
180.94.93.64 - - [09/Sep/2026:07:45:16 -0600] "GET /wp-includes/js/jquery/jquery.min.js?ver=3.7.1 HTTP/1.1" 200 87553 "https://ariapress.org/%D8%B1%D9%88%D8%A7%DB%8C%D8%AA%DB%8C-%D8%A7%D8%B2-%D8%B4%D8%AC%D8%A7%D8%B9%D8%AA-%D9%88-%D9%85%D8%B1%D8%AF%D8%A7%D9%86%DA%AF%DB%8C-%D9%81%D8%B1%D9%85%D8%A7%D9%86%D8%AF%D9%87-%D8%AF%D8%A7%D9%88%D9%88/?utm_source=chatgpt.com" "Mozilla/5.0 (Linux; Android 10; K) AppleWebKit/537.36 (KHTML, like Gecko) Chrome/150.0.0.0 Mobile Safari/537.36"
180.94.93.64 - - [09/Sep/2026:07:45:16 -0600] "GET /wp-includes/js/jquery/jquery-migrate.min.js?ver=3.4.1 HTTP/1.1" 200 13577 "https://ariapress.org/%D8%B1%D9%88%D8%A7%DB%8C%D8%AA%DB%8C-%D8%A7%D8%B2-%D8%B4%D8%AC%D8%A7%D8%B9%D8%AA-%D9%88-%D9%85%D8%B1%D8%AF%D8%A7%D9%86%DA%AF%DB%8C-%D9%81%D8%B1%D9%85%D8%A7%D9%86%D8%AF%D9%87-%D8%AF%D8%A7%D9%88%D9%88/?utm_source=chatgpt.com" "Mozilla/5.0 (Linux; Android 10; K) AppleWebKit/537.36 (KHTML, like Gecko) Chrome/150.0.0.0 Mobile Safari/537.36"
180.94.93.64 - - [09/Sep/2026:07:45:16 -0600] "GET /wp-content/uploads/2023/06/282327003_5611771512176630_7085521137590458783_n.jpg HTTP/1.1" 200 31198 "https://ariapress.org/%D8%B1%D9%88%D8%A7%DB%8C%D8%AA%DB%8C-%D8%A7%D8%B2-%D8%B4%D8%AC%D8%A7%D8%B9%D8%AA-%D9%88-%D9%85%D8%B1%D8%AF%D8%A7%D9%86%DA%AF%DB%8C-%D9%81%D8%B1%D9%85%D8%A7%D9%86%D8%AF%D9%87-%D8%AF%D8%A7%D9%88%D9%88/?utm_source=chatgpt.com" "Mozilla/5.0 (Linux; Android 10; K) AppleWebKit/537.36 (KHTML, like Gecko) Chrome/150.0.0.0 Mobile Safari/537.36"
180.94.93.64 - - [09/Sep/2026:07:45:17 -0600] "GET /wp-content/uploads/2022/03/logo-slagon.svg HTTP/1.1" 200 35342 "https://ariapress.org/%D8%B1%D9%88%D8%A7%DB%8C%D8%AA%DB%8C-%D8%A7%D8%B2-%D8%B4%D8%AC%D8%A7%D8%B9%D8%AA-%D9%88-%D9%85%D8%B1%D8%AF%D8%A7%D9%86%DA%AF%DB%8C-%D9%81%D8%B1%D9%85%D8%A7%D9%86%D8%AF%D9%87-%D8%AF%D8%A7%D9%88%D9%88/?utm_source=chatgpt.com" "Mozilla/5.0 (Linux; Android 10; K) AppleWebKit/537.36 (KHTML, like Gecko) Chrome/150.0.0.0 Mobile Safari/537.36"
180.94.93.64 - - [09/Sep/2026:07:45:17 -0600] "GET /wp-content/uploads/2022/07/%D8%A8%D8%AD%D8%B1%D8%A7%D9%86-%D9%87%D9%88%DB%8C%D8%AA-copy-390x220.jpg HTTP/1.1" 200 16267 "https://ariapress.org/%D8%B1%D9%88%D8%A7%DB%8C%D8%AA%DB%8C-%D8%A7%D8%B2-%D8%B4%D8%AC%D8%A7%D8%B9%D8%AA-%D9%88-%D9%85%D8%B1%D8%AF%D8%A7%D9%86%DA%AF%DB%8C-%D9%81%D8%B1%D9%85%D8%A7%D9%86%D8%AF%D9%87-%D8%AF%D8%A7%D9%88%D9%88/?utm_source=chatgpt.com" "Mozilla/5.0 (Linux; Android 10; K) AppleWebKit/537.36 (KHTML, like Gecko) Chrome/150.0.0.0 Mobile Safari/537.36"
180.94.93.64 - - [09/Sep/2026:07:45:17 -0600] "GET /wp-content/themes/jannah/assets/js/scripts.min.js?ver=7.4.1 HTTP/1.1" 200 23658 "https://ariapress.org/%D8%B1%D9%88%D8%A7%DB%8C%D8%AA%DB%8C-%D8%A7%D8%B2-%D8%B4%D8%AC%D8%A7%D8%B9%D8%AA-%D9%88-%D9%85%D8%B1%D8%AF%D8%A7%D9%86%DA%AF%DB%8C-%D9%81%D8%B1%D9%85%D8%A7%D9%86%D8%AF%D9%87-%D8%AF%D8%A7%D9%88%D9%88/?utm_source=chatgpt.com" "Mozilla/5.0 (Linux; Android 10; K) AppleWebKit/537.36 (KHTML, like Gecko) Chrome/150.0.0.0 Mobile Safari/537.36"
180.94.93.64 - - [09/Sep/2026:07:45:17 -0600] "GET /wp-content/themes/jannah/assets/ilightbox/lightbox.js?ver=7.4.1 HTTP/1.1" 200 81460 "https://ariapress.org/%D8%B1%D9%88%D8%A7%DB%8C%D8%AA%DB%8C-%D8%A7%D8%B2-%D8%B4%D8%AC%D8%A7%D8%B9%D8%AA-%D9%88-%D9%85%D8%B1%D8%AF%D8%A7%D9%86%DA%AF%DB%8C-%D9%81%D8%B1%D9%85%D8%A7%D9%86%D8%AF%D9%87-%D8%AF%D8%A7%D9%88%D9%88/?utm_source=chatgpt.com" "Mozilla/5.0 (Linux; Android 10; K) AppleWebKit/537.36 (KHTML, like Gecko) Chrome/150.0.0.0 Mobile Safari/537.36"
180.94.93.64 - - [09/Sep/2026:07:45:17 -0600] "GET /wp-content/themes/jannah/assets/js/sliders.min.js?ver=7.4.1 HTTP/1.1" 200 49319 "https://ariapress.org/%D8%B1%D9%88%D8%A7%DB%8C%D8%AA%DB%8C-%D8%A7%D8%B2-%D8%B4%D8%AC%D8%A7%D8%B9%D8%AA-%D9%88-%D9%85%D8%B1%D8%AF%D8%A7%D9%86%DA%AF%DB%8C-%D9%81%D8%B1%D9%85%D8%A7%D9%86%D8%AF%D9%87-%D8%AF%D8%A7%D9%88%D9%88/?utm_source=chatgpt.com" "Mozilla/5.0 (Linux; Android 10; K) AppleWebKit/537.36 (KHTML, like Gecko) Chrome/150.0.0.0 Mobile Safari/537.36"
180.94.93.64 - - [09/Sep/2026:07:45:17 -0600] "GET /wp-content/themes/jannah/assets/js/shortcodes.js?ver=7.4.1 HTTP/1.1" 200 11184 "https://ariapress.org/%D8%B1%D9%88%D8%A7%DB%8C%D8%AA%DB%8C-%D8%A7%D8%B2-%D8%B4%D8%AC%D8%A7%D8%B9%D8%AA-%D9%88-%D9%85%D8%B1%D8%AF%D8%A7%D9%86%DA%AF%DB%8C-%D9%81%D8%B1%D9%85%D8%A7%D9%86%D8%AF%D9%87-%D8%AF%D8%A7%D9%88%D9%88/?utm_source=chatgpt.com" "Mozilla/5.0 (Linux; Android 10; K) AppleWebKit/537.36 (KHTML, like Gecko) Chrome/150.0.0.0 Mobile Safari/537.36"
180.94.93.64 - - [09/Sep/2026:07:45:17 -0600] "GET /wp-content/uploads/2022/03/Sahel-FD.woff2 HTTP/1.1" 200 34460 "https://ariapress.org/%D8%B1%D9%88%D8%A7%DB%8C%D8%AA%DB%8C-%D8%A7%D8%B2-%D8%B4%D8%AC%D8%A7%D8%B9%D8%AA-%D9%88-%D9%85%D8%B1%D8%AF%D8%A7%D9%86%DA%AF%DB%8C-%D9%81%D8%B1%D9%85%D8%A7%D9%86%D8%AF%D9%87-%D8%AF%D8%A7%D9%88%D9%88/?utm_source=chatgpt.com" "Mozilla/5.0 (Linux; Android 10; K) AppleWebKit/537.36 (KHTML, like Gecko) Chrome/150.0.0.0 Mobile Safari/537.36"
180.94.93.64 - - [09/Sep/2026:07:45:17 -0600] "GET /wp-content/themes/jannah/assets/fonts/tielabs-fonticon/tielabs-fonticon.woff2?ciufdj1 HTTP/1.1" 200 20752 "https://ariapress.org/wp-content/themes/jannah/assets/css/helpers.min.css?ver=7.4.1" "Mozilla/5.0 (Linux; Android 10; K) AppleWebKit/537.36 (KHTML, like Gecko) Chrome/150.0.0.0 Mobile Safari/537.36"
180.94.93.64 - - [09/Sep/2026:07:45:17 -0600] "GET /wp-content/themes/jannah/assets/js/single.min.js?ver=7.4.1 HTTP/1.1" 200 5512 "https://ariapress.org/%D8%B1%D9%88%D8%A7%DB%8C%D8%AA%DB%8C-%D8%A7%D8%B2-%D8%B4%D8%AC%D8%A7%D8%B9%D8%AA-%D9%88-%D9%85%D8%B1%D8%AF%D8%A7%D9%86%DA%AF%DB%8C-%D9%81%D8%B1%D9%85%D8%A7%D9%86%D8%AF%D9%87-%D8%AF%D8%A7%D9%88%D9%88/?utm_source=chatgpt.com" "Mozilla/5.0 (Linux; Android 10; K) AppleWebKit/537.36 (KHTML, like Gecko) Chrome/150.0.0.0 Mobile Safari/537.36"
180.94.93.64 - - [09/Sep/2026:07:45:17 -0600] "GET /wp-content/uploads/2022/03/New-Project2-390x220.jpg HTTP/1.1" 200 14712 "https://ariapress.org/%D8%B1%D9%88%D8%A7%DB%8C%D8%AA%DB%8C-%D8%A7%D8%B2-%D8%B4%D8%AC%D8%A7%D8%B9%D8%AA-%D9%88-%D9%85%D8%B1%D8%AF%D8%A7%D9%86%DA%AF%DB%8C-%D9%81%D8%B1%D9%85%D8%A7%D9%86%D8%AF%D9%87-%D8%AF%D8%A7%D9%88%D9%88/?utm_source=chatgpt.com" "Mozilla/5.0 (Linux; Android 10; K) AppleWebKit/537.36 (KHTML, like Gecko) Chrome/150.0.0.0 Mobile Safari/537.36"
180.94.93.64 - - [09/Sep/2026:07:45:17 -0600] "GET /wp-content/uploads/2022/12/satellite-image-of-afghanistan-390x220.jpg HTTP/1.1" 200 36799 "https://ariapress.org/%D8%B1%D9%88%D8%A7%DB%8C%D8%AA%DB%8C-%D8%A7%D8%B2-%D8%B4%D8%AC%D8%A7%D8%B9%D8%AA-%D9%88-%D9%85%D8%B1%D8%AF%D8%A7%D9%86%DA%AF%DB%8C-%D9%81%D8%B1%D9%85%D8%A7%D9%86%D8%AF%D9%87-%D8%AF%D8%A7%D9%88%D9%88/?utm_source=chatgpt.com" "Mozilla/5.0 (Linux; Android 10; K) AppleWebKit/537.36 (KHTML, like Gecko) Chrome/150.0.0.0 Mobile Safari/537.36"
180.94.93.64 - - [09/Sep/2026:07:45:17 -0600] "GET /wp-content/uploads/2024/10/women-protest-390x220.jpg HTTP/1.1" 200 27479 "https://ariapress.org/%D8%B1%D9%88%D8%A7%DB%8C%D8%AA%DB%8C-%D8%A7%D8%B2-%D8%B4%D8%AC%D8%A7%D8%B9%D8%AA-%D9%88-%D9%85%D8%B1%D8%AF%D8%A7%D9%86%DA%AF%DB%8C-%D9%81%D8%B1%D9%85%D8%A7%D9%86%D8%AF%D9%87-%D8%AF%D8%A7%D9%88%D9%88/?utm_source=chatgpt.com" "Mozilla/5.0 (Linux; Android 10; K) AppleWebKit/537.36 (KHTML, like Gecko) Chrome/150.0.0.0 Mobile Safari/537.36"
180.94.93.64 - - [09/Sep/2026:07:45:17 -0600] "GET /wp-content/uploads/2024/07/UN-390x220.jpg HTTP/1.1" 200 27802 "https://ariapress.org/%D8%B1%D9%88%D8%A7%DB%8C%D8%AA%DB%8C-%D8%A7%D8%B2-%D8%B4%D8%AC%D8%A7%D8%B9%D8%AA-%D9%88-%D9%85%D8%B1%D8%AF%D8%A7%D9%86%DA%AF%DB%8C-%D9%81%D8%B1%D9%85%D8%A7%D9%86%D8%AF%D9%87-%D8%AF%D8%A7%D9%88%D9%88/?utm_source=chatgpt.com" "Mozilla/5.0 (Linux; Android 10; K) AppleWebKit/537.36 (KHTML, like Gecko) Chrome/150.0.0.0 Mobile Safari/537.36"
180.94.93.64 - - [09/Sep/2026:07:45:17 -0600] "GET /wp-content/uploads/2023/05/%D8%AD%D8%AF%D9%88%D8%AF-%D8%AA%D9%82%D8%B1%DB%8C%D8%A8%DB%8C-%D8%A7%D9%81%D8%BA%D8%A7%D9%86%D8%B3%D8%AA%D8%A7%D9%86-%D8%AA%D8%A7%D8%B1%DB%8C%D8%AE%DB%8C-pdf-390x220.jpg HTTP/1.1" 200 29416 "https://ariapress.org/%D8%B1%D9%88%D8%A7%DB%8C%D8%AA%DB%8C-%D8%A7%D8%B2-%D8%B4%D8%AC%D8%A7%D8%B9%D8%AA-%D9%88-%D9%85%D8%B1%D8%AF%D8%A7%D9%86%DA%AF%DB%8C-%D9%81%D8%B1%D9%85%D8%A7%D9%86%D8%AF%D9%87-%D8%AF%D8%A7%D9%88%D9%88/?utm_source=chatgpt.com" "Mozilla/5.0 (Linux; Android 10; K) AppleWebKit/537.36 (KHTML, like Gecko) Chrome/150.0.0.0 Mobile Safari/537.36"
180.94.93.64 - - [09/Sep/2026:07:45:17 -0600] "GET /wp-content/uploads/2024/10/WhatsApp-Image-2024-10-02-at-13.13.57_073a6231-390x220.jpg HTTP/1.1" 200 30069 "https://ariapress.org/%D8%B1%D9%88%D8%A7%DB%8C%D8%AA%DB%8C-%D8%A7%D8%B2-%D8%B4%D8%AC%D8%A7%D8%B9%D8%AA-%D9%88-%D9%85%D8%B1%D8%AF%D8%A7%D9%86%DA%AF%DB%8C-%D9%81%D8%B1%D9%85%D8%A7%D9%86%D8%AF%D9%87-%D8%AF%D8%A7%D9%88%D9%88/?utm_source=chatgpt.com" "Mozilla/5.0 (Linux; Android 10; K) AppleWebKit/537.36 (KHTML, like Gecko) Chrome/150.0.0.0 Mobile Safari/537.36"
180.94.93.64 - - [09/Sep/2026:07:45:18 -0600] "GET /wp-content/plugins/bluehost-wordpress-plugin/vendor/newfold-labs/wp-module-performance/build/assets/link-prefetch.min.js?ver=4.19.1 HTTP/1.1" 200 2736 "https://ariapress.org/%D8%B1%D9%88%D8%A7%DB%8C%D8%AA%DB%8C-%D8%A7%D8%B2-%D8%B4%D8%AC%D8%A7%D8%B9%D8%AA-%D9%88-%D9%85%D8%B1%D8%AF%D8%A7%D9%86%DA%AF%DB%8C-%D9%81%D8%B1%D9%85%D8%A7%D9%86%D8%AF%D9%87-%D8%AF%D8%A7%D9%88%D9%88/?utm_source=chatgpt.com" "Mozilla/5.0 (Linux; Android 10; K) AppleWebKit/537.36 (KHTML, like Gecko) Chrome/150.0.0.0 Mobile Safari/537.36"
180.94.93.64 - - [09/Sep/2026:07:45:18 -0600] "GET /wp-includes/js/comment-reply.min.js?ver=7.1 HTTP/1.1" 200 2950 "https://ariapress.org/%D8%B1%D9%88%D8%A7%DB%8C%D8%AA%DB%8C-%D8%A7%D8%B2-%D8%B4%D8%AC%D8%A7%D8%B9%D8%AA-%D9%88-%D9%85%D8%B1%D8%AF%D8%A7%D9%86%DA%AF%DB%8C-%D9%81%D8%B1%D9%85%D8%A7%D9%86%D8%AF%D9%87-%D8%AF%D8%A7%D9%88%D9%88/?utm_source=chatgpt.com" "Mozilla/5.0 (Linux; Android 10; K) AppleWebKit/537.36 (KHTML, like Gecko) Chrome/150.0.0.0 Mobile Safari/537.36"
180.94.93.64 - - [09/Sep/2026:07:45:18 -0600] "GET /wp-content/themes/jannah/assets/css/print.css?ver=7.4.1 HTTP/1.1" 200 1848 "https://ariapress.org/%D8%B1%D9%88%D8%A7%DB%8C%D8%AA%DB%8C-%D8%A7%D8%B2-%D8%B4%D8%AC%D8%A7%D8%B9%D8%AA-%D9%88-%D9%85%D8%B1%D8%AF%D8%A7%D9%86%DA%AF%DB%8C-%D9%81%D8%B1%D9%85%D8%A7%D9%86%D8%AF%D9%87-%D8%AF%D8%A7%D9%88%D9%88/?utm_source=chatgpt.com" "Mozilla/5.0 (Linux; Android 10; K) AppleWebKit/537.36 (KHTML, like Gecko) Chrome/150.0.0.0 Mobile Safari/537.36"
180.94.93.64 - - [09/Sep/2026:07:45:18 -0600] "GET /wp-content/uploads/2022/09/cropped-android-chrome-512x512-1-192x192.png HTTP/1.1" 200 12034 "https://ariapress.org/%D8%B1%D9%88%D8%A7%DB%8C%D8%AA%DB%8C-%D8%A7%D8%B2-%D8%B4%D8%AC%D8%A7%D8%B9%D8%AA-%D9%88-%D9%85%D8%B1%D8%AF%D8%A7%D9%86%DA%AF%DB%8C-%D9%81%D8%B1%D9%85%D8%A7%D9%86%D8%AF%D9%87-%D8%AF%D8%A7%D9%88%D9%88/?utm_source=chatgpt.com" "Mozilla/5.0 (Linux; Android 10; K) AppleWebKit/537.36 (KHTML, like Gecko) Chrome/150.0.0.0 Mobile Safari/537.36"
180.94.93.64 - - [09/Sep/2026:07:45:18 -0600] "GET /wp-content/uploads/2022/09/cropped-android-chrome-512x512-1-180x180.png HTTP/1.1" 200 11151 "https://ariapress.org/%D8%B1%D9%88%D8%A7%DB%8C%D8%AA%DB%8C-%D8%A7%D8%B2-%D8%B4%D8%AC%D8%A7%D8%B9%D8%AA-%D9%88-%D9%85%D8%B1%D8%AF%D8%A7%D9%86%DA%AF%DB%8C-%D9%81%D8%B1%D9%85%D8%A7%D9%86%D8%AF%D9%87-%D8%AF%D8%A7%D9%88%D9%88/?utm_source=chatgpt.com" "Mozilla/5.0 (Linux; Android 10; K) AppleWebKit/537.36 (KHTML, like Gecko) Chrome/150.0.0.0 Mobile Safari/537.36"
180.94.93.64 - - [09/Sep/2026:07:45:18 -0600] "GET /wp-includes/js/wp-emoji-release.min.js?ver=7.1 HTTP/1.1" 200 22752 "https://ariapress.org/%D8%B1%D9%88%D8%A7%DB%8C%D8%AA%DB%8C-%D8%A7%D8%B2-%D8%B4%D8%AC%D8%A7%D8%B9%D8%AA-%D9%88-%D9%85%D8%B1%D8%AF%D8%A7%D9%86%DA%AF%DB%8C-%D9%81%D8%B1%D9%85%D8%A7%D9%86%D8%AF%D9%87-%D8%AF%D8%A7%D9%88%D9%88/?utm_source=chatgpt.com" "Mozilla/5.0 (Linux; Android 10; K) AppleWebKit/537.36 (KHTML, like Gecko) Chrome/150.0.0.0 Mobile Safari/537.36"
103.253.27.34 - - [09/Sep/2026:07:45:16 -0600] "GET /wp-content/themes/jobart/doc.php HTTP/1.1" 404 136148 "-" "Mozilla/5.0 (iPhone; CPU iPhone OS 17_2 like Mac OS X) AppleWebKit/605.1.15 (KHTML, like Gecko) Version/17.2 Mobile/15E148 Safari/604.1"
180.94.93.64 - - [09/Sep/2026:07:45:19 -0600] "GET /category/%d8%aa%d8%a7%d8%b1%db%8c%d8%ae-%d9%85/%d8%aa%d8%a7%d8%b1%db%8c%d8%ae-%d8%a7%d9%81%d8%ba%d8%a7%d9%86%d8%b3%d8%aa%d8%a7%d9%86/ HTTP/1.1" 200 177164 "https://ariapress.org/%D8%B1%D9%88%D8%A7%DB%8C%D8%AA%DB%8C-%D8%A7%D8%B2-%D8%B4%D8%AC%D8%A7%D8%B9%D8%AA-%D9%88-%D9%85%D8%B1%D8%AF%D8%A7%D9%86%DA%AF%DB%8C-%D9%81%D8%B1%D9%85%D8%A7%D9%86%D8%AF%D9%87-%D8%AF%D8%A7%D9%88%D9%88/?utm_source=chatgpt.com" "Mozilla/5.0 (Linux; Android 10; K) AppleWebKit/537.36 (KHTML, like Gecko) Chrome/150.0.0.0 Mobile Safari/537.36"
180.94.93.64 - - [09/Sep/2026:07:45:19 -0600] "GET /author/admin/ HTTP/1.1" 200 178153 "https://ariapress.org/%D8%B1%D9%88%D8%A7%DB%8C%D8%AA%DB%8C-%D8%A7%D8%B2-%D8%B4%D8%AC%D8%A7%D8%B9%D8%AA-%D9%88-%D9%85%D8%B1%D8%AF%D8%A7%D9%86%DA%AF%DB%8C-%D9%81%D8%B1%D9%85%D8%A7%D9%86%D8%AF%D9%87-%D8%AF%D8%A7%D9%88%D9%88/?utm_source=chatgpt.com" "Mozilla/5.0 (Linux; Android 10; K) AppleWebKit/537.36 (KHTML, like Gecko) Chrome/150.0.0.0 Mobile Safari/537.36"
103.253.27.34 - - [09/Sep/2026:07:45:20 -0600] "GET /wp-content/themes/cepair/doc.php HTTP/1.1" 404 136148 "-" "Mozilla/5.0 (iPhone; CPU iPhone OS 17_2 like Mac OS X) AppleWebKit/605.1.15 (KHTML, like Gecko) Version/17.2 Mobile/15E148 Safari/604.1"
180.94.93.64 - - [09/Sep/2026:07:45:19 -0600] "GET / HTTP/1.1" 200 203835 "https://ariapress.org/%D8%B1%D9%88%D8%A7%DB%8C%D8%AA%DB%8C-%D8%A7%D8%B2-%D8%B4%D8%AC%D8%A7%D8%B9%D8%AA-%D9%88-%D9%85%D8%B1%D8%AF%D8%A7%D9%86%DA%AF%DB%8C-%D9%81%D8%B1%D9%85%D8%A7%D9%86%D8%AF%D9%87-%D8%AF%D8%A7%D9%88%D9%88/?utm_source=chatgpt.com" "Mozilla/5.0 (Linux; Android 10; K) AppleWebKit/537.36 (KHTML, like Gecko) Chrome/150.0.0.0 Mobile Safari/537.36"
180.94.93.64 - - [09/Sep/2026:07:45:19 -0600] "GET /category/%d8%aa%d8%a7%d8%b1%db%8c%d8%ae-%d9%85/ HTTP/1.1" 200 174980 "https://ariapress.org/%D8%B1%D9%88%D8%A7%DB%8C%D8%AA%DB%8C-%D8%A7%D8%B2-%D8%B4%D8%AC%D8%A7%D8%B9%D8%AA-%D9%88-%D9%85%D8%B1%D8%AF%D8%A7%D9%86%DA%AF%DB%8C-%D9%81%D8%B1%D9%85%D8%A7%D9%86%D8%AF%D9%87-%D8%AF%D8%A7%D9%88%D9%88/?utm_source=chatgpt.com" "Mozilla/5.0 (Linux; Android 10; K) AppleWebKit/537.36 (KHTML, like Gecko) Chrome/150.0.0.0 Mobile Safari/537.36"
103.253.27.34 - - [09/Sep/2026:07:45:25 -0600] "GET /wp-content/themes/cakiltheme/up.php HTTP/1.1" 404 136169 "-" "Mozilla/5.0 (iPhone; CPU iPhone OS 17_2 like Mac OS X) AppleWebKit/605.1.15 (KHTML, like Gecko) Version/17.2 Mobile/15E148 Safari/604.1"
103.253.27.34 - - [09/Sep/2026:07:45:29 -0600] "GET /wp-content/themes/cakiltheme/idx.php HTTP/1.1" 404 136176 "-" "Mozilla/5.0 (iPhone; CPU iPhone OS 17_2 like Mac OS X) AppleWebKit/605.1.15 (KHTML, like Gecko) Version/17.2 Mobile/15E148 Safari/604.1"
103.253.27.34 - - [09/Sep/2026:07:45:31 -0600] "GET /wp-content/themes/wp-pridmag/status.php HTTP/1.1" 404 136197 "-" "Mozilla/5.0 (iPhone; CPU iPhone OS 17_2 like Mac OS X) AppleWebKit/605.1.15 (KHTML, like Gecko) Version/17.2 Mobile/15E148 Safari/604.1"
103.253.27.34 - - [09/Sep/2026:07:45:33 -0600] "GET /wp-content/themes/wp-pridmag/up.php HTTP/1.1" 404 136169 "-" "Mozilla/5.0 (iPhone; CPU iPhone OS 17_2 like Mac OS X) AppleWebKit/605.1.15 (KHTML, like Gecko) Version/17.2 Mobile/15E148 Safari/604.1"
103.253.27.34 - - [09/Sep/2026:07:45:36 -0600] "GET /wp-content/themes/wp-pridmag/init.php HTTP/1.1" 404 136183 "-" "Mozilla/5.0 (iPhone; CPU iPhone OS 17_2 like Mac OS X) AppleWebKit/605.1.15 (KHTML, like Gecko) Version/17.2 Mobile/15E148 Safari/604.1"
162.240.68.55 - - [09/Sep/2026:07:45:39 -0600] "POST /wp-cron.php?doing_wp_cron=1788961539.9412128925323486328125 HTTP/1.1" 200 - "-" "WordPress/7.1; https://ariapress.org"
103.253.27.34 - - [09/Sep/2026:07:45:38 -0600] "GET /wp-content/themes/rishi/doc.php HTTP/1.1" 404 136141 "-" "Mozilla/5.0 (iPhone; CPU iPhone OS 17_2 like Mac OS X) AppleWebKit/605.1.15 (KHTML, like Gecko) Version/17.2 Mobile/15E148 Safari/604.1"
103.253.27.34 - - [09/Sep/2026:07:45:40 -0600] "GET /wp-content/plugins/linkpreview/db.php HTTP/1.1" 404 136183 "-" "Mozilla/5.0 (iPhone; CPU iPhone OS 17_2 like Mac OS X) AppleWebKit/605.1.15 (KHTML, like Gecko) Version/17.2 Mobile/15E148 Safari/604.1"
180.94.93.64 - - [09/Sep/2026:07:45:43 -0600] "GET /tag/%d9%81%d8%b1%d9%85%d8%a7%d9%86%d8%af%d9%87-%d8%af%d8%a7%d9%88%d9%88%d8%af-%d8%af%d8%a7%d9%88%d9%88%d8%af/ HTTP/1.1" 200 143697 "https://ariapress.org/%D8%B1%D9%88%D8%A7%DB%8C%D8%AA%DB%8C-%D8%A7%D8%B2-%D8%B4%D8%AC%D8%A7%D8%B9%D8%AA-%D9%88-%D9%85%D8%B1%D8%AF%D8%A7%D9%86%DA%AF%DB%8C-%D9%81%D8%B1%D9%85%D8%A7%D9%86%D8%AF%D9%87-%D8%AF%D8%A7%D9%88%D9%88/?utm_source=chatgpt.com" "Mozilla/5.0 (Linux; Android 10; K) AppleWebKit/537.36 (KHTML, like Gecko) Chrome/150.0.0.0 Mobile Safari/537.36"
180.94.93.64 - - [09/Sep/2026:07:45:43 -0600] "GET /tag/%d8%a2%d8%b2%d8%a7%d8%af%db%8c/ HTTP/1.1" 200 172502 "https://ariapress.org/%D8%B1%D9%88%D8%A7%DB%8C%D8%AA%DB%8C-%D8%A7%D8%B2-%D8%B4%D8%AC%D8%A7%D8%B9%D8%AA-%D9%88-%D9%85%D8%B1%D8%AF%D8%A7%D9%86%DA%AF%DB%8C-%D9%81%D8%B1%D9%85%D8%A7%D9%86%D8%AF%D9%87-%D8%AF%D8%A7%D9%88%D9%88/?utm_source=chatgpt.com" "Mozilla/5.0 (Linux; Android 10; K) AppleWebKit/537.36 (KHTML, like Gecko) Chrome/150.0.0.0 Mobile Safari/537.36"
180.94.93.64 - - [09/Sep/2026:07:45:43 -0600] "GET /tag/%d8%b7%d8%a7%d9%84%d8%a8%d8%a7%d9%86/ HTTP/1.1" 200 177048 "https://ariapress.org/%D8%B1%D9%88%D8%A7%DB%8C%D8%AA%DB%8C-%D8%A7%D8%B2-%D8%B4%D8%AC%D8%A7%D8%B9%D8%AA-%D9%88-%D9%85%D8%B1%D8%AF%D8%A7%D9%86%DA%AF%DB%8C-%D9%81%D8%B1%D9%85%D8%A7%D9%86%D8%AF%D9%87-%D8%AF%D8%A7%D9%88%D9%88/?utm_source=chatgpt.com" "Mozilla/5.0 (Linux; Android 10; K) AppleWebKit/537.36 (KHTML, like Gecko) Chrome/150.0.0.0 Mobile Safari/537.36"
180.94.93.64 - - [09/Sep/2026:07:45:43 -0600] "GET /tag/%d9%85%d9%82%d8%a7%d9%88%d9%85%d8%aa/ HTTP/1.1" 200 173171 "https://ariapress.org/%D8%B1%D9%88%D8%A7%DB%8C%D8%AA%DB%8C-%D8%A7%D8%B2-%D8%B4%D8%AC%D8%A7%D8%B9%D8%AA-%D9%88-%D9%85%D8%B1%D8%AF%D8%A7%D9%86%DA%AF%DB%8C-%D9%81%D8%B1%D9%85%D8%A7%D9%86%D8%AF%D9%87-%D8%AF%D8%A7%D9%88%D9%88/?utm_source=chatgpt.com" "Mozilla/5.0 (Linux; Android 10; K) AppleWebKit/537.36 (KHTML, like Gecko) Chrome/150.0.0.0 Mobile Safari/537.36"
180.94.93.64 - - [09/Sep/2026:07:45:43 -0600] "GET /%d9%82%d9%88%d9%85%db%8c%d8%aa_%d8%a7%d9%81%d8%ba%d8%a7%d9%86%d8%b3%d8%aa%d8%a7%d9%86_%d8%a8%d8%ad%d8%b1%d8%a7%d9%86-%d8%b3%db%8c%d8%a7%d8%b3%db%8c/ HTTP/1.1" 200 338907 "https://ariapress.org/%D8%B1%D9%88%D8%A7%DB%8C%D8%AA%DB%8C-%D8%A7%D8%B2-%D8%B4%D8%AC%D8%A7%D8%B9%D8%AA-%D9%88-%D9%85%D8%B1%D8%AF%D8%A7%D9%86%DA%AF%DB%8C-%D9%81%D8%B1%D9%85%D8%A7%D9%86%D8%AF%D9%87-%D8%AF%D8%A7%D9%88%D9%88/?utm_source=chatgpt.com" "Mozilla/5.0 (Linux; Android 10; K) AppleWebKit/537.36 (KHTML, like Gecko) Chrome/150.0.0.0 Mobile Safari/537.36"
103.253.27.34 - - [09/Sep/2026:07:45:44 -0600] "GET /wp-content/plugins/linkpreview/ HTTP/1.1" 404 136129 "-" "Mozilla/5.0 (iPhone; CPU iPhone OS 17_2 like Mac OS X) AppleWebKit/605.1.15 (KHTML, like Gecko) Version/17.2 Mobile/15E148 Safari/604.1"
180.94.93.64 - - [09/Sep/2026:07:45:43 -0600] "GET /%da%a9%d9%88%d8%af%d8%aa%d8%a7%db%8c-%d8%b4%d9%87%d9%88%d8%a7%d8%b2%d8%aa%d9%86%db%8c/ HTTP/1.1" 200 250821 "https://ariapress.org/%D8%B1%D9%88%D8%A7%DB%8C%D8%AA%DB%8C-%D8%A7%D8%B2-%D8%B4%D8%AC%D8%A7%D8%B9%D8%AA-%D9%88-%D9%85%D8%B1%D8%AF%D8%A7%D9%86%DA%AF%DB%8C-%D9%81%D8%B1%D9%85%D8%A7%D9%86%D8%AF%D9%87-%D8%AF%D8%A7%D9%88%D9%88/?utm_source=chatgpt.com" "Mozilla/5.0 (Linux; Android 10; K) AppleWebKit/537.36 (KHTML, like Gecko) Chrome/150.0.0.0 Mobile Safari/537.36"
180.94.93.64 - - [09/Sep/2026:07:45:48 -0600] "GET /%d9%86%d8%a7%da%a9%d8%a7%d9%85%db%8c-%d8%b3%d8%a7%d8%b2%d9%85%d8%a7%d9%86-%d9%85%d9%84%d9%84-%d8%af%d8%b1-%d9%be%d8%a7%db%8c%d8%a8%d9%86%d8%af%db%8c-%d8%a8%d9%87-%d8%a7%d8%b5%d9%88%d9%84-%d9%88-%d9%be/ HTTP/1.1" 200 230090 "https://ariapress.org/%D8%B1%D9%88%D8%A7%DB%8C%D8%AA%DB%8C-%D8%A7%D8%B2-%D8%B4%D8%AC%D8%A7%D8%B9%D8%AA-%D9%88-%D9%85%D8%B1%D8%AF%D8%A7%D9%86%DA%AF%DB%8C-%D9%81%D8%B1%D9%85%D8%A7%D9%86%D8%AF%D9%87-%D8%AF%D8%A7%D9%88%D9%88/?utm_source=chatgpt.com" "Mozilla/5.0 (Linux; Android 10; K) AppleWebKit/537.36 (KHTML, like Gecko) Chrome/150.0.0.0 Mobile Safari/537.36"
180.94.93.64 - - [09/Sep/2026:07:45:49 -0600] "GET /%d8%ac%d8%ba%d8%b1%d8%a7%d9%81%db%8c%d8%a7%db%8c-%d8%a7%d9%81%d8%ba%d8%a7%d9%86%d8%b3%d8%aa%d8%a7%d9%86-%d8%af%d8%b1-%d8%aa%d9%88%d8%a7%d8%b1%db%8c%d8%ae-%d8%ad%d8%a7%d9%81%d8%b8-%d8%b1%d8%ad-2/ HTTP/1.1" 200 229359 "https://ariapress.org/%D8%B1%D9%88%D8%A7%DB%8C%D8%AA%DB%8C-%D8%A7%D8%B2-%D8%B4%D8%AC%D8%A7%D8%B9%D8%AA-%D9%88-%D9%85%D8%B1%D8%AF%D8%A7%D9%86%DA%AF%DB%8C-%D9%81%D8%B1%D9%85%D8%A7%D9%86%D8%AF%D9%87-%D8%AF%D8%A7%D9%88%D9%88/?utm_source=chatgpt.com" "Mozilla/5.0 (Linux; Android 10; K) AppleWebKit/537.36 (KHTML, like Gecko) Chrome/150.0.0.0 Mobile Safari/537.36"
180.94.93.64 - - [09/Sep/2026:07:45:49 -0600] "GET /%d8%aa%d8%a7%d8%b1%db%8c%d8%ae-%d9%86%d8%a7%d9%85%da%af%d8%b0%d8%a7%d8%b1%db%8c-%da%a9%d8%b4%d9%88%d8%b1-%d8%a7%d9%81%d8%ba%d8%a7%d9%86%d8%b3%d8%aa%d8%a7%d9%86/ HTTP/1.1" 200 472733 "https://ariapress.org/%D8%B1%D9%88%D8%A7%DB%8C%D8%AA%DB%8C-%D8%A7%D8%B2-%D8%B4%D8%AC%D8%A7%D8%B9%D8%AA-%D9%88-%D9%85%D8%B1%D8%AF%D8%A7%D9%86%DA%AF%DB%8C-%D9%81%D8%B1%D9%85%D8%A7%D9%86%D8%AF%D9%87-%D8%AF%D8%A7%D9%88%D9%88/?utm_source=chatgpt.com" "Mozilla/5.0 (Linux; Android 10; K) AppleWebKit/537.36 (KHTML, like Gecko) Chrome/150.0.0.0 Mobile Safari/537.36"
180.94.93.64 - - [09/Sep/2026:07:45:49 -0600] "GET /%d8%ae%d8%b7%d8%a7%d8%a8-%d8%a8%d9%87-%d9%85%d8%b1%d8%af%d8%a7%d9%86-%d8%a7%d9%81%d8%ba%d8%a7%d9%86%d8%b3%d8%aa%d8%a7%d9%86/ HTTP/1.1" 200 207735 "https://ariapress.org/%D8%B1%D9%88%D8%A7%DB%8C%D8%AA%DB%8C-%D8%A7%D8%B2-%D8%B4%D8%AC%D8%A7%D8%B9%D8%AA-%D9%88-%D9%85%D8%B1%D8%AF%D8%A7%D9%86%DA%AF%DB%8C-%D9%81%D8%B1%D9%85%D8%A7%D9%86%D8%AF%D9%87-%D8%AF%D8%A7%D9%88%D9%88/?utm_source=chatgpt.com" "Mozilla/5.0 (Linux; Android 10; K) AppleWebKit/537.36 (KHTML, like Gecko) Chrome/150.0.0.0 Mobile Safari/537.36"
180.94.93.64 - - [09/Sep/2026:07:45:50 -0600] "GET /%d8%af%db%8c%d9%80%d9%80%d9%80%d9%80%d9%80%d9%80%d9%80%d9%80%d9%80%d9%80%d9%80%d9%80%d9%80%d9%80%d9%88%d8%a7%d9%86%d9%80%d9%80%d9%80%d9%80%d9%80%d9%87/ HTTP/1.1" 200 235886 "https://ariapress.org/%D8%B1%D9%88%D8%A7%DB%8C%D8%AA%DB%8C-%D8%A7%D8%B2-%D8%B4%D8%AC%D8%A7%D8%B9%D8%AA-%D9%88-%D9%85%D8%B1%D8%AF%D8%A7%D9%86%DA%AF%DB%8C-%D9%81%D8%B1%D9%85%D8%A7%D9%86%D8%AF%D9%87-%D8%AF%D8%A7%D9%88%D9%88/?utm_source=chatgpt.com" "Mozilla/5.0 (Linux; Android 10; K) AppleWebKit/537.36 (KHTML, like Gecko) Chrome/150.0.0.0 Mobile Safari/537.36"
103.253.27.34 - - [09/Sep/2026:07:45:52 -0600] "GET /wp-content/themes/rishi/db.php HTTP/1.1" 404 136134 "-" "Mozilla/5.0 (iPhone; CPU iPhone OS 17_2 like Mac OS X) AppleWebKit/605.1.15 (KHTML, like Gecko) Version/17.2 Mobile/15E148 Safari/604.1"
162.240.68.55 - - [09/Sep/2026:07:45:59 -0600] "POST /wp-cron.php?doing_wp_cron=1788961559.3855440616607666015625 HTTP/1.1" 200 - "-" "WordPress/7.1; https://ariapress.org"
103.253.27.34 - - [09/Sep/2026:07:45:56 -0600] "GET /wp-content/plugins/virr/v.php HTTP/1.1" 404 136127 "-" "Mozilla/5.0 (iPhone; CPU iPhone OS 17_2 like Mac OS X) AppleWebKit/605.1.15 (KHTML, like Gecko) Version/17.2 Mobile/15E148 Safari/604.1"
103.253.27.34 - - [09/Sep/2026:07:46:00 -0600] "GET /wp-content/themes/pridmag/db.php HTTP/1.1" 404 136148 "-" "Mozilla/5.0 (iPhone; CPU iPhone OS 17_2 like Mac OS X) AppleWebKit/605.1.15 (KHTML, like Gecko) Version/17.2 Mobile/15E148 Safari/604.1"
103.253.27.34 - - [09/Sep/2026:07:46:03 -0600] "GET /wp-content/plugins/virr/uploader.php HTTP/1.1" 404 136176 "-" "Mozilla/5.0 (iPhone; CPU iPhone OS 17_2 like Mac OS X) AppleWebKit/605.1.15 (KHTML, like Gecko) Version/17.2 Mobile/15E148 Safari/604.1"
66.132.195.104 - - [09/Sep/2026:07:46:03 -0600] "GET / HTTP/1.1" 200 204098 "-" "Mozilla/5.0 (compatible; CensysInspect/1.1; +https://about.censys.io/)"
103.253.27.34 - - [09/Sep/2026:07:46:06 -0600] "GET /wp-content/plugins/db/uploader.php HTTP/1.1" 404 136162 "-" "Mozilla/5.0 (iPhone; CPU iPhone OS 17_2 like Mac OS X) AppleWebKit/605.1.15 (KHTML, like Gecko) Version/17.2 Mobile/15E148 Safari/604.1"
103.253.27.34 - - [09/Sep/2026:07:46:09 -0600] "GET /wp-content/plugins/wp-freeform/wawe.php HTTP/1.1" 404 136197 "-" "Mozilla/5.0 (iPhone; CPU iPhone OS 17_2 like Mac OS X) AppleWebKit/605.1.15 (KHTML, like Gecko) Version/17.2 Mobile/15E148 Safari/604.1"
66.132.195.104 - - [09/Sep/2026:07:46:09 -0600] "GET /favicon.ico HTTP/1.1" 302 - "-" "Mozilla/5.0 (compatible; CensysInspect/1.1; +https://about.censys.io/)"
66.132.195.104 - - [09/Sep/2026:07:46:12 -0600] "GET /wp-content/uploads/2022/09/cropped-android-chrome-512x512-1-32x32.png HTTP/1.1" 200 1017 "https://ariapress.org/favicon.ico" "Mozilla/5.0 (compatible; CensysInspect/1.1; +https://about.censys.io/)"
103.253.27.34 - - [09/Sep/2026:07:46:13 -0600] "GET /wp-content/plugins/wp-freeform/includes/loadme.php HTTP/1.1" 404 136280 "-" "Mozilla/5.0 (iPhone; CPU iPhone OS 17_2 like Mac OS X) AppleWebKit/605.1.15 (KHTML, like Gecko) Version/17.2 Mobile/15E148 Safari/604.1"
103.253.27.34 - - [09/Sep/2026:07:46:16 -0600] "GET /wp-content/plugins/wp-freeform/style.php HTTP/1.1" 404 136204 "-" "Mozilla/5.0 (iPhone; CPU iPhone OS 17_2 like Mac OS X) AppleWebKit/605.1.15 (KHTML, like Gecko) Version/17.2 Mobile/15E148 Safari/604.1"
103.253.27.34 - - [09/Sep/2026:07:46:18 -0600] "GET /galekjaya.php HTTP/1.1" 404 135938 "-" "Mozilla/5.0 (iPhone; CPU iPhone OS 17_2 like Mac OS X) AppleWebKit/605.1.15 (KHTML, like Gecko) Version/17.2 Mobile/15E148 Safari/604.1"
103.253.27.34 - - [09/Sep/2026:07:46:20 -0600] "GET /Xzd.php HTTP/1.1" 404 135896 "-" "Mozilla/5.0 (iPhone; CPU iPhone OS 17_2 like Mac OS X) AppleWebKit/605.1.15 (KHTML, like Gecko) Version/17.2 Mobile/15E148 Safari/604.1"
103.253.27.34 - - [09/Sep/2026:07:46:23 -0600] "GET /css.php HTTP/1.1" 404 135896 "-" "Mozilla/5.0 (iPhone; CPU iPhone OS 17_2 like Mac OS X) AppleWebKit/605.1.15 (KHTML, like Gecko) Version/17.2 Mobile/15E148 Safari/604.1"
162.240.68.55 - - [09/Sep/2026:07:46:28 -0600] "POST /wp-cron.php?doing_wp_cron=1788961588.9768040180206298828125 HTTP/1.1" 200 - "-" "WordPress/7.1; https://ariapress.org"
103.253.27.34 - - [09/Sep/2026:07:46:26 -0600] "GET /loader/ff.php HTTP/1.1" 404 135944 "-" "Mozilla/5.0 (iPhone; CPU iPhone OS 17_2 like Mac OS X) AppleWebKit/605.1.15 (KHTML, like Gecko) Version/17.2 Mobile/15E148 Safari/604.1"
103.253.27.34 - - [09/Sep/2026:07:46:29 -0600] "GET /local.php HTTP/1.1" 404 135910 "-" "Mozilla/5.0 (iPhone; CPU iPhone OS 17_2 like Mac OS X) AppleWebKit/605.1.15 (KHTML, like Gecko) Version/17.2 Mobile/15E148 Safari/604.1"
103.253.27.34 - - [09/Sep/2026:07:46:33 -0600] "GET /wp-atom.php HTTP/1.1" 301 - "-" "Mozilla/5.0 (iPhone; CPU iPhone OS 17_2 like Mac OS X) AppleWebKit/605.1.15 (KHTML, like Gecko) Version/17.2 Mobile/15E148 Safari/604.1"
103.253.27.34 - - [09/Sep/2026:07:46:35 -0600] "GET /wp-conflg.php HTTP/1.1" 404 135938 "-" "Mozilla/5.0 (iPhone; CPU iPhone OS 17_2 like Mac OS X) AppleWebKit/605.1.15 (KHTML, like Gecko) Version/17.2 Mobile/15E148 Safari/604.1"
162.240.68.55 - - [09/Sep/2026:07:46:41 -0600] "POST /wp-cron.php?doing_wp_cron=1788961601.0981600284576416015625 HTTP/1.1" 200 - "-" "WordPress/7.1; https://ariapress.org"
