170.23.4.139 - - [09/Sep/2026:07:35:55 -0600] "GET /%d8%aa%d9%86%db%8c%d9%80%d8%af%d9%87-%db%8c%d8%a7%d8%af%d9%90-%d8%aa%d9%88-%d8%af%d8%b1-%d8%aa%d8%a7%d8%b1-%d9%88-%d9%be%d9%80%d9%88%d8%af%d9%85-%d9%85%db%8c%d9%80%d9%87%d9%86-%d8%a7%db%8c-%d9%85/ HTTP/1.1" 200 218713 "-" "Mozilla/5.0 (Macintosh; Intel Mac OS X 10_15_7) AppleWebKit/537.36 (KHTML, like Gecko) Chrome/142.0.0.0 Safari/537.36"
103.253.27.34 - - [09/Sep/2026:07:35:55 -0600] "GET /wp-content/ALFA_DATA/alfacgiapi/wp-content/uploads/alfacgiapi/perl.alfa HTTP/1.1" 404 136439 "-" "Mozilla/5.0 (iPhone; CPU iPhone OS 17_2 like Mac OS X) AppleWebKit/605.1.15 (KHTML, like Gecko) Version/17.2 Mobile/15E148 Safari/604.1"
103.253.27.34 - - [09/Sep/2026:07:35:57 -0600] "GET /wp-content/ALFA_DATA/alfacgiapi/wp-content/uploads/alfacgiapi/bash.alfa HTTP/1.1" 404 136439 "-" "Mozilla/5.0 (iPhone; CPU iPhone OS 17_2 like Mac OS X) AppleWebKit/605.1.15 (KHTML, like Gecko) Version/17.2 Mobile/15E148 Safari/604.1"
162.240.68.55 - - [09/Sep/2026:07:36:00 -0600] "POST /wp-cron.php?doing_wp_cron=1788960960.1239290237426757812500 HTTP/1.1" 200 - "-" "WordPress/7.1; https://ariapress.org"
103.253.27.34 - - [09/Sep/2026:07:35:59 -0600] "GET /wp-content/ALFA_DATA/alfacgiapi/wp-content/uploads/alfacgiapi/py.alfa HTTP/1.1" 404 136425 "-" "Mozilla/5.0 (iPhone; CPU iPhone OS 17_2 like Mac OS X) AppleWebKit/605.1.15 (KHTML, like Gecko) Version/17.2 Mobile/15E148 Safari/604.1"
103.253.27.34 - - [09/Sep/2026:07:36:00 -0600] "GET /wp-content/uploads/ALFA_DATA/alfacgiapi/perl.alfa HTTP/1.1" 404 136273 "-" "Mozilla/5.0 (iPhone; CPU iPhone OS 17_2 like Mac OS X) AppleWebKit/605.1.15 (KHTML, like Gecko) Version/17.2 Mobile/15E148 Safari/604.1"
103.253.27.34 - - [09/Sep/2026:07:36:02 -0600] "GET /wp-content/uploads/ALFA_DATA/alfacgiapi/bash.alfa HTTP/1.1" 404 136273 "-" "Mozilla/5.0 (iPhone; CPU iPhone OS 17_2 like Mac OS X) AppleWebKit/605.1.15 (KHTML, like Gecko) Version/17.2 Mobile/15E148 Safari/604.1"
103.253.27.34 - - [09/Sep/2026:07:36:04 -0600] "GET /wp-content/uploads/ALFA_DATA/alfacgiapi/py.alfa HTTP/1.1" 404 136259 "-" "Mozilla/5.0 (iPhone; CPU iPhone OS 17_2 like Mac OS X) AppleWebKit/605.1.15 (KHTML, like Gecko) Version/17.2 Mobile/15E148 Safari/604.1"
167.160.55.154 - - [09/Sep/2026:07:36:03 -0600] "GET /%D8%AA%D9%86%DB%8C%D9%80%D8%AF%D9%87-%DB%8C%D8%A7%D8%AF%D9%90-%D8%AA%D9%88-%D8%AF%D8%B1-%D8%AA%D8%A7%D8%B1-%D9%88-%D9%BE%D9%80%D9%88%D8%AF%D9%85-%D9%85%DB%8C%D9%80%D9%87%D9%86-%D8%A7%DB%8C-%D9%85/ HTTP/1.1" 200 219448 "-" "Mozilla/5.0 (Macintosh; Intel Mac OS X 10_15_7) AppleWebKit/605.1.15 (KHTML, like Gecko) Version/26.2 Safari/605.1.15"
103.253.27.34 - - [09/Sep/2026:07:36:05 -0600] "GET /wp-content/plugins/alfacgiapi/perl.alfa HTTP/1.1" 404 136197 "-" "Mozilla/5.0 (iPhone; CPU iPhone OS 17_2 like Mac OS X) AppleWebKit/605.1.15 (KHTML, like Gecko) Version/17.2 Mobile/15E148 Safari/604.1"
103.253.27.34 - - [09/Sep/2026:07:36:07 -0600] "GET /wp-content/plugins/alfacgiapi/bash.alfa HTTP/1.1" 404 136197 "-" "Mozilla/5.0 (iPhone; CPU iPhone OS 17_2 like Mac OS X) AppleWebKit/605.1.15 (KHTML, like Gecko) Version/17.2 Mobile/15E148 Safari/604.1"
103.253.27.34 - - [09/Sep/2026:07:36:08 -0600] "GET /wp-content/plugins/alfacgiapi/py.alfa HTTP/1.1" 404 136183 "-" "Mozilla/5.0 (iPhone; CPU iPhone OS 17_2 like Mac OS X) AppleWebKit/605.1.15 (KHTML, like Gecko) Version/17.2 Mobile/15E148 Safari/604.1"
103.253.27.34 - - [09/Sep/2026:07:36:10 -0600] "GET /wp-content/plugins/ALFA_DATA/alfacgiapi/perl.alfa HTTP/1.1" 404 136273 "-" "Mozilla/5.0 (iPhone; CPU iPhone OS 17_2 like Mac OS X) AppleWebKit/605.1.15 (KHTML, like Gecko) Version/17.2 Mobile/15E148 Safari/604.1"
103.253.27.34 - - [09/Sep/2026:07:36:12 -0600] "GET /wp-content/plugins/ALFA_DATA/alfacgiapi/bash.alfa HTTP/1.1" 404 136273 "-" "Mozilla/5.0 (iPhone; CPU iPhone OS 17_2 like Mac OS X) AppleWebKit/605.1.15 (KHTML, like Gecko) Version/17.2 Mobile/15E148 Safari/604.1"
103.253.27.34 - - [09/Sep/2026:07:36:14 -0600] "GET /wp-content/plugins/ALFA_DATA/alfacgiapi/py.alfa HTTP/1.1" 404 136259 "-" "Mozilla/5.0 (iPhone; CPU iPhone OS 17_2 like Mac OS X) AppleWebKit/605.1.15 (KHTML, like Gecko) Version/17.2 Mobile/15E148 Safari/604.1"
103.253.27.34 - - [09/Sep/2026:07:36:15 -0600] "GET /wp-content/themes/alfacgiapi/perl.alfa HTTP/1.1" 404 136190 "-" "Mozilla/5.0 (iPhone; CPU iPhone OS 17_2 like Mac OS X) AppleWebKit/605.1.15 (KHTML, like Gecko) Version/17.2 Mobile/15E148 Safari/604.1"
103.253.27.34 - - [09/Sep/2026:07:36:17 -0600] "GET /wp-content/themes/alfacgiapi/bash.alfa HTTP/1.1" 404 136190 "-" "Mozilla/5.0 (iPhone; CPU iPhone OS 17_2 like Mac OS X) AppleWebKit/605.1.15 (KHTML, like Gecko) Version/17.2 Mobile/15E148 Safari/604.1"
103.253.27.34 - - [09/Sep/2026:07:36:18 -0600] "GET /wp-content/themes/alfacgiapi/py.alfa HTTP/1.1" 404 136176 "-" "Mozilla/5.0 (iPhone; CPU iPhone OS 17_2 like Mac OS X) AppleWebKit/605.1.15 (KHTML, like Gecko) Version/17.2 Mobile/15E148 Safari/604.1"
103.253.27.34 - - [09/Sep/2026:07:36:19 -0600] "GET /wp-content/themes/ALFA_DATA/alfacgiapi/perl.alfa HTTP/1.1" 404 136266 "-" "Mozilla/5.0 (iPhone; CPU iPhone OS 17_2 like Mac OS X) AppleWebKit/605.1.15 (KHTML, like Gecko) Version/17.2 Mobile/15E148 Safari/604.1"
103.253.27.34 - - [09/Sep/2026:07:36:21 -0600] "GET /wp-content/themes/ALFA_DATA/alfacgiapi/bash.alfa HTTP/1.1" 404 136266 "-" "Mozilla/5.0 (iPhone; CPU iPhone OS 17_2 like Mac OS X) AppleWebKit/605.1.15 (KHTML, like Gecko) Version/17.2 Mobile/15E148 Safari/604.1"
103.253.27.34 - - [09/Sep/2026:07:36:22 -0600] "GET /wp-content/themes/ALFA_DATA/alfacgiapi/py.alfa HTTP/1.1" 404 136252 "-" "Mozilla/5.0 (iPhone; CPU iPhone OS 17_2 like Mac OS X) AppleWebKit/605.1.15 (KHTML, like Gecko) Version/17.2 Mobile/15E148 Safari/604.1"
103.253.27.34 - - [09/Sep/2026:07:36:24 -0600] "GET /wp-content/upgrade/alfacgiapi/perl.alfa HTTP/1.1" 404 136197 "-" "Mozilla/5.0 (iPhone; CPU iPhone OS 17_2 like Mac OS X) AppleWebKit/605.1.15 (KHTML, like Gecko) Version/17.2 Mobile/15E148 Safari/604.1"
103.253.27.34 - - [09/Sep/2026:07:36:26 -0600] "GET /wp-content/upgrade/alfacgiapi/bash.alfa HTTP/1.1" 404 136197 "-" "Mozilla/5.0 (iPhone; CPU iPhone OS 17_2 like Mac OS X) AppleWebKit/605.1.15 (KHTML, like Gecko) Version/17.2 Mobile/15E148 Safari/604.1"
103.253.27.34 - - [09/Sep/2026:07:36:27 -0600] "GET /wp-content/upgrade/alfacgiapi/py.alfa HTTP/1.1" 404 136183 "-" "Mozilla/5.0 (iPhone; CPU iPhone OS 17_2 like Mac OS X) AppleWebKit/605.1.15 (KHTML, like Gecko) Version/17.2 Mobile/15E148 Safari/604.1"
103.253.27.34 - - [09/Sep/2026:07:36:29 -0600] "GET /wp-content/upgrade/ALFA_DATA/alfacgiapi/perl.alfa HTTP/1.1" 404 136273 "-" "Mozilla/5.0 (iPhone; CPU iPhone OS 17_2 like Mac OS X) AppleWebKit/605.1.15 (KHTML, like Gecko) Version/17.2 Mobile/15E148 Safari/604.1"
103.253.27.34 - - [09/Sep/2026:07:36:30 -0600] "GET /wp-content/upgrade/ALFA_DATA/alfacgiapi/bash.alfa HTTP/1.1" 404 136273 "-" "Mozilla/5.0 (iPhone; CPU iPhone OS 17_2 like Mac OS X) AppleWebKit/605.1.15 (KHTML, like Gecko) Version/17.2 Mobile/15E148 Safari/604.1"
103.253.27.34 - - [09/Sep/2026:07:36:32 -0600] "GET /wp-content/upgrade/ALFA_DATA/alfacgiapi/py.alfa HTTP/1.1" 404 136259 "-" "Mozilla/5.0 (iPhone; CPU iPhone OS 17_2 like Mac OS X) AppleWebKit/605.1.15 (KHTML, like Gecko) Version/17.2 Mobile/15E148 Safari/604.1"
103.253.27.34 - - [09/Sep/2026:07:36:33 -0600] "GET /wp-content/updraft/alfacgiapi/perl.alfa HTTP/1.1" 404 136197 "-" "Mozilla/5.0 (iPhone; CPU iPhone OS 17_2 like Mac OS X) AppleWebKit/605.1.15 (KHTML, like Gecko) Version/17.2 Mobile/15E148 Safari/604.1"
103.253.27.34 - - [09/Sep/2026:07:36:34 -0600] "GET /wp-content/updraft/alfacgiapi/bash.alfa HTTP/1.1" 404 136197 "-" "Mozilla/5.0 (iPhone; CPU iPhone OS 17_2 like Mac OS X) AppleWebKit/605.1.15 (KHTML, like Gecko) Version/17.2 Mobile/15E148 Safari/604.1"
103.253.27.34 - - [09/Sep/2026:07:36:36 -0600] "GET /wp-content/updraft/alfacgiapi/py.alfa HTTP/1.1" 404 136183 "-" "Mozilla/5.0 (iPhone; CPU iPhone OS 17_2 like Mac OS X) AppleWebKit/605.1.15 (KHTML, like Gecko) Version/17.2 Mobile/15E148 Safari/604.1"
103.253.27.34 - - [09/Sep/2026:07:36:37 -0600] "GET /wp-content/updraft/ALFA_DATA/alfacgiapi/perl.alfa HTTP/1.1" 404 136273 "-" "Mozilla/5.0 (iPhone; CPU iPhone OS 17_2 like Mac OS X) AppleWebKit/605.1.15 (KHTML, like Gecko) Version/17.2 Mobile/15E148 Safari/604.1"
162.240.68.55 - - [09/Sep/2026:07:36:39 -0600] "POST /wp-cron.php?doing_wp_cron=1788960999.8162159919738769531250 HTTP/1.1" 200 - "-" "WordPress/7.1; https://ariapress.org"
103.253.27.34 - - [09/Sep/2026:07:36:39 -0600] "GET /wp-content/updraft/ALFA_DATA/alfacgiapi/bash.alfa HTTP/1.1" 404 136273 "-" "Mozilla/5.0 (iPhone; CPU iPhone OS 17_2 like Mac OS X) AppleWebKit/605.1.15 (KHTML, like Gecko) Version/17.2 Mobile/15E148 Safari/604.1"
103.253.27.34 - - [09/Sep/2026:07:36:40 -0600] "GET /wp-content/updraft/ALFA_DATA/alfacgiapi/py.alfa HTTP/1.1" 404 136259 "-" "Mozilla/5.0 (iPhone; CPU iPhone OS 17_2 like Mac OS X) AppleWebKit/605.1.15 (KHTML, like Gecko) Version/17.2 Mobile/15E148 Safari/604.1"
103.253.27.34 - - [09/Sep/2026:07:36:41 -0600] "GET /wp-content/plugins/library/alfacgiapi/perl.alfa HTTP/1.1" 404 136259 "-" "Mozilla/5.0 (iPhone; CPU iPhone OS 17_2 like Mac OS X) AppleWebKit/605.1.15 (KHTML, like Gecko) Version/17.2 Mobile/15E148 Safari/604.1"
103.253.27.34 - - [09/Sep/2026:07:36:43 -0600] "GET /wp-content/plugins/library/alfacgiapi/bash.alfa HTTP/1.1" 404 136259 "-" "Mozilla/5.0 (iPhone; CPU iPhone OS 17_2 like Mac OS X) AppleWebKit/605.1.15 (KHTML, like Gecko) Version/17.2 Mobile/15E148 Safari/604.1"
103.253.27.34 - - [09/Sep/2026:07:36:44 -0600] "GET /wp-content/plugins/library/alfacgiapi/py.alfa HTTP/1.1" 404 136245 "-" "Mozilla/5.0 (iPhone; CPU iPhone OS 17_2 like Mac OS X) AppleWebKit/605.1.15 (KHTML, like Gecko) Version/17.2 Mobile/15E148 Safari/604.1"
103.253.27.34 - - [09/Sep/2026:07:36:45 -0600] "GET /wp-content/plugins/library/ALFA_DATA/alfacgiapi/perl.alfa HTTP/1.1" 404 136335 "-" "Mozilla/5.0 (iPhone; CPU iPhone OS 17_2 like Mac OS X) AppleWebKit/605.1.15 (KHTML, like Gecko) Version/17.2 Mobile/15E148 Safari/604.1"
103.253.27.34 - - [09/Sep/2026:07:36:47 -0600] "GET /wp-content/plugins/library/ALFA_DATA/alfacgiapi/bash.alfa HTTP/1.1" 404 136335 "-" "Mozilla/5.0 (iPhone; CPU iPhone OS 17_2 like Mac OS X) AppleWebKit/605.1.15 (KHTML, like Gecko) Version/17.2 Mobile/15E148 Safari/604.1"
103.253.27.34 - - [09/Sep/2026:07:36:48 -0600] "GET /wp-content/plugins/library/ALFA_DATA/alfacgiapi/py.alfa HTTP/1.1" 404 136321 "-" "Mozilla/5.0 (iPhone; CPU iPhone OS 17_2 like Mac OS X) AppleWebKit/605.1.15 (KHTML, like Gecko) Version/17.2 Mobile/15E148 Safari/604.1"
103.253.27.34 - - [09/Sep/2026:07:36:50 -0600] "GET /wp-admin/alfacgiapi/perl.alfa HTTP/1.1" 404 136121 "-" "Mozilla/5.0 (iPhone; CPU iPhone OS 17_2 like Mac OS X) AppleWebKit/605.1.15 (KHTML, like Gecko) Version/17.2 Mobile/15E148 Safari/604.1"
103.253.27.34 - - [09/Sep/2026:07:36:51 -0600] "GET /wp-admin/alfacgiapi/bash.alfa HTTP/1.1" 404 136121 "-" "Mozilla/5.0 (iPhone; CPU iPhone OS 17_2 like Mac OS X) AppleWebKit/605.1.15 (KHTML, like Gecko) Version/17.2 Mobile/15E148 Safari/604.1"
103.253.27.34 - - [09/Sep/2026:07:36:53 -0600] "GET /wp-admin/alfacgiapi/py.alfa HTTP/1.1" 404 136107 "-" "Mozilla/5.0 (iPhone; CPU iPhone OS 17_2 like Mac OS X) AppleWebKit/605.1.15 (KHTML, like Gecko) Version/17.2 Mobile/15E148 Safari/604.1"
103.253.27.34 - - [09/Sep/2026:07:36:54 -0600] "GET /wp-admin/ALFA_DATA/alfacgiapi/perl.alfa HTTP/1.1" 404 136197 "-" "Mozilla/5.0 (iPhone; CPU iPhone OS 17_2 like Mac OS X) AppleWebKit/605.1.15 (KHTML, like Gecko) Version/17.2 Mobile/15E148 Safari/604.1"
103.253.27.34 - - [09/Sep/2026:07:36:55 -0600] "GET /wp-admin/ALFA_DATA/alfacgiapi/bash.alfa HTTP/1.1" 404 136197 "-" "Mozilla/5.0 (iPhone; CPU iPhone OS 17_2 like Mac OS X) AppleWebKit/605.1.15 (KHTML, like Gecko) Version/17.2 Mobile/15E148 Safari/604.1"
103.253.27.34 - - [09/Sep/2026:07:36:57 -0600] "GET /wp-admin/ALFA_DATA/alfacgiapi/py.alfa HTTP/1.1" 404 136183 "-" "Mozilla/5.0 (iPhone; CPU iPhone OS 17_2 like Mac OS X) AppleWebKit/605.1.15 (KHTML, like Gecko) Version/17.2 Mobile/15E148 Safari/604.1"
162.240.68.55 - - [09/Sep/2026:07:36:59 -0600] "POST /wp-cron.php?doing_wp_cron=1788961019.5733230113983154296875 HTTP/1.1" 200 - "-" "WordPress/7.1; https://ariapress.org"
103.253.27.34 - - [09/Sep/2026:07:36:58 -0600] "GET /wp-includes/alfacgiapi/perl.alfa HTTP/1.1" 404 136142 "-" "Mozilla/5.0 (iPhone; CPU iPhone OS 17_2 like Mac OS X) AppleWebKit/605.1.15 (KHTML, like Gecko) Version/17.2 Mobile/15E148 Safari/604.1"
103.253.27.34 - - [09/Sep/2026:07:37:00 -0600] "GET /wp-includes/alfacgiapi/bash.alfa HTTP/1.1" 404 136142 "-" "Mozilla/5.0 (iPhone; CPU iPhone OS 17_2 like Mac OS X) AppleWebKit/605.1.15 (KHTML, like Gecko) Version/17.2 Mobile/15E148 Safari/604.1"
103.253.27.34 - - [09/Sep/2026:07:37:01 -0600] "GET /wp-includes/alfacgiapi/py.alfa HTTP/1.1" 404 136128 "-" "Mozilla/5.0 (iPhone; CPU iPhone OS 17_2 like Mac OS X) AppleWebKit/605.1.15 (KHTML, like Gecko) Version/17.2 Mobile/15E148 Safari/604.1"
103.253.27.34 - - [09/Sep/2026:07:37:03 -0600] "GET /wp-includes/ALFA_DATA/alfacgiapi/perl.alfa HTTP/1.1" 404 136218 "-" "Mozilla/5.0 (iPhone; CPU iPhone OS 17_2 like Mac OS X) AppleWebKit/605.1.15 (KHTML, like Gecko) Version/17.2 Mobile/15E148 Safari/604.1"
103.253.27.34 - - [09/Sep/2026:07:37:04 -0600] "GET /wp-includes/ALFA_DATA/alfacgiapi/bash.alfa HTTP/1.1" 404 136218 "-" "Mozilla/5.0 (iPhone; CPU iPhone OS 17_2 like Mac OS X) AppleWebKit/605.1.15 (KHTML, like Gecko) Version/17.2 Mobile/15E148 Safari/604.1"
103.253.27.34 - - [09/Sep/2026:07:37:06 -0600] "GET /wp-includes/ALFA_DATA/alfacgiapi/py.alfa HTTP/1.1" 404 136204 "-" "Mozilla/5.0 (iPhone; CPU iPhone OS 17_2 like Mac OS X) AppleWebKit/605.1.15 (KHTML, like Gecko) Version/17.2 Mobile/15E148 Safari/604.1"
103.253.27.34 - - [09/Sep/2026:07:37:07 -0600] "GET /.well-known/alfacgiapi/perl.alfa HTTP/1.1" 404 136142 "-" "Mozilla/5.0 (iPhone; CPU iPhone OS 17_2 like Mac OS X) AppleWebKit/605.1.15 (KHTML, like Gecko) Version/17.2 Mobile/15E148 Safari/604.1"
103.253.27.34 - - [09/Sep/2026:07:37:08 -0600] "GET /.well-known/alfacgiapi/bash.alfa HTTP/1.1" 404 136142 "-" "Mozilla/5.0 (iPhone; CPU iPhone OS 17_2 like Mac OS X) AppleWebKit/605.1.15 (KHTML, like Gecko) Version/17.2 Mobile/15E148 Safari/604.1"
103.253.27.34 - - [09/Sep/2026:07:37:10 -0600] "GET /.well-known/alfacgiapi/py.alfa HTTP/1.1" 404 136128 "-" "Mozilla/5.0 (iPhone; CPU iPhone OS 17_2 like Mac OS X) AppleWebKit/605.1.15 (KHTML, like Gecko) Version/17.2 Mobile/15E148 Safari/604.1"
103.253.27.34 - - [09/Sep/2026:07:37:11 -0600] "GET /.well-known/ALFA_DATA/alfacgiapi/perl.alfa HTTP/1.1" 404 136218 "-" "Mozilla/5.0 (iPhone; CPU iPhone OS 17_2 like Mac OS X) AppleWebKit/605.1.15 (KHTML, like Gecko) Version/17.2 Mobile/15E148 Safari/604.1"
103.253.27.34 - - [09/Sep/2026:07:37:13 -0600] "GET /.well-known/ALFA_DATA/alfacgiapi/bash.alfa HTTP/1.1" 404 136218 "-" "Mozilla/5.0 (iPhone; CPU iPhone OS 17_2 like Mac OS X) AppleWebKit/605.1.15 (KHTML, like Gecko) Version/17.2 Mobile/15E148 Safari/604.1"
103.253.27.34 - - [09/Sep/2026:07:37:14 -0600] "GET /.well-known/ALFA_DATA/alfacgiapi/py.alfa HTTP/1.1" 404 136204 "-" "Mozilla/5.0 (iPhone; CPU iPhone OS 17_2 like Mac OS X) AppleWebKit/605.1.15 (KHTML, like Gecko) Version/17.2 Mobile/15E148 Safari/604.1"
103.253.27.34 - - [09/Sep/2026:07:37:15 -0600] "GET /.well-known/acme-challenge/alfacgiapi/perl.alfa HTTP/1.1" 404 136253 "-" "Mozilla/5.0 (iPhone; CPU iPhone OS 17_2 like Mac OS X) AppleWebKit/605.1.15 (KHTML, like Gecko) Version/17.2 Mobile/15E148 Safari/604.1"
103.253.27.34 - - [09/Sep/2026:07:37:17 -0600] "GET /.well-known/acme-challenge/alfacgiapi/bash.alfa HTTP/1.1" 404 136253 "-" "Mozilla/5.0 (iPhone; CPU iPhone OS 17_2 like Mac OS X) AppleWebKit/605.1.15 (KHTML, like Gecko) Version/17.2 Mobile/15E148 Safari/604.1"
103.253.27.34 - - [09/Sep/2026:07:37:18 -0600] "GET /.well-known/acme-challenge/alfacgiapi/py.alfa HTTP/1.1" 404 136239 "-" "Mozilla/5.0 (iPhone; CPU iPhone OS 17_2 like Mac OS X) AppleWebKit/605.1.15 (KHTML, like Gecko) Version/17.2 Mobile/15E148 Safari/604.1"
103.253.27.34 - - [09/Sep/2026:07:37:20 -0600] "GET /.well-known/acme-challenge/ALFA_DATA/alfacgiapi/perl.alfa HTTP/1.1" 404 136329 "-" "Mozilla/5.0 (iPhone; CPU iPhone OS 17_2 like Mac OS X) AppleWebKit/605.1.15 (KHTML, like Gecko) Version/17.2 Mobile/15E148 Safari/604.1"
103.253.27.34 - - [09/Sep/2026:07:37:21 -0600] "GET /.well-known/acme-challenge/ALFA_DATA/alfacgiapi/bash.alfa HTTP/1.1" 404 136329 "-" "Mozilla/5.0 (iPhone; CPU iPhone OS 17_2 like Mac OS X) AppleWebKit/605.1.15 (KHTML, like Gecko) Version/17.2 Mobile/15E148 Safari/604.1"
103.253.27.34 - - [09/Sep/2026:07:37:22 -0600] "GET /.well-known/acme-challenge/ALFA_DATA/alfacgiapi/py.alfa HTTP/1.1" 404 136315 "-" "Mozilla/5.0 (iPhone; CPU iPhone OS 17_2 like Mac OS X) AppleWebKit/605.1.15 (KHTML, like Gecko) Version/17.2 Mobile/15E148 Safari/604.1"
103.253.27.34 - - [09/Sep/2026:07:37:24 -0600] "GET /.well-known/pki-validation/alfacgiapi/perl.alfa HTTP/1.1" 404 136253 "-" "Mozilla/5.0 (iPhone; CPU iPhone OS 17_2 like Mac OS X) AppleWebKit/605.1.15 (KHTML, like Gecko) Version/17.2 Mobile/15E148 Safari/604.1"
103.253.27.34 - - [09/Sep/2026:07:37:25 -0600] "GET /.well-known/pki-validation/alfacgiapi/bash.alfa HTTP/1.1" 404 136253 "-" "Mozilla/5.0 (iPhone; CPU iPhone OS 17_2 like Mac OS X) AppleWebKit/605.1.15 (KHTML, like Gecko) Version/17.2 Mobile/15E148 Safari/604.1"
103.253.27.34 - - [09/Sep/2026:07:37:27 -0600] "GET /.well-known/pki-validation/alfacgiapi/py.alfa HTTP/1.1" 404 136239 "-" "Mozilla/5.0 (iPhone; CPU iPhone OS 17_2 like Mac OS X) AppleWebKit/605.1.15 (KHTML, like Gecko) Version/17.2 Mobile/15E148 Safari/604.1"
103.253.27.34 - - [09/Sep/2026:07:37:28 -0600] "GET /.well-known/pki-validation/ALFA_DATA/alfacgiapi/perl.alfa HTTP/1.1" 404 136329 "-" "Mozilla/5.0 (iPhone; CPU iPhone OS 17_2 like Mac OS X) AppleWebKit/605.1.15 (KHTML, like Gecko) Version/17.2 Mobile/15E148 Safari/604.1"
103.253.27.34 - - [09/Sep/2026:07:37:29 -0600] "GET /.well-known/pki-validation/ALFA_DATA/alfacgiapi/bash.alfa HTTP/1.1" 404 136329 "-" "Mozilla/5.0 (iPhone; CPU iPhone OS 17_2 like Mac OS X) AppleWebKit/605.1.15 (KHTML, like Gecko) Version/17.2 Mobile/15E148 Safari/604.1"
40.77.167.10 - - [09/Sep/2026:07:37:29 -0600] "GET /%D8%A7%D8%A8%D8%B1%D9%87%D8%A7%DB%8C-%D8%AA%DB%8C%D8%B1%DB%80-%D8%AA%D9%81%DA%A9%D8%B1-%D8%B7%D8%A7%D9%84%D8%A8%D8%A7%D9%86-%D8%A8%D8%B1-%D9%81%D8%B6%D8%A7%DB%8C-%D8%AA%D8%A7%D8%AC%DB%8C%DA%A9%D8%B3/ HTTP/1.1" 200 277458 "-" "Mozilla/5.0 AppleWebKit/537.36 (KHTML, like Gecko; compatible; bingbot/2.0; +http://www.bing.com/bingbot.htm) Chrome/116.0.1938.76 Safari/537.36"
103.253.27.34 - - [09/Sep/2026:07:37:31 -0600] "GET /.well-known/pki-validation/ALFA_DATA/alfacgiapi/py.alfa HTTP/1.1" 404 136315 "-" "Mozilla/5.0 (iPhone; CPU iPhone OS 17_2 like Mac OS X) AppleWebKit/605.1.15 (KHTML, like Gecko) Version/17.2 Mobile/15E148 Safari/604.1"
103.253.27.34 - - [09/Sep/2026:07:37:32 -0600] "GET /.tmb/alfacgiapi/perl.alfa HTTP/1.1" 404 136093 "-" "Mozilla/5.0 (iPhone; CPU iPhone OS 17_2 like Mac OS X) AppleWebKit/605.1.15 (KHTML, like Gecko) Version/17.2 Mobile/15E148 Safari/604.1"
103.253.27.34 - - [09/Sep/2026:07:37:34 -0600] "GET /.tmb/alfacgiapi/bash.alfa HTTP/1.1" 404 136093 "-" "Mozilla/5.0 (iPhone; CPU iPhone OS 17_2 like Mac OS X) AppleWebKit/605.1.15 (KHTML, like Gecko) Version/17.2 Mobile/15E148 Safari/604.1"
52.167.144.182 - - [09/Sep/2026:07:37:34 -0600] "GET /%DA%A9%D8%B4%D8%AA%D9%87-%D8%B4%D8%AF%D9%86-%D8%B4%D8%B4-%D8%B7%D8%A7%D9%84%D8%A8-%D8%AF%D8%B1-%D8%AF%D8%B1%DA%AF%DB%8C%D8%B1%DB%8C%D9%87%D8%A7%DB%8C-%D8%B1%D9%88%D8%B2-%DA%AF%D8%B0%D8%B4/ HTTP/1.1" 200 198406 "-" "Mozilla/5.0 AppleWebKit/537.36 (KHTML, like Gecko; compatible; bingbot/2.0; +http://www.bing.com/bingbot.htm) Chrome/116.0.1938.76 Safari/537.36"
103.253.27.34 - - [09/Sep/2026:07:37:36 -0600] "GET /.tmb/alfacgiapi/py.alfa HTTP/1.1" 404 136079 "-" "Mozilla/5.0 (iPhone; CPU iPhone OS 17_2 like Mac OS X) AppleWebKit/605.1.15 (KHTML, like Gecko) Version/17.2 Mobile/15E148 Safari/604.1"
103.253.27.34 - - [09/Sep/2026:07:37:37 -0600] "GET /.tmb/ALFA_DATA/alfacgiapi/perl.alfa HTTP/1.1" 404 136169 "-" "Mozilla/5.0 (iPhone; CPU iPhone OS 17_2 like Mac OS X) AppleWebKit/605.1.15 (KHTML, like Gecko) Version/17.2 Mobile/15E148 Safari/604.1"
162.240.68.55 - - [09/Sep/2026:07:37:39 -0600] "POST /wp-cron.php?doing_wp_cron=1788961059.7673389911651611328125 HTTP/1.1" 200 - "-" "WordPress/7.1; https://ariapress.org"
103.253.27.34 - - [09/Sep/2026:07:37:38 -0600] "GET /.tmb/ALFA_DATA/alfacgiapi/bash.alfa HTTP/1.1" 404 136169 "-" "Mozilla/5.0 (iPhone; CPU iPhone OS 17_2 like Mac OS X) AppleWebKit/605.1.15 (KHTML, like Gecko) Version/17.2 Mobile/15E148 Safari/604.1"
103.253.27.34 - - [09/Sep/2026:07:37:40 -0600] "GET /.tmb/ALFA_DATA/alfacgiapi/py.alfa HTTP/1.1" 404 136155 "-" "Mozilla/5.0 (iPhone; CPU iPhone OS 17_2 like Mac OS X) AppleWebKit/605.1.15 (KHTML, like Gecko) Version/17.2 Mobile/15E148 Safari/604.1"
103.253.27.34 - - [09/Sep/2026:07:37:41 -0600] "GET /.quarantine/alfacgiapi/perl.alfa HTTP/1.1" 404 136142 "-" "Mozilla/5.0 (iPhone; CPU iPhone OS 17_2 like Mac OS X) AppleWebKit/605.1.15 (KHTML, like Gecko) Version/17.2 Mobile/15E148 Safari/604.1"
103.253.27.34 - - [09/Sep/2026:07:37:43 -0600] "GET /.quarantine/alfacgiapi/bash.alfa HTTP/1.1" 404 136142 "-" "Mozilla/5.0 (iPhone; CPU iPhone OS 17_2 like Mac OS X) AppleWebKit/605.1.15 (KHTML, like Gecko) Version/17.2 Mobile/15E148 Safari/604.1"
103.253.27.34 - - [09/Sep/2026:07:37:44 -0600] "GET /.quarantine/alfacgiapi/py.alfa HTTP/1.1" 404 136128 "-" "Mozilla/5.0 (iPhone; CPU iPhone OS 17_2 like Mac OS X) AppleWebKit/605.1.15 (KHTML, like Gecko) Version/17.2 Mobile/15E148 Safari/604.1"
66.249.68.69 - - [09/Sep/2026:07:37:44 -0600] "GET /%D8%AA%D9%86%DB%8C%D9%80%D8%AF%D9%87-%DB%8C%D8%A7%D8%AF%D9%90-%D8%AA%D9%88-%D8%AF%D8%B1-%D8%AA%D8%A7%D8%B1-%D9%88-%D9%BE%D9%80%D9%88%D8%AF%D9%85-%D9%85%DB%8C%D9%80%D9%87%D9%86-%D8%A7%DB%8C-%D9%85/ HTTP/1.1" 200 218255 "-" "Mozilla/5.0 (compatible; Googlebot/2.1; +http://www.google.com/bot.html)"
103.253.27.34 - - [09/Sep/2026:07:37:46 -0600] "GET /.quarantine/ALFA_DATA/alfacgiapi/perl.alfa HTTP/1.1" 404 136218 "-" "Mozilla/5.0 (iPhone; CPU iPhone OS 17_2 like Mac OS X) AppleWebKit/605.1.15 (KHTML, like Gecko) Version/17.2 Mobile/15E148 Safari/604.1"
103.253.27.34 - - [09/Sep/2026:07:37:48 -0600] "GET /.quarantine/ALFA_DATA/alfacgiapi/bash.alfa HTTP/1.1" 404 136218 "-" "Mozilla/5.0 (iPhone; CPU iPhone OS 17_2 like Mac OS X) AppleWebKit/605.1.15 (KHTML, like Gecko) Version/17.2 Mobile/15E148 Safari/604.1"
103.253.27.34 - - [09/Sep/2026:07:37:49 -0600] "GET /.quarantine/ALFA_DATA/alfacgiapi/py.alfa HTTP/1.1" 404 136204 "-" "Mozilla/5.0 (iPhone; CPU iPhone OS 17_2 like Mac OS X) AppleWebKit/605.1.15 (KHTML, like Gecko) Version/17.2 Mobile/15E148 Safari/604.1"
103.253.27.34 - - [09/Sep/2026:07:37:51 -0600] "GET /cgi-bin/alfacgiapi/perl.alfa HTTP/1.1" 404 136114 "-" "Mozilla/5.0 (iPhone; CPU iPhone OS 17_2 like Mac OS X) AppleWebKit/605.1.15 (KHTML, like Gecko) Version/17.2 Mobile/15E148 Safari/604.1"
103.253.27.34 - - [09/Sep/2026:07:37:52 -0600] "GET /cgi-bin/alfacgiapi/bash.alfa HTTP/1.1" 404 136114 "-" "Mozilla/5.0 (iPhone; CPU iPhone OS 17_2 like Mac OS X) AppleWebKit/605.1.15 (KHTML, like Gecko) Version/17.2 Mobile/15E148 Safari/604.1"
103.253.27.34 - - [09/Sep/2026:07:37:54 -0600] "GET /cgi-bin/alfacgiapi/py.alfa HTTP/1.1" 404 136100 "-" "Mozilla/5.0 (iPhone; CPU iPhone OS 17_2 like Mac OS X) AppleWebKit/605.1.15 (KHTML, like Gecko) Version/17.2 Mobile/15E148 Safari/604.1"
103.253.27.34 - - [09/Sep/2026:07:37:55 -0600] "GET /cgi-bin/ALFA_DATA/alfacgiapi/perl.alfa HTTP/1.1" 404 136190 "-" "Mozilla/5.0 (iPhone; CPU iPhone OS 17_2 like Mac OS X) AppleWebKit/605.1.15 (KHTML, like Gecko) Version/17.2 Mobile/15E148 Safari/604.1"
103.253.27.34 - - [09/Sep/2026:07:37:56 -0600] "GET /cgi-bin/ALFA_DATA/alfacgiapi/bash.alfa HTTP/1.1" 404 136190 "-" "Mozilla/5.0 (iPhone; CPU iPhone OS 17_2 like Mac OS X) AppleWebKit/605.1.15 (KHTML, like Gecko) Version/17.2 Mobile/15E148 Safari/604.1"
162.240.68.55 - - [09/Sep/2026:07:37:59 -0600] "POST /wp-cron.php?doing_wp_cron=1788961079.1304869651794433593750 HTTP/1.1" 200 - "-" "WordPress/7.1; https://ariapress.org"
103.253.27.34 - - [09/Sep/2026:07:37:58 -0600] "GET /cgi-bin/ALFA_DATA/alfacgiapi/py.alfa HTTP/1.1" 404 136176 "-" "Mozilla/5.0 (iPhone; CPU iPhone OS 17_2 like Mac OS X) AppleWebKit/605.1.15 (KHTML, like Gecko) Version/17.2 Mobile/15E148 Safari/604.1"
103.253.27.34 - - [09/Sep/2026:07:37:59 -0600] "GET /images/alfacgiapi/perl.alfa HTTP/1.1" 404 136107 "-" "Mozilla/5.0 (iPhone; CPU iPhone OS 17_2 like Mac OS X) AppleWebKit/605.1.15 (KHTML, like Gecko) Version/17.2 Mobile/15E148 Safari/604.1"
103.253.27.34 - - [09/Sep/2026:07:38:01 -0600] "GET /images/alfacgiapi/bash.alfa HTTP/1.1" 404 136107 "-" "Mozilla/5.0 (iPhone; CPU iPhone OS 17_2 like Mac OS X) AppleWebKit/605.1.15 (KHTML, like Gecko) Version/17.2 Mobile/15E148 Safari/604.1"
103.253.27.34 - - [09/Sep/2026:07:38:02 -0600] "GET /images/alfacgiapi/py.alfa HTTP/1.1" 404 136093 "-" "Mozilla/5.0 (iPhone; CPU iPhone OS 17_2 like Mac OS X) AppleWebKit/605.1.15 (KHTML, like Gecko) Version/17.2 Mobile/15E148 Safari/604.1"
103.253.27.34 - - [09/Sep/2026:07:38:04 -0600] "GET /images/ALFA_DATA/alfacgiapi/perl.alfa HTTP/1.1" 404 136183 "-" "Mozilla/5.0 (iPhone; CPU iPhone OS 17_2 like Mac OS X) AppleWebKit/605.1.15 (KHTML, like Gecko) Version/17.2 Mobile/15E148 Safari/604.1"
103.253.27.34 - - [09/Sep/2026:07:38:05 -0600] "GET /images/ALFA_DATA/alfacgiapi/bash.alfa HTTP/1.1" 404 136183 "-" "Mozilla/5.0 (iPhone; CPU iPhone OS 17_2 like Mac OS X) AppleWebKit/605.1.15 (KHTML, like Gecko) Version/17.2 Mobile/15E148 Safari/604.1"
103.253.27.34 - - [09/Sep/2026:07:38:09 -0600] "GET /images/ALFA_DATA/alfacgiapi/py.alfa HTTP/1.1" 404 136169 "-" "Mozilla/5.0 (iPhone; CPU iPhone OS 17_2 like Mac OS X) AppleWebKit/605.1.15 (KHTML, like Gecko) Version/17.2 Mobile/15E148 Safari/604.1"
103.253.27.34 - - [09/Sep/2026:07:38:12 -0600] "GET /components/alfacgiapi/perl.alfa HTTP/1.1" 404 136135 "-" "Mozilla/5.0 (iPhone; CPU iPhone OS 17_2 like Mac OS X) AppleWebKit/605.1.15 (KHTML, like Gecko) Version/17.2 Mobile/15E148 Safari/604.1"
103.253.27.34 - - [09/Sep/2026:07:38:16 -0600] "GET /components/alfacgiapi/bash.alfa HTTP/1.1" 404 136135 "-" "Mozilla/5.0 (iPhone; CPU iPhone OS 17_2 like Mac OS X) AppleWebKit/605.1.15 (KHTML, like Gecko) Version/17.2 Mobile/15E148 Safari/604.1"
103.253.27.34 - - [09/Sep/2026:07:38:19 -0600] "GET /components/alfacgiapi/py.alfa HTTP/1.1" 404 136121 "-" "Mozilla/5.0 (iPhone; CPU iPhone OS 17_2 like Mac OS X) AppleWebKit/605.1.15 (KHTML, like Gecko) Version/17.2 Mobile/15E148 Safari/604.1"
103.253.27.34 - - [09/Sep/2026:07:38:23 -0600] "GET /components/ALFA_DATA/alfacgiapi/perl.alfa HTTP/1.1" 404 136211 "-" "Mozilla/5.0 (iPhone; CPU iPhone OS 17_2 like Mac OS X) AppleWebKit/605.1.15 (KHTML, like Gecko) Version/17.2 Mobile/15E148 Safari/604.1"
103.253.27.34 - - [09/Sep/2026:07:38:26 -0600] "GET /components/ALFA_DATA/alfacgiapi/bash.alfa HTTP/1.1" 404 136211 "-" "Mozilla/5.0 (iPhone; CPU iPhone OS 17_2 like Mac OS X) AppleWebKit/605.1.15 (KHTML, like Gecko) Version/17.2 Mobile/15E148 Safari/604.1"
103.253.27.34 - - [09/Sep/2026:07:38:29 -0600] "GET /components/ALFA_DATA/alfacgiapi/py.alfa HTTP/1.1" 404 136197 "-" "Mozilla/5.0 (iPhone; CPU iPhone OS 17_2 like Mac OS X) AppleWebKit/605.1.15 (KHTML, like Gecko) Version/17.2 Mobile/15E148 Safari/604.1"
66.249.68.70 - - [09/Sep/2026:07:38:32 -0600] "GET /%D8%AA%D9%86%DB%8C%D9%80%D8%AF%D9%87-%DB%8C%D8%A7%D8%AF%D9%90-%D8%AA%D9%88-%D8%AF%D8%B1-%D8%AA%D8%A7%D8%B1-%D9%88-%D9%BE%D9%80%D9%88%D8%AF%D9%85-%D9%85%DB%8C%D9%80%D9%87%D9%86-%D8%A7%DB%8C-%D9%85/ HTTP/1.1" 200 216839 "-" "Mozilla/5.0 (Linux; Android 6.0.1; Nexus 5X Build/MMB29P) AppleWebKit/537.36 (KHTML, like Gecko) Chrome/99.0.4844.84 Mobile Safari/537.36 (compatible; Googlebot/2.1; +http://www.google.com/bot.html)"
103.253.27.34 - - [09/Sep/2026:07:38:32 -0600] "GET /wordpress/alfacgiapi/perl.alfa HTTP/1.1" 404 136128 "-" "Mozilla/5.0 (iPhone; CPU iPhone OS 17_2 like Mac OS X) AppleWebKit/605.1.15 (KHTML, like Gecko) Version/17.2 Mobile/15E148 Safari/604.1"
103.253.27.34 - - [09/Sep/2026:07:38:36 -0600] "GET /wordpress/alfacgiapi/bash.alfa HTTP/1.1" 404 136128 "-" "Mozilla/5.0 (iPhone; CPU iPhone OS 17_2 like Mac OS X) AppleWebKit/605.1.15 (KHTML, like Gecko) Version/17.2 Mobile/15E148 Safari/604.1"
162.240.68.55 - - [09/Sep/2026:07:38:41 -0600] "POST /wp-cron.php?doing_wp_cron=1788961121.9770600795745849609375 HTTP/1.1" 200 - "-" "WordPress/7.1; https://ariapress.org"
103.253.27.34 - - [09/Sep/2026:07:38:39 -0600] "GET /wordpress/alfacgiapi/py.alfa HTTP/1.1" 404 136114 "-" "Mozilla/5.0 (iPhone; CPU iPhone OS 17_2 like Mac OS X) AppleWebKit/605.1.15 (KHTML, like Gecko) Version/17.2 Mobile/15E148 Safari/604.1"
103.253.27.34 - - [09/Sep/2026:07:38:42 -0600] "GET /wordpress/ALFA_DATA/alfacgiapi/perl.alfa HTTP/1.1" 404 136204 "-" "Mozilla/5.0 (iPhone; CPU iPhone OS 17_2 like Mac OS X) AppleWebKit/605.1.15 (KHTML, like Gecko) Version/17.2 Mobile/15E148 Safari/604.1"
103.253.27.34 - - [09/Sep/2026:07:38:45 -0600] "GET /wordpress/ALFA_DATA/alfacgiapi/bash.alfa HTTP/1.1" 404 136204 "-" "Mozilla/5.0 (iPhone; CPU iPhone OS 17_2 like Mac OS X) AppleWebKit/605.1.15 (KHTML, like Gecko) Version/17.2 Mobile/15E148 Safari/604.1"
103.253.27.34 - - [09/Sep/2026:07:38:49 -0600] "GET /wordpress/ALFA_DATA/alfacgiapi/py.alfa HTTP/1.1" 404 136190 "-" "Mozilla/5.0 (iPhone; CPU iPhone OS 17_2 like Mac OS X) AppleWebKit/605.1.15 (KHTML, like Gecko) Version/17.2 Mobile/15E148 Safari/604.1"
103.253.27.34 - - [09/Sep/2026:07:38:52 -0600] "GET /wp/alfacgiapi/perl.alfa HTTP/1.1" 404 136079 "-" "Mozilla/5.0 (iPhone; CPU iPhone OS 17_2 like Mac OS X) AppleWebKit/605.1.15 (KHTML, like Gecko) Version/17.2 Mobile/15E148 Safari/604.1"
103.253.27.34 - - [09/Sep/2026:07:38:55 -0600] "GET /wp/alfacgiapi/bash.alfa HTTP/1.1" 404 136079 "-" "Mozilla/5.0 (iPhone; CPU iPhone OS 17_2 like Mac OS X) AppleWebKit/605.1.15 (KHTML, like Gecko) Version/17.2 Mobile/15E148 Safari/604.1"
162.240.68.55 - - [09/Sep/2026:07:39:01 -0600] "POST /wp-cron.php?doing_wp_cron=1788961141.1902360916137695312500 HTTP/1.1" 200 - "-" "WordPress/7.1; https://ariapress.org"
103.253.27.34 - - [09/Sep/2026:07:38:58 -0600] "GET /wp/alfacgiapi/py.alfa HTTP/1.1" 404 136065 "-" "Mozilla/5.0 (iPhone; CPU iPhone OS 17_2 like Mac OS X) AppleWebKit/605.1.15 (KHTML, like Gecko) Version/17.2 Mobile/15E148 Safari/604.1"
103.253.27.34 - - [09/Sep/2026:07:39:01 -0600] "GET /wp/ALFA_DATA/alfacgiapi/perl.alfa HTTP/1.1" 404 136155 "-" "Mozilla/5.0 (iPhone; CPU iPhone OS 17_2 like Mac OS X) AppleWebKit/605.1.15 (KHTML, like Gecko) Version/17.2 Mobile/15E148 Safari/604.1"
103.253.27.34 - - [09/Sep/2026:07:39:06 -0600] "GET /wp/ALFA_DATA/alfacgiapi/bash.alfa HTTP/1.1" 404 136155 "-" "Mozilla/5.0 (iPhone; CPU iPhone OS 17_2 like Mac OS X) AppleWebKit/605.1.15 (KHTML, like Gecko) Version/17.2 Mobile/15E148 Safari/604.1"
103.253.27.34 - - [09/Sep/2026:07:39:09 -0600] "GET /wp/ALFA_DATA/alfacgiapi/py.alfa HTTP/1.1" 404 136141 "-" "Mozilla/5.0 (iPhone; CPU iPhone OS 17_2 like Mac OS X) AppleWebKit/605.1.15 (KHTML, like Gecko) Version/17.2 Mobile/15E148 Safari/604.1"
103.253.27.34 - - [09/Sep/2026:07:39:12 -0600] "GET /new/alfacgiapi/perl.alfa HTTP/1.1" 404 136086 "-" "Mozilla/5.0 (iPhone; CPU iPhone OS 17_2 like Mac OS X) AppleWebKit/605.1.15 (KHTML, like Gecko) Version/17.2 Mobile/15E148 Safari/604.1"
103.253.27.34 - - [09/Sep/2026:07:39:16 -0600] "GET /new/alfacgiapi/bash.alfa HTTP/1.1" 404 136086 "-" "Mozilla/5.0 (iPhone; CPU iPhone OS 17_2 like Mac OS X) AppleWebKit/605.1.15 (KHTML, like Gecko) Version/17.2 Mobile/15E148 Safari/604.1"
103.253.27.34 - - [09/Sep/2026:07:39:19 -0600] "GET /new/alfacgiapi/py.alfa HTTP/1.1" 404 136072 "-" "Mozilla/5.0 (iPhone; CPU iPhone OS 17_2 like Mac OS X) AppleWebKit/605.1.15 (KHTML, like Gecko) Version/17.2 Mobile/15E148 Safari/604.1"
103.253.27.34 - - [09/Sep/2026:07:39:23 -0600] "GET /new/ALFA_DATA/alfacgiapi/perl.alfa HTTP/1.1" 404 136162 "-" "Mozilla/5.0 (iPhone; CPU iPhone OS 17_2 like Mac OS X) AppleWebKit/605.1.15 (KHTML, like Gecko) Version/17.2 Mobile/15E148 Safari/604.1"
66.249.68.69 - - [09/Sep/2026:07:39:28 -0600] "GET /wp-content/themes/jannah/assets/css/single.min.css?ver=7.4.1 HTTP/1.1" 200 46035 "https://ariapress.org/%D8%AA%D9%86%DB%8C%D9%80%D8%AF%D9%87-%DB%8C%D8%A7%D8%AF%D9%90-%D8%AA%D9%88-%D8%AF%D8%B1-%D8%AA%D8%A7%D8%B1-%D9%88-%D9%BE%D9%80%D9%88%D8%AF%D9%85-%D9%85%DB%8C%D9%80%D9%87%D9%86-%D8%A7%DB%8C-%D9%85/" "Mozilla/5.0 AppleWebKit/537.36 (KHTML, like Gecko; compatible; Googlebot/2.1; +http://www.google.com/bot.html) Chrome/152.0.7977.64 Safari/537.36"
103.253.27.34 - - [09/Sep/2026:07:39:26 -0600] "GET /new/ALFA_DATA/alfacgiapi/bash.alfa HTTP/1.1" 404 136162 "-" "Mozilla/5.0 (iPhone; CPU iPhone OS 17_2 like Mac OS X) AppleWebKit/605.1.15 (KHTML, like Gecko) Version/17.2 Mobile/15E148 Safari/604.1"
66.249.68.69 - - [09/Sep/2026:07:39:29 -0600] "GET /wp-content/themes/jannah/assets/js/single.min.js?ver=7.4.1 HTTP/1.1" 200 5512 "https://ariapress.org/%D8%AA%D9%86%DB%8C%D9%80%D8%AF%D9%87-%DB%8C%D8%A7%D8%AF%D9%90-%D8%AA%D9%88-%D8%AF%D8%B1-%D8%AA%D8%A7%D8%B1-%D9%88-%D9%BE%D9%80%D9%88%D8%AF%D9%85-%D9%85%DB%8C%D9%80%D9%87%D9%86-%D8%A7%DB%8C-%D9%85/" "Mozilla/5.0 (Linux; Android 6.0.1; Nexus 5X Build/MMB29P) AppleWebKit/537.36 (KHTML, like Gecko) Chrome/152.0.7977.64 Mobile Safari/537.36 (compatible; Googlebot/2.1; +http://www.google.com/bot.html)"
66.249.68.68 - - [09/Sep/2026:07:39:31 -0600] "GET /wp-content/themes/jannah/assets/css/single.min.css?ver=7.4.1 HTTP/1.1" 200 46035 "https://ariapress.org/%D8%AA%D9%86%DB%8C%D9%80%D8%AF%D9%87-%DB%8C%D8%A7%D8%AF%D9%90-%D8%AA%D9%88-%D8%AF%D8%B1-%D8%AA%D8%A7%D8%B1-%D9%88-%D9%BE%D9%80%D9%88%D8%AF%D9%85-%D9%85%DB%8C%D9%80%D9%87%D9%86-%D8%A7%DB%8C-%D9%85/" "Mozilla/5.0 (Linux; Android 6.0.1; Nexus 5X Build/MMB29P) AppleWebKit/537.36 (KHTML, like Gecko) Chrome/152.0.7977.64 Mobile Safari/537.36 (compatible; Googlebot/2.1; +http://www.google.com/bot.html)"
103.253.27.34 - - [09/Sep/2026:07:39:29 -0600] "GET /new/ALFA_DATA/alfacgiapi/py.alfa HTTP/1.1" 404 136148 "-" "Mozilla/5.0 (iPhone; CPU iPhone OS 17_2 like Mac OS X) AppleWebKit/605.1.15 (KHTML, like Gecko) Version/17.2 Mobile/15E148 Safari/604.1"
66.249.68.69 - - [09/Sep/2026:07:39:32 -0600] "GET /wp-content/themes/jannah/assets/js/desktop.min.js?ver=7.4.1 HTTP/1.1" 200 18209 "https://ariapress.org/%D8%AA%D9%86%DB%8C%D9%80%D8%AF%D9%87-%DB%8C%D8%A7%D8%AF%D9%90-%D8%AA%D9%88-%D8%AF%D8%B1-%D8%AA%D8%A7%D8%B1-%D9%88-%D9%BE%D9%80%D9%88%D8%AF%D9%85-%D9%85%DB%8C%D9%80%D9%87%D9%86-%D8%A7%DB%8C-%D9%85/" "Mozilla/5.0 AppleWebKit/537.36 (KHTML, like Gecko; compatible; Googlebot/2.1; +http://www.google.com/bot.html) Chrome/152.0.7977.64 Safari/537.36"
66.249.68.69 - - [09/Sep/2026:07:39:33 -0600] "GET /wp-content/themes/jannah/assets/js/shortcodes.js?ver=7.4.1 HTTP/1.1" 200 11184 "https://ariapress.org/%D8%AA%D9%86%DB%8C%D9%80%D8%AF%D9%87-%DB%8C%D8%A7%D8%AF%D9%90-%D8%AA%D9%88-%D8%AF%D8%B1-%D8%AA%D8%A7%D8%B1-%D9%88-%D9%BE%D9%80%D9%88%D8%AF%D9%85-%D9%85%DB%8C%D9%80%D9%87%D9%86-%D8%A7%DB%8C-%D9%85/" "Mozilla/5.0 AppleWebKit/537.36 (KHTML, like Gecko; compatible; Googlebot/2.1; +http://www.google.com/bot.html) Chrome/152.0.7977.64 Safari/537.36"
103.253.27.34 - - [09/Sep/2026:07:39:32 -0600] "GET /old/alfacgiapi/perl.alfa HTTP/1.1" 404 136086 "-" "Mozilla/5.0 (iPhone; CPU iPhone OS 17_2 like Mac OS X) AppleWebKit/605.1.15 (KHTML, like Gecko) Version/17.2 Mobile/15E148 Safari/604.1"
66.249.68.68 - - [09/Sep/2026:07:39:36 -0600] "GET /wp-content/themes/jannah/assets/js/live-search.js?ver=7.4.1 HTTP/1.1" 200 14601 "https://ariapress.org/%D8%AA%D9%86%DB%8C%D9%80%D8%AF%D9%87-%DB%8C%D8%A7%D8%AF%D9%90-%D8%AA%D9%88-%D8%AF%D8%B1-%D8%AA%D8%A7%D8%B1-%D9%88-%D9%BE%D9%80%D9%88%D8%AF%D9%85-%D9%85%DB%8C%D9%80%D9%87%D9%86-%D8%A7%DB%8C-%D9%85/" "Mozilla/5.0 AppleWebKit/537.36 (KHTML, like Gecko; compatible; Googlebot/2.1; +http://www.google.com/bot.html) Chrome/152.0.7977.64 Safari/537.36"
103.253.27.34 - - [09/Sep/2026:07:39:35 -0600] "GET /old/alfacgiapi/bash.alfa HTTP/1.1" 404 136086 "-" "Mozilla/5.0 (iPhone; CPU iPhone OS 17_2 like Mac OS X) AppleWebKit/605.1.15 (KHTML, like Gecko) Version/17.2 Mobile/15E148 Safari/604.1"
66.249.68.68 - - [09/Sep/2026:07:39:40 -0600] "GET /wp-content/themes/jannah/assets/css/print.css?ver=7.4.1 HTTP/1.1" 200 1848 "https://ariapress.org/%D8%AA%D9%86%DB%8C%D9%80%D8%AF%D9%87-%DB%8C%D8%A7%D8%AF%D9%90-%D8%AA%D9%88-%D8%AF%D8%B1-%D8%AA%D8%A7%D8%B1-%D9%88-%D9%BE%D9%80%D9%88%D8%AF%D9%85-%D9%85%DB%8C%D9%80%D9%87%D9%86-%D8%A7%DB%8C-%D9%85/" "Mozilla/5.0 AppleWebKit/537.36 (KHTML, like Gecko; compatible; Googlebot/2.1; +http://www.google.com/bot.html) Chrome/152.0.7977.64 Safari/537.36"
162.240.68.55 - - [09/Sep/2026:07:39:41 -0600] "POST /wp-cron.php?doing_wp_cron=1788961181.4510080814361572265625 HTTP/1.1" 200 - "-" "WordPress/7.1; https://ariapress.org"
103.253.27.34 - - [09/Sep/2026:07:39:38 -0600] "GET /old/alfacgiapi/py.alfa HTTP/1.1" 404 136072 "-" "Mozilla/5.0 (iPhone; CPU iPhone OS 17_2 like Mac OS X) AppleWebKit/605.1.15 (KHTML, like Gecko) Version/17.2 Mobile/15E148 Safari/604.1"
66.249.68.68 - - [09/Sep/2026:07:39:42 -0600] "GET /wp-content/themes/jannah/assets/css/print.css?ver=7.4.1 HTTP/1.1" 200 1848 "https://ariapress.org/%D8%AA%D9%86%DB%8C%D9%80%D8%AF%D9%87-%DB%8C%D8%A7%D8%AF%D9%90-%D8%AA%D9%88-%D8%AF%D8%B1-%D8%AA%D8%A7%D8%B1-%D9%88-%D9%BE%D9%80%D9%88%D8%AF%D9%85-%D9%85%DB%8C%D9%80%D9%87%D9%86-%D8%A7%DB%8C-%D9%85/" "Mozilla/5.0 (Linux; Android 6.0.1; Nexus 5X Build/MMB29P) AppleWebKit/537.36 (KHTML, like Gecko) Chrome/152.0.7977.64 Mobile Safari/537.36 (compatible; Googlebot/2.1; +http://www.google.com/bot.html)"
103.253.27.34 - - [09/Sep/2026:07:39:42 -0600] "GET /old/ALFA_DATA/alfacgiapi/perl.alfa HTTP/1.1" 404 136162 "-" "Mozilla/5.0 (iPhone; CPU iPhone OS 17_2 like Mac OS X) AppleWebKit/605.1.15 (KHTML, like Gecko) Version/17.2 Mobile/15E148 Safari/604.1"
103.253.27.34 - - [09/Sep/2026:07:39:48 -0600] "GET /old/ALFA_DATA/alfacgiapi/bash.alfa HTTP/1.1" 404 136162 "-" "Mozilla/5.0 (iPhone; CPU iPhone OS 17_2 like Mac OS X) AppleWebKit/605.1.15 (KHTML, like Gecko) Version/17.2 Mobile/15E148 Safari/604.1"
66.249.68.68 - - [09/Sep/2026:07:39:50 -0600] "GET /author/admin/ HTTP/1.1" 200 178153 "https://ariapress.org/%D8%AA%D9%86%DB%8C%D9%80%D8%AF%D9%87-%DB%8C%D8%A7%D8%AF%D9%90-%D8%AA%D9%88-%D8%AF%D8%B1-%D8%AA%D8%A7%D8%B1-%D9%88-%D9%BE%D9%80%D9%88%D8%AF%D9%85-%D9%85%DB%8C%D9%80%D9%87%D9%86-%D8%A7%DB%8C-%D9%85/" "Mozilla/5.0 (Linux; Android 6.0.1; Nexus 5X Build/MMB29P) AppleWebKit/537.36 (KHTML, like Gecko) Chrome/152.0.7977.64 Mobile Safari/537.36 (compatible; Googlebot/2.1; +http://www.google.com/bot.html)"
103.253.27.34 - - [09/Sep/2026:07:39:51 -0600] "GET /old/ALFA_DATA/alfacgiapi/py.alfa HTTP/1.1" 404 136148 "-" "Mozilla/5.0 (iPhone; CPU iPhone OS 17_2 like Mac OS X) AppleWebKit/605.1.15 (KHTML, like Gecko) Version/17.2 Mobile/15E148 Safari/604.1"
66.249.68.68 - - [09/Sep/2026:07:39:53 -0600] "GET /category/%D9%81%D8%B1%D9%87%D9%86%DA%AF-%D9%88-%D8%A7%D8%AF%D8%A8/ HTTP/1.1" 200 173729 "https://ariapress.org/%D8%AA%D9%86%DB%8C%D9%80%D8%AF%D9%87-%DB%8C%D8%A7%D8%AF%D9%90-%D8%AA%D9%88-%D8%AF%D8%B1-%D8%AA%D8%A7%D8%B1-%D9%88-%D9%BE%D9%80%D9%88%D8%AF%D9%85-%D9%85%DB%8C%D9%80%D9%87%D9%86-%D8%A7%DB%8C-%D9%85/" "Mozilla/5.0 (Linux; Android 6.0.1; Nexus 5X Build/MMB29P) AppleWebKit/537.36 (KHTML, like Gecko) Chrome/152.0.7977.64 Mobile Safari/537.36 (compatible; Googlebot/2.1; +http://www.google.com/bot.html)"
103.253.27.34 - - [09/Sep/2026:07:39:55 -0600] "GET /backup/alfacgiapi/perl.alfa HTTP/1.1" 404 136107 "-" "Mozilla/5.0 (iPhone; CPU iPhone OS 17_2 like Mac OS X) AppleWebKit/605.1.15 (KHTML, like Gecko) Version/17.2 Mobile/15E148 Safari/604.1"
162.240.68.55 - - [09/Sep/2026:07:40:00 -0600] "POST /wp-cron.php?doing_wp_cron=1788961200.8948431015014648437500 HTTP/1.1" 200 - "-" "WordPress/7.1; https://ariapress.org"
103.253.27.34 - - [09/Sep/2026:07:39:58 -0600] "GET /backup/alfacgiapi/bash.alfa HTTP/1.1" 404 136107 "-" "Mozilla/5.0 (iPhone; CPU iPhone OS 17_2 like Mac OS X) AppleWebKit/605.1.15 (KHTML, like Gecko) Version/17.2 Mobile/15E148 Safari/604.1"
103.253.27.34 - - [09/Sep/2026:07:40:01 -0600] "GET /backup/alfacgiapi/py.alfa HTTP/1.1" 404 136093 "-" "Mozilla/5.0 (iPhone; CPU iPhone OS 17_2 like Mac OS X) AppleWebKit/605.1.15 (KHTML, like Gecko) Version/17.2 Mobile/15E148 Safari/604.1"
66.249.68.68 - - [09/Sep/2026:07:40:04 -0600] "GET /%D9%85%D8%B9%D8%B1%D9%81%DB%8C-%D8%B1%D8%B3%D8%A7%D9%84%D9%87%D8%A7%DB%8C-%D9%88%D8%A7%DA%98%D9%87%D9%87%D8%A7%DB%8C-%D9%85%D8%AE%D8%B5%D9%88%D8%B5-%D9%BE%D9%86%D8%AC%D8%B4%DB%8C/ HTTP/1.1" 200 203031 "https://ariapress.org/%D8%AA%D9%86%DB%8C%D9%80%D8%AF%D9%87-%DB%8C%D8%A7%D8%AF%D9%90-%D8%AA%D9%88-%D8%AF%D8%B1-%D8%AA%D8%A7%D8%B1-%D9%88-%D9%BE%D9%80%D9%88%D8%AF%D9%85-%D9%85%DB%8C%D9%80%D9%87%D9%86-%D8%A7%DB%8C-%D9%85/" "Mozilla/5.0 (Linux; Android 6.0.1; Nexus 5X Build/MMB29P) AppleWebKit/537.36 (KHTML, like Gecko) Chrome/152.0.7977.64 Mobile Safari/537.36 (compatible; Googlebot/2.1; +http://www.google.com/bot.html)"
103.253.27.34 - - [09/Sep/2026:07:40:05 -0600] "GET /backup/ALFA_DATA/alfacgiapi/perl.alfa HTTP/1.1" 404 136183 "-" "Mozilla/5.0 (iPhone; CPU iPhone OS 17_2 like Mac OS X) AppleWebKit/605.1.15 (KHTML, like Gecko) Version/17.2 Mobile/15E148 Safari/604.1"
66.249.68.69 - - [09/Sep/2026:07:40:07 -0600] "GET /%D9%86%D8%A7%DA%A9%D8%A7%D9%85%DB%8C-%D8%B3%D8%A7%D8%B2%D9%85%D8%A7%D9%86-%D9%85%D9%84%D9%84-%D8%AF%D8%B1-%D9%BE%D8%A7%DB%8C%D8%A8%D9%86%D8%AF%DB%8C-%D8%A8%D9%87-%D8%A7%D8%B5%D9%88%D9%84-%D9%88-%D9%BE/ HTTP/1.1" 200 230637 "https://ariapress.org/%D8%AA%D9%86%DB%8C%D9%80%D8%AF%D9%87-%DB%8C%D8%A7%D8%AF%D9%90-%D8%AA%D9%88-%D8%AF%D8%B1-%D8%AA%D8%A7%D8%B1-%D9%88-%D9%BE%D9%80%D9%88%D8%AF%D9%85-%D9%85%DB%8C%D9%80%D9%87%D9%86-%D8%A7%DB%8C-%D9%85/" "Mozilla/5.0 (Linux; Android 6.0.1; Nexus 5X Build/MMB29P) AppleWebKit/537.36 (KHTML, like Gecko) Chrome/152.0.7977.64 Mobile Safari/537.36 (compatible; Googlebot/2.1; +http://www.google.com/bot.html)"
103.253.27.34 - - [09/Sep/2026:07:40:09 -0600] "GET /backup/ALFA_DATA/alfacgiapi/bash.alfa HTTP/1.1" 404 136183 "-" "Mozilla/5.0 (iPhone; CPU iPhone OS 17_2 like Mac OS X) AppleWebKit/605.1.15 (KHTML, like Gecko) Version/17.2 Mobile/15E148 Safari/604.1"
103.253.27.34 - - [09/Sep/2026:07:40:12 -0600] "GET /backup/ALFA_DATA/alfacgiapi/py.alfa HTTP/1.1" 404 136169 "-" "Mozilla/5.0 (iPhone; CPU iPhone OS 17_2 like Mac OS X) AppleWebKit/605.1.15 (KHTML, like Gecko) Version/17.2 Mobile/15E148 Safari/604.1"
103.253.27.34 - - [09/Sep/2026:07:40:15 -0600] "GET /fffm.php HTTP/1.1" 404 135903 "-" "Mozilla/5.0 (iPhone; CPU iPhone OS 17_2 like Mac OS X) AppleWebKit/605.1.15 (KHTML, like Gecko) Version/17.2 Mobile/15E148 Safari/604.1"
103.253.27.34 - - [09/Sep/2026:07:40:19 -0600] "GET /0a.php HTTP/1.1" 404 135889 "-" "Mozilla/5.0 (iPhone; CPU iPhone OS 17_2 like Mac OS X) AppleWebKit/605.1.15 (KHTML, like Gecko) Version/17.2 Mobile/15E148 Safari/604.1"
103.253.27.34 - - [09/Sep/2026:07:40:22 -0600] "GET /0k.php HTTP/1.1" 404 135889 "-" "Mozilla/5.0 (iPhone; CPU iPhone OS 17_2 like Mac OS X) AppleWebKit/605.1.15 (KHTML, like Gecko) Version/17.2 Mobile/15E148 Safari/604.1"
103.253.27.34 - - [09/Sep/2026:07:40:26 -0600] "GET /oks.php HTTP/1.1" 404 135896 "-" "Mozilla/5.0 (iPhone; CPU iPhone OS 17_2 like Mac OS X) AppleWebKit/605.1.15 (KHTML, like Gecko) Version/17.2 Mobile/15E148 Safari/604.1"
103.253.27.34 - - [09/Sep/2026:07:40:29 -0600] "GET /foxx.php HTTP/1.1" 404 135903 "-" "Mozilla/5.0 (iPhone; CPU iPhone OS 17_2 like Mac OS X) AppleWebKit/605.1.15 (KHTML, like Gecko) Version/17.2 Mobile/15E148 Safari/604.1"
103.253.27.34 - - [09/Sep/2026:07:40:32 -0600] "GET /ngok.php HTTP/1.1" 404 135903 "-" "Mozilla/5.0 (iPhone; CPU iPhone OS 17_2 like Mac OS X) AppleWebKit/605.1.15 (KHTML, like Gecko) Version/17.2 Mobile/15E148 Safari/604.1"
103.253.27.34 - - [09/Sep/2026:07:40:35 -0600] "GET /bala.php HTTP/1.1" 404 135903 "-" "Mozilla/5.0 (iPhone; CPU iPhone OS 17_2 like Mac OS X) AppleWebKit/605.1.15 (KHTML, like Gecko) Version/17.2 Mobile/15E148 Safari/604.1"
162.240.68.55 - - [09/Sep/2026:07:40:41 -0600] "POST /wp-cron.php?doing_wp_cron=1788961241.3561720848083496093750 HTTP/1.1" 200 - "-" "WordPress/7.1; https://ariapress.org"
103.253.27.34 - - [09/Sep/2026:07:40:39 -0600] "GET /Chitoge.php HTTP/1.1" 404 135924 "-" "Mozilla/5.0 (iPhone; CPU iPhone OS 17_2 like Mac OS X) AppleWebKit/605.1.15 (KHTML, like Gecko) Version/17.2 Mobile/15E148 Safari/604.1"
103.253.27.34 - - [09/Sep/2026:07:40:42 -0600] "GET /ryukz.php HTTP/1.1" 404 135910 "-" "Mozilla/5.0 (iPhone; CPU iPhone OS 17_2 like Mac OS X) AppleWebKit/605.1.15 (KHTML, like Gecko) Version/17.2 Mobile/15E148 Safari/604.1"
103.253.27.34 - - [09/Sep/2026:07:40:45 -0600] "GET /erere.php HTTP/1.1" 404 135910 "-" "Mozilla/5.0 (iPhone; CPU iPhone OS 17_2 like Mac OS X) AppleWebKit/605.1.15 (KHTML, like Gecko) Version/17.2 Mobile/15E148 Safari/604.1"
103.253.27.34 - - [09/Sep/2026:07:40:49 -0600] "GET /filem.php HTTP/1.1" 404 135910 "-" "Mozilla/5.0 (iPhone; CPU iPhone OS 17_2 like Mac OS X) AppleWebKit/605.1.15 (KHTML, like Gecko) Version/17.2 Mobile/15E148 Safari/604.1"
103.253.27.34 - - [09/Sep/2026:07:40:52 -0600] "GET /baal.php HTTP/1.1" 404 135903 "-" "Mozilla/5.0 (iPhone; CPU iPhone OS 17_2 like Mac OS X) AppleWebKit/605.1.15 (KHTML, like Gecko) Version/17.2 Mobile/15E148 Safari/604.1"
103.253.27.34 - - [09/Sep/2026:07:40:55 -0600] "GET /bibi.php HTTP/1.1" 404 135903 "-" "Mozilla/5.0 (iPhone; CPU iPhone OS 17_2 like Mac OS X) AppleWebKit/605.1.15 (KHTML, like Gecko) Version/17.2 Mobile/15E148 Safari/604.1"
162.240.68.55 - - [09/Sep/2026:07:41:01 -0600] "POST /wp-cron.php?doing_wp_cron=1788961261.3769969940185546875000 HTTP/1.1" 200 - "-" "WordPress/7.1; https://ariapress.org"
103.253.27.34 - - [09/Sep/2026:07:40:58 -0600] "GET /sz.php HTTP/1.1" 404 135889 "-" "Mozilla/5.0 (iPhone; CPU iPhone OS 17_2 like Mac OS X) AppleWebKit/605.1.15 (KHTML, like Gecko) Version/17.2 Mobile/15E148 Safari/604.1"
103.253.27.34 - - [09/Sep/2026:07:41:02 -0600] "GET /rdp.php HTTP/1.1" 404 135896 "-" "Mozilla/5.0 (iPhone; CPU iPhone OS 17_2 like Mac OS X) AppleWebKit/605.1.15 (KHTML, like Gecko) Version/17.2 Mobile/15E148 Safari/604.1"
103.253.27.34 - - [09/Sep/2026:07:41:05 -0600] "GET /wawe.php HTTP/1.1" 404 135903 "-" "Mozilla/5.0 (iPhone; CPU iPhone OS 17_2 like Mac OS X) AppleWebKit/605.1.15 (KHTML, like Gecko) Version/17.2 Mobile/15E148 Safari/604.1"
103.253.27.34 - - [09/Sep/2026:07:41:09 -0600] "GET /v1.php HTTP/1.1" 404 135889 "-" "Mozilla/5.0 (iPhone; CPU iPhone OS 17_2 like Mac OS X) AppleWebKit/605.1.15 (KHTML, like Gecko) Version/17.2 Mobile/15E148 Safari/604.1"
103.253.27.34 - - [09/Sep/2026:07:41:12 -0600] "GET /wp-content/plugins/fp/service.php HTTP/1.1" 404 136155 "-" "Mozilla/5.0 (iPhone; CPU iPhone OS 17_2 like Mac OS X) AppleWebKit/605.1.15 (KHTML, like Gecko) Version/17.2 Mobile/15E148 Safari/604.1"
103.253.27.34 - - [09/Sep/2026:07:41:15 -0600] "GET /wp-content/plugins/fp/uploader.php HTTP/1.1" 404 136162 "-" "Mozilla/5.0 (iPhone; CPU iPhone OS 17_2 like Mac OS X) AppleWebKit/605.1.15 (KHTML, like Gecko) Version/17.2 Mobile/15E148 Safari/604.1"
103.253.27.34 - - [09/Sep/2026:07:41:18 -0600] "GET /wp-content/plugins/fp/ee.php HTTP/1.1" 404 136120 "-" "Mozilla/5.0 (iPhone; CPU iPhone OS 17_2 like Mac OS X) AppleWebKit/605.1.15 (KHTML, like Gecko) Version/17.2 Mobile/15E148 Safari/604.1"
103.253.27.34 - - [09/Sep/2026:07:41:21 -0600] "GET /UCEN.php HTTP/1.1" 404 135903 "-" "Mozilla/5.0 (iPhone; CPU iPhone OS 17_2 like Mac OS X) AppleWebKit/605.1.15 (KHTML, like Gecko) Version/17.2 Mobile/15E148 Safari/604.1"
103.253.27.34 - - [09/Sep/2026:07:41:24 -0600] "GET /wp-2018.php HTTP/1.1" 404 135924 "-" "Mozilla/5.0 (iPhone; CPU iPhone OS 17_2 like Mac OS X) AppleWebKit/605.1.15 (KHTML, like Gecko) Version/17.2 Mobile/15E148 Safari/604.1"
66.249.68.70 - - [09/Sep/2026:07:41:28 -0600] "GET /wp-content/uploads/2024/03/8March-390x220.jpg HTTP/1.1" 304 - "-" "Googlebot-Image/1.0"
103.253.27.34 - - [09/Sep/2026:07:41:28 -0600] "GET /js.php HTTP/1.1" 404 135889 "-" "Mozilla/5.0 (iPhone; CPU iPhone OS 17_2 like Mac OS X) AppleWebKit/605.1.15 (KHTML, like Gecko) Version/17.2 Mobile/15E148 Safari/604.1"
103.253.27.34 - - [09/Sep/2026:07:41:31 -0600] "GET /wp_blog.php HTTP/1.1" 404 135924 "-" "Mozilla/5.0 (iPhone; CPU iPhone OS 17_2 like Mac OS X) AppleWebKit/605.1.15 (KHTML, like Gecko) Version/17.2 Mobile/15E148 Safari/604.1"
103.253.27.34 - - [09/Sep/2026:07:41:34 -0600] "GET /dus.php HTTP/1.1" 404 135896 "-" "Mozilla/5.0 (iPhone; CPU iPhone OS 17_2 like Mac OS X) AppleWebKit/605.1.15 (KHTML, like Gecko) Version/17.2 Mobile/15E148 Safari/604.1"
162.240.68.55 - - [09/Sep/2026:07:41:40 -0600] "POST /wp-cron.php?doing_wp_cron=1788961300.4498620033264160156250 HTTP/1.1" 200 - "-" "WordPress/7.1; https://ariapress.org"
103.253.27.34 - - [09/Sep/2026:07:41:37 -0600] "GET /imp.php HTTP/1.1" 404 135896 "-" "Mozilla/5.0 (iPhone; CPU iPhone OS 17_2 like Mac OS X) AppleWebKit/605.1.15 (KHTML, like Gecko) Version/17.2 Mobile/15E148 Safari/604.1"
162.240.68.55 - - [09/Sep/2026:07:41:42 -0600] "POST /wp-cron.php?doing_wp_cron=1788961302.5026140213012695312500 HTTP/1.1" 200 - "-" "WordPress/7.1; https://ariapress.org"
103.253.27.34 - - [09/Sep/2026:07:41:41 -0600] "GET /wp-activate.php HTTP/1.1" 302 - "-" "Mozilla/5.0 (iPhone; CPU iPhone OS 17_2 like Mac OS X) AppleWebKit/605.1.15 (KHTML, like Gecko) Version/17.2 Mobile/15E148 Safari/604.1"
103.253.27.34 - - [09/Sep/2026:07:41:42 -0600] "GET /lufix.php HTTP/1.1" 404 135910 "-" "Mozilla/5.0 (iPhone; CPU iPhone OS 17_2 like Mac OS X) AppleWebKit/605.1.15 (KHTML, like Gecko) Version/17.2 Mobile/15E148 Safari/604.1"
